{"id":11170,"date":"2018-02-22T20:13:21","date_gmt":"2018-02-22T19:13:21","guid":{"rendered":"http:\/\/www.vuesdenface.com\/web\/?page_id=11170"},"modified":"2018-02-24T15:06:35","modified_gmt":"2018-02-24T14:06:35","slug":"prix-public-2018","status":"publish","type":"page","link":"https:\/\/www.vuesdenface.com\/web\/edition\/edition-18\/prix-public-2018\/","title":{"rendered":"Prix du public 2018"},"content":{"rendered":"<p style=\"text-align: center;\">Vous avez \u00e9t\u00e9 tr\u00e8s nombreuses et nombreux \u00e0 participer aux votes pour d\u00e9signer le Prix du Public 2018, dont voici les r\u00e9sultats :<\/p>\n<p style=\"text-align: center;\"><br><p>Le prix du public n'a pas encore \u00e9t\u00e9 d\u00e9sign\u00e9.<br>Il sera annonc\u00e9 \u00e0 la fin du festival.<\/p><br>\n<p><img loading=\"lazy\" decoding=\"async\" src=\"http:\/\/www.vuesdenface.com\/web\/wp-content\/uploads\/2018\/02\/VDF-Hello-Asso-1-600x300.jpg\" alt=\"\" width=\"600\" height=\"300\" class=\"aligncenter size-full wp-image-11081\" srcset=\"https:\/\/www.vuesdenface.com\/web\/wp-content\/uploads\/2018\/02\/VDF-Hello-Asso-1-600x300.jpg 600w, https:\/\/www.vuesdenface.com\/web\/wp-content\/uploads\/2018\/02\/VDF-Hello-Asso-1-600x300-300x150.jpg 300w, https:\/\/www.vuesdenface.com\/web\/wp-content\/uploads\/2018\/02\/VDF-Hello-Asso-1-600x300-210x105.jpg 210w\" sizes=\"auto, (max-width: 600px) 100vw, 600px\" \/><\/p>\n","protected":false},"excerpt":{"rendered":"<p>ceci est un extrait <a class=\"readmore\" href=\"https:\/\/www.vuesdenface.com\/web\/edition\/edition-18\/prix-public-2018\/\">Continuer la lecture &rarr;<\/a><\/p>\n","protected":false},"author":1,"featured_media":11163,"parent":11167,"menu_order":3,"comment_status":"closed","ping_status":"closed","template":"","meta":{"footnotes":""},"class_list":["post-11170","page","type-page","status-publish","has-post-thumbnail","hentry","numero_edition-edition-18"],"_links":{"self":[{"href":"https:\/\/www.vuesdenface.com\/web\/wp-json\/wp\/v2\/pages\/11170","targetHints":{"allow":["GET"]}}],"collection":[{"href":"https:\/\/www.vuesdenface.com\/web\/wp-json\/wp\/v2\/pages"}],"about":[{"href":"https:\/\/www.vuesdenface.com\/web\/wp-json\/wp\/v2\/types\/page"}],"author":[{"embeddable":true,"href":"https:\/\/www.vuesdenface.com\/web\/wp-json\/wp\/v2\/users\/1"}],"replies":[{"embeddable":true,"href":"https:\/\/www.vuesdenface.com\/web\/wp-json\/wp\/v2\/comments?post=11170"}],"version-history":[{"count":3,"href":"https:\/\/www.vuesdenface.com\/web\/wp-json\/wp\/v2\/pages\/11170\/revisions"}],"predecessor-version":[{"id":11273,"href":"https:\/\/www.vuesdenface.com\/web\/wp-json\/wp\/v2\/pages\/11170\/revisions\/11273"}],"up":[{"embeddable":true,"href":"https:\/\/www.vuesdenface.com\/web\/wp-json\/wp\/v2\/pages\/11167"}],"wp:featuredmedia":[{"embeddable":true,"href":"https:\/\/www.vuesdenface.com\/web\/wp-json\/wp\/v2\/media\/11163"}],"wp:attachment":[{"href":"https:\/\/www.vuesdenface.com\/web\/wp-json\/wp\/v2\/media?parent=11170"}],"curies":[{"name":"wp","href":"https:\/\/api.w.org\/{rel}","templated":true}]}}

<p style="text-align: center;">Vous avez été très nombreuses et nombreux à participer aux votes pour désigner le Prix du Public 2018, dont voici les résultats :</p>
<p style="text-align: center;"><br><p>Le prix du public n'a pas encore été désigné.<br>Il sera annoncé à la fin du festival.</p><br>
<p><img loading="lazy" decoding="async" src="http://www.vuesdenface.com/web/wp-content/uploads/2018/02/VDF-Hello-Asso-1-600x300.jpg" alt="" width="600" height="300" class="aligncenter size-full wp-image-11081" srcset="https://www.vuesdenface.com/web/wp-content/uploads/2018/02/VDF-Hello-Asso-1-600x300.jpg 600w, https://www.vuesdenface.com/web/wp-content/uploads/2018/02/VDF-Hello-Asso-1-600x300-300x150.jpg 300w, https://www.vuesdenface.com/web/wp-content/uploads/2018/02/VDF-Hello-Asso-1-600x300-210x105.jpg 210w" sizes="auto, (max-width: 600px) 100vw, 600px" /></p>
