{"id":12626,"date":"2020-03-08T19:57:08","date_gmt":"2020-03-08T18:57:08","guid":{"rendered":"https:\/\/www.vuesdenface.com\/web\/?page_id=12626"},"modified":"2020-03-08T20:12:33","modified_gmt":"2020-03-08T19:12:33","slug":"remerciements-2020","status":"publish","type":"page","link":"https:\/\/www.vuesdenface.com\/web\/edition\/edition-20\/remerciements-2020\/","title":{"rendered":"Remerciements 2020"},"content":{"rendered":"<p>L\u2019\u00e9quipe du Festival remercie :<\/p>\n<p>Le Conseil D\u00e9partemental de l\u2019Is\u00e8re,<\/p>\n<p>La Ville de Grenoble,<br \/>\nLa Direction des Affaires Culturelles,<br \/>\nLe Service Communication,<br \/>\nLa mission \u00c9galit\u00e9 des droits,<\/p>\n<p>Grenoble Alpes M\u00e9tropole (la M\u00e9tro),<\/p>\n<p>Syndicat Mixte des Mobilit\u00e9s de l&rsquo;Aire Grenobloise,<\/p>\n<p>Le Cin\u00e9ma Le Club de Grenoble,<\/p>\n<p>Les Biblioth\u00e8ques Municipales de Grenoble, Centre-Ville et Kateb Yacine,<\/p>\n<p>La Cin\u00e9math\u00e8que de Grenoble,<\/p>\n<p>Le Cin\u00e9-Club de Grenoble,<\/p>\n<p>Grenoble Universit\u00e9,<\/p>\n<p>l\u2019ESAD, \u00c9cole Sup\u00e9rieure d\u2019Art et Design,<\/p>\n<p>SUPCREA Grenoble,<br \/>\nLes \u00e9tudiants Design Graphique 2 pour les projets d&rsquo;affiches,<\/p>\n<p>Le festival Ojo Loco,<br \/>\nL&rsquo;association Fa Sol Latino,<\/p>\n<p>L&rsquo;association Dolce Cinema,<\/p>\n<p>Le Festival Connexion,<\/p>\n<p>Le centre LGBTI+ et les associations membres,<\/p>\n<p>La Maison d&rsquo;\u00c9dition d&rsquo;Id\u00e9es,<br \/>\nLa Librairie Les Modernes,<\/p>\n<p>L&rsquo;at\u00e9lier du 8,<\/p>\n<p>Le Midi-Minuit,<\/p>\n<p>Les commer\u00e7ants et annonceurs,<br \/>\npartenaires du Festival,<\/p>\n<p>Les invit\u00e9es et invit\u00e9s qui sont venus \u00e0 la rencontre du public de Vues d&rsquo;en face,<\/p>\n<p>Tou-te-s les r\u00e9alisateurs et r\u00e9alisatrices, producteurs et productrices, festivals,<br \/>\ndistributeurs et distributrices, acteurs et actrices sans qui rien n\u2019aurait \u00e9t\u00e9 possible !<\/p>\n","protected":false},"excerpt":{"rendered":"<p>ceci est un extrait <a class=\"readmore\" href=\"https:\/\/www.vuesdenface.com\/web\/edition\/edition-20\/remerciements-2020\/\">Continuer la lecture &rarr;<\/a><\/p>\n","protected":false},"author":1,"featured_media":0,"parent":12618,"menu_order":8,"comment_status":"closed","ping_status":"closed","template":"","meta":{"footnotes":""},"class_list":["post-12626","page","type-page","status-publish","hentry"],"_links":{"self":[{"href":"https:\/\/www.vuesdenface.com\/web\/wp-json\/wp\/v2\/pages\/12626","targetHints":{"allow":["GET"]}}],"collection":[{"href":"https:\/\/www.vuesdenface.com\/web\/wp-json\/wp\/v2\/pages"}],"about":[{"href":"https:\/\/www.vuesdenface.com\/web\/wp-json\/wp\/v2\/types\/page"}],"author":[{"embeddable":true,"href":"https:\/\/www.vuesdenface.com\/web\/wp-json\/wp\/v2\/users\/1"}],"replies":[{"embeddable":true,"href":"https:\/\/www.vuesdenface.com\/web\/wp-json\/wp\/v2\/comments?post=12626"}],"version-history":[{"count":5,"href":"https:\/\/www.vuesdenface.com\/web\/wp-json\/wp\/v2\/pages\/12626\/revisions"}],"predecessor-version":[{"id":12704,"href":"https:\/\/www.vuesdenface.com\/web\/wp-json\/wp\/v2\/pages\/12626\/revisions\/12704"}],"up":[{"embeddable":true,"href":"https:\/\/www.vuesdenface.com\/web\/wp-json\/wp\/v2\/pages\/12618"}],"wp:attachment":[{"href":"https:\/\/www.vuesdenface.com\/web\/wp-json\/wp\/v2\/media?parent=12626"}],"curies":[{"name":"wp","href":"https:\/\/api.w.org\/{rel}","templated":true}]}}

<p>L’équipe du Festival remercie :</p>
<p>Le Conseil Départemental de l’Isère,</p>
<p>La Ville de Grenoble,<br />
La Direction des Affaires Culturelles,<br />
Le Service Communication,<br />
La mission Égalité des droits,</p>
<p>Grenoble Alpes Métropole (la Métro),</p>
<p>Syndicat Mixte des Mobilités de l&rsquo;Aire Grenobloise,</p>
<p>Le Cinéma Le Club de Grenoble,</p>
<p>Les Bibliothèques Municipales de Grenoble, Centre-Ville et Kateb Yacine,</p>
<p>La Cinémathèque de Grenoble,</p>
<p>Le Ciné-Club de Grenoble,</p>
<p>Grenoble Université,</p>
<p>l’ESAD, École Supérieure d’Art et Design,</p>
<p>SUPCREA Grenoble,<br />
Les étudiants Design Graphique 2 pour les projets d&rsquo;affiches,</p>
<p>Le festival Ojo Loco,<br />
L&rsquo;association Fa Sol Latino,</p>
<p>L&rsquo;association Dolce Cinema,</p>
<p>Le Festival Connexion,</p>
<p>Le centre LGBTI+ et les associations membres,</p>
<p>La Maison d&rsquo;Édition d&rsquo;Idées,<br />
La Librairie Les Modernes,</p>
<p>L&rsquo;atélier du 8,</p>
<p>Le Midi-Minuit,</p>
<p>Les commerçants et annonceurs,<br />
partenaires du Festival,</p>
<p>Les invitées et invités qui sont venus à la rencontre du public de Vues d&rsquo;en face,</p>
<p>Tou-te-s les réalisateurs et réalisatrices, producteurs et productrices, festivals,<br />
distributeurs et distributrices, acteurs et actrices sans qui rien n’aurait été possible !</p>
