{"id":13089,"date":"2021-05-03T18:23:41","date_gmt":"2021-05-03T17:23:41","guid":{"rendered":"https:\/\/www.vuesdenface.com\/web\/edition\/edition-21\/"},"modified":"2022-09-16T22:19:51","modified_gmt":"2022-09-16T21:19:51","slug":"edition-21","status":"publish","type":"page","link":"https:\/\/www.vuesdenface.com\/web\/edition\/edition-21\/","title":{"rendered":"\u00c9dition 21 \u2022 \u00c9ditorial"},"content":{"rendered":"\n\n\n<p><img loading=\"lazy\" decoding=\"async\" class=\"alignleft size-medium wp-image-13273\" src=\"https:\/\/www.vuesdenface.com\/web\/wp-content\/uploads\/2021\/08\/Affiche-VDEF-2021-A3-rose-212x300.jpg\" alt=\"\" width=\"212\" height=\"300\" srcset=\"https:\/\/www.vuesdenface.com\/web\/wp-content\/uploads\/2021\/08\/Affiche-VDEF-2021-A3-rose-212x300.jpg 212w, https:\/\/www.vuesdenface.com\/web\/wp-content\/uploads\/2021\/08\/Affiche-VDEF-2021-A3-rose-724x1024.jpg 724w, https:\/\/www.vuesdenface.com\/web\/wp-content\/uploads\/2021\/08\/Affiche-VDEF-2021-A3-rose-1086x1536.jpg 1086w, https:\/\/www.vuesdenface.com\/web\/wp-content\/uploads\/2021\/08\/Affiche-VDEF-2021-A3-rose-1448x2048.jpg 1448w, https:\/\/www.vuesdenface.com\/web\/wp-content\/uploads\/2021\/08\/Affiche-VDEF-2021-A3-rose-148x210.jpg 148w, https:\/\/www.vuesdenface.com\/web\/wp-content\/uploads\/2021\/08\/Affiche-VDEF-2021-A3-rose-1320x1867.jpg 1320w, https:\/\/www.vuesdenface.com\/web\/wp-content\/uploads\/2021\/08\/Affiche-VDEF-2021-A3-rose-scaled.jpg 1810w\" sizes=\"auto, (max-width: 212px) 100vw, 212px\" \/><\/p>\n\n\n\n<div class=\"page\" title=\"Page 2\">\n<div class=\"section\">\n<div class=\"layoutArea\">\n<div class=\"column\">\n<div class=\"page\" title=\"Page 2\">\n<div class=\"section\">\n<div class=\"layoutArea\">\n<div class=\"column\">\n<p data-wp-editing=\"1\">En ces temps compliqu\u00e9s, Vues d\u2019en Face avait report\u00e9 son \u00e9dition pr\u00e9c\u00e9dente \u00e0 l\u2019automne 2020. Ce changement a donn\u00e9 au festival un nouveau souffle dont nous avons pris profit pour cette ann\u00e9e encore. Nous restons plus motiv\u00e9s que jamais et nous esp\u00e9rons vous voir aussi nombreux qu\u2019en 2020.<\/p>\n<p>Cette \u00e9dition est exceptionnelle \u00e0 bien des \u00e9gards. Elle comptera cinq avant-premi\u00e8res et pas des moindres. Nous avons voulu vous proposer des films qui traitent des enjeux importants de la soci\u00e9t\u00e9 d\u2019aujourd\u2019hui port\u00e9s par d\u2019\u00e9mouvantes histoires d\u2019amour. Toutes s\u2019inscrivent dans un contexte social, historique ou politique. Drame, com\u00e9die dramatique, romance, documentaire ou film historique, tous nous questionnent. L\u2019ouverture du Festival se fera avec A GOOD MAN en pr\u00e9sence de la r\u00e9alisatrice Marie- Castille Mention-Scharr. Parcours singulier d\u2019un couple o\u00f9 l\u2019homme trans choisit de porter l\u2019enfant d\u00e9sir\u00e9, ce film porte un regard neuf et tendre sur un \u00eatre qui construit avec courage sa vie. Il est interpr\u00e9t\u00e9 admirablement par No\u00e9mie Merlant. La cl\u00f4ture sera elle aussi une avant-premi\u00e8re et nous sommes particuli\u00e8rement heureux et fiers de vous proposer LA FRACTURE de Catherine Corsini, un film r\u00e9solument contemporain et queer, plein de verve et d\u2019humour qui vient d\u2019obtenir la Queer Palm \u00e0 Cannes. L\u00e0 aussi vous serez subjugu\u00e9s par le jeu de Val\u00e9ria Bruni-Tedeschi et Marina Fo\u00cfs.<\/p>\n<p>Et, entre les deux, que des p\u00e9pites : un film lituanien pour la s\u00e9ance du samedi soir vous permettra de rencontrer le jeune r\u00e9alisateur de TOMBER POUR ALI, qui nous raconte l\u2019amour entre un brillant avocat et un jeune r\u00e9fugi\u00e9 syrien. Juste avant, Laetitia Casta et le tout jeune Luc Bruchez, dans une campagne br\u00fbl\u00e9e par la canicule, nous font vivre avec LE MILIEU DE L\u2019HORIZON, le d\u00e9chirement d\u2019une famille rurale confront\u00e9e \u00e0 l\u2019\u00e9mancipation in\u00e9luctable d\u2019une m\u00e8re amoureuse d\u2019une femme libre.<\/p>\n<p>Et puis VENT CHAUD le vendredi, film \u00e9rotique tr\u00e8s cru \u00e0 l\u2019esth\u00e9tique remarquable en r\u00e9jouira nombre d\u2019entre vous. Le th\u00e8me de l\u2019homoparentalit\u00e9 dans un Br\u00e9sil qui vit des jours sombres sera au c\u0153ur de \u00c0 NOS ENFANTS le m\u00eame soir. Il nous reste \u00e0 vous parler d\u2019AMMONITE, superbe \u0153uvre historique qui va vous enflammer comme la relation passionn\u00e9e que vivent ses deux h\u00e9ro\u00efnes. Enfin, pour terminer, ne manquez pas le lumineux NO HARD FEELINGS (le monde est \u00e0 nous), laur\u00e9at du Teddy Award \u00e0 la Berlinale 2020.<\/p>\n<p>Un petit conseil, prenez directement une carte 6 places du Cin\u00e9ma Le Club, elle vous sera n\u00e9cessaire pour profiter pleinement de cette \u00e9dition. Et n\u2019oubliez pas les s\u00e9ances en partenariat avec les Biblioth\u00e8ques Municipales et le Cin\u00e9club : ALWAYS AMBER, un documentaire qui ouvre tous les possibles, OLIVIA, un film du patrimoine de Jacqueline Audry avec l\u2019incomparable Edwige Feuill\u00e8re et une deuxi\u00e8me s\u00e9ance de courts m\u00e9trages en compl\u00e9ment de celle programm\u00e9e au Club qui vous promet de belles \u00e9motions.<\/p>\n<p>Bon Festival \u00e0 tous ! Nous nous r\u00e9jouissons de vous retrouver \u00e0 cette occasion. R\u00e9servez vos places au cin\u00e9ma Le Club, c\u2019est plus prudent !<\/p>\n<p>L&rsquo;\u00c9quipe de Vues d&rsquo;en face.<\/p>\n<\/div>\n<br\/><h2>Catalogue de l'\u00e9dition 21<hr class=\"no-margin-up-down\"><\/h2><figure class=\"grille-vignettes\"><a href=\"https:\/\/www.vuesdenface.com\/web\/wp-content\/uploads\/2021\/05\/catalogue_VDEF_2021_WEB.pdf\"><img loading=\"lazy\" decoding=\"async\" src=\"https:\/\/www.vuesdenface.com\/web\/wp-content\/vignettes-vdef\/2021\/05\/100x150\/catalogue_VDEF_2021_WEB.pdf-100x150.jpg\" width=\"100\" height=\"150\" class=\"photo-film\" alt=\"\" rel=\"\" title=\"Catalogue Vues d'en face 2021\"><\/a><figcaption><a href=\"https:\/\/www.vuesdenface.com\/web\/wp-content\/uploads\/2021\/05\/catalogue_VDEF_2021_WEB.pdf\">Catalogue Vues d'en face 2021&nbsp;&nbsp;&nbsp;&nbsp;&nbsp;<\/a><br\/>(pdf de 8.98 Mo)&nbsp;&nbsp;&nbsp;&nbsp;<\/figcaption><\/figure><div class=\"clear\"><\/br><\/div><br\/><h2>Clip de l'\u00e9dition 21<hr class=\"no-margin-up-down\"><\/h2><iframe loading=\"lazy\" src=\"https:\/\/player.vimeo.com\/video\/596834045?badge=0&autopause=0&player_id=0&app_id=58479&h=ab36cd2377\" width=\"640\" height=\"360\" frameborder=\"0\" allow=\"autoplay; fullscreen; picture-in-picture\" allowfullscreen title=\"Annonce Vues d'en face 2021\"><\/iframe><br \/><\/p>\n<div class=\"rubrique\"><div class=\"rubrique-icone\"><i class=\"fa  fa-lg\"><\/i><\/div><div class=\"rubrique-texte\">Quelques articles<br><\/div><hr><\/div><ul><li><a href=\"https:\/\/www.vuesdenface.com\/web\/edition\/edition-21\/\">Rejoignez l'\u00e9quipe Vues d'En Face!<\/a><\/li><li><a href=\"https:\/\/www.vuesdenface.com\/web\/edition\/edition-21\/\">Prix du Public 2021<\/a><\/li><li><a href=\"https:\/\/www.vuesdenface.com\/web\/edition\/edition-21\/\">Le Festival Vues d'en Face 2021 commence ce jeudi !<\/a><\/li><li><a href=\"https:\/\/www.vuesdenface.com\/web\/edition\/edition-21\/\">S\u00e9ances partenaires, d\u00e9couvrez les pr\u00e9ludes de la 21e \u00e9dition Vues d'En Face<\/a><\/li><li><a href=\"https:\/\/www.vuesdenface.com\/web\/edition\/edition-21\/\">Programme, Bande-annonce Vues d'En Face vous d\u00e9voile le contenu de sa 21e \u00e9dition<\/a><\/li><li><a href=\"https:\/\/www.vuesdenface.com\/web\/edition\/edition-21\/\">Retour en image sur le forum des associations 2021<\/a><\/li><\/ul>\n<\/div>\n<\/div>\n<\/div>\n<\/div>\n<\/div>\n<\/div>\n<\/div>\n","protected":false},"excerpt":{"rendered":"<p>ceci est un extrait <a class=\"readmore\" href=\"https:\/\/www.vuesdenface.com\/web\/edition\/edition-21\/\">Continuer la lecture &rarr;<\/a><\/p>\n","protected":false},"author":1,"featured_media":0,"parent":888,"menu_order":0,"comment_status":"closed","ping_status":"closed","template":"","meta":{"footnotes":""},"class_list":["post-13089","page","type-page","status-publish","hentry","numero_edition-edition-21"],"_links":{"self":[{"href":"https:\/\/www.vuesdenface.com\/web\/wp-json\/wp\/v2\/pages\/13089","targetHints":{"allow":["GET"]}}],"collection":[{"href":"https:\/\/www.vuesdenface.com\/web\/wp-json\/wp\/v2\/pages"}],"about":[{"href":"https:\/\/www.vuesdenface.com\/web\/wp-json\/wp\/v2\/types\/page"}],"author":[{"embeddable":true,"href":"https:\/\/www.vuesdenface.com\/web\/wp-json\/wp\/v2\/users\/1"}],"replies":[{"embeddable":true,"href":"https:\/\/www.vuesdenface.com\/web\/wp-json\/wp\/v2\/comments?post=13089"}],"version-history":[{"count":6,"href":"https:\/\/www.vuesdenface.com\/web\/wp-json\/wp\/v2\/pages\/13089\/revisions"}],"predecessor-version":[{"id":14734,"href":"https:\/\/www.vuesdenface.com\/web\/wp-json\/wp\/v2\/pages\/13089\/revisions\/14734"}],"up":[{"embeddable":true,"href":"https:\/\/www.vuesdenface.com\/web\/wp-json\/wp\/v2\/pages\/888"}],"wp:attachment":[{"href":"https:\/\/www.vuesdenface.com\/web\/wp-json\/wp\/v2\/media?parent=13089"}],"curies":[{"name":"wp","href":"https:\/\/api.w.org\/{rel}","templated":true}]}}

Édition 21 • Éditorial

<p><img loading="lazy" decoding="async" class="alignleft size-medium wp-image-13273" src="https://www.vuesdenface.com/web/wp-content/uploads/2021/08/Affiche-VDEF-2021-A3-rose-212x300.jpg" alt="" width="212" height="300" srcset="https://www.vuesdenface.com/web/wp-content/uploads/2021/08/Affiche-VDEF-2021-A3-rose-212x300.jpg 212w, https://www.vuesdenface.com/web/wp-content/uploads/2021/08/Affiche-VDEF-2021-A3-rose-724x1024.jpg 724w, https://www.vuesdenface.com/web/wp-content/uploads/2021/08/Affiche-VDEF-2021-A3-rose-1086x1536.jpg 1086w, https://www.vuesdenface.com/web/wp-content/uploads/2021/08/Affiche-VDEF-2021-A3-rose-1448x2048.jpg 1448w, https://www.vuesdenface.com/web/wp-content/uploads/2021/08/Affiche-VDEF-2021-A3-rose-148x210.jpg 148w, https://www.vuesdenface.com/web/wp-content/uploads/2021/08/Affiche-VDEF-2021-A3-rose-1320x1867.jpg 1320w, https://www.vuesdenface.com/web/wp-content/uploads/2021/08/Affiche-VDEF-2021-A3-rose-scaled.jpg 1810w" sizes="auto, (max-width: 212px) 100vw, 212px" /></p>



<div class="page" title="Page 2">
<div class="section">
<div class="layoutArea">
<div class="column">
<div class="page" title="Page 2">
<div class="section">
<div class="layoutArea">
<div class="column">
<p data-wp-editing="1">En ces temps compliqués, Vues d’en Face avait reporté son édition précédente à l’automne 2020. Ce changement a donné au festival un nouveau souffle dont nous avons pris profit pour cette année encore. Nous restons plus motivés que jamais et nous espérons vous voir aussi nombreux qu’en 2020.</p>
<p>Cette édition est exceptionnelle à bien des égards. Elle comptera cinq avant-premières et pas des moindres. Nous avons voulu vous proposer des films qui traitent des enjeux importants de la société d’aujourd’hui portés par d’émouvantes histoires d’amour. Toutes s’inscrivent dans un contexte social, historique ou politique. Drame, comédie dramatique, romance, documentaire ou film historique, tous nous questionnent. L’ouverture du Festival se fera avec A GOOD MAN en présence de la réalisatrice Marie- Castille Mention-Scharr. Parcours singulier d’un couple où l’homme trans choisit de porter l’enfant désiré, ce film porte un regard neuf et tendre sur un être qui construit avec courage sa vie. Il est interprété admirablement par Noémie Merlant. La clôture sera elle aussi une avant-première et nous sommes particulièrement heureux et fiers de vous proposer LA FRACTURE de Catherine Corsini, un film résolument contemporain et queer, plein de verve et d’humour qui vient d’obtenir la Queer Palm à Cannes. Là aussi vous serez subjugués par le jeu de Valéria Bruni-Tedeschi et Marina FoÏs.</p>
<p>Et, entre les deux, que des pépites : un film lituanien pour la séance du samedi soir vous permettra de rencontrer le jeune réalisateur de TOMBER POUR ALI, qui nous raconte l’amour entre un brillant avocat et un jeune réfugié syrien. Juste avant, Laetitia Casta et le tout jeune Luc Bruchez, dans une campagne brûlée par la canicule, nous font vivre avec LE MILIEU DE L’HORIZON, le déchirement d’une famille rurale confrontée à l’émancipation inéluctable d’une mère amoureuse d’une femme libre.</p>
<p>Et puis VENT CHAUD le vendredi, film érotique très cru à l’esthétique remarquable en réjouira nombre d’entre vous. Le thème de l’homoparentalité dans un Brésil qui vit des jours sombres sera au cœur de À NOS ENFANTS le même soir. Il nous reste à vous parler d’AMMONITE, superbe œuvre historique qui va vous enflammer comme la relation passionnée que vivent ses deux héroïnes. Enfin, pour terminer, ne manquez pas le lumineux NO HARD FEELINGS (le monde est à nous), lauréat du Teddy Award à la Berlinale 2020.</p>
<p>Un petit conseil, prenez directement une carte 6 places du Cinéma Le Club, elle vous sera nécessaire pour profiter pleinement de cette édition. Et n’oubliez pas les séances en partenariat avec les Bibliothèques Municipales et le Cinéclub : ALWAYS AMBER, un documentaire qui ouvre tous les possibles, OLIVIA, un film du patrimoine de Jacqueline Audry avec l’incomparable Edwige Feuillère et une deuxième séance de courts métrages en complément de celle programmée au Club qui vous promet de belles émotions.</p>
<p>Bon Festival à tous ! Nous nous réjouissons de vous retrouver à cette occasion. Réservez vos places au cinéma Le Club, c’est plus prudent !</p>
<p>L&rsquo;Équipe de Vues d&rsquo;en face.</p>
</div>
<br/><h2>Catalogue de l'édition 21<hr class="no-margin-up-down"></h2><figure class="grille-vignettes"><a href="https://www.vuesdenface.com/web/wp-content/uploads/2021/05/catalogue_VDEF_2021_WEB.pdf"><img loading="lazy" decoding="async" src="https://www.vuesdenface.com/web/wp-content/vignettes-vdef/2021/05/100x150/catalogue_VDEF_2021_WEB.pdf-100x150.jpg" width="100" height="150" class="photo-film" alt="" rel="" title="Catalogue Vues d'en face 2021"></a><figcaption><a href="https://www.vuesdenface.com/web/wp-content/uploads/2021/05/catalogue_VDEF_2021_WEB.pdf">Catalogue Vues d'en face 2021&nbsp;&nbsp;&nbsp;&nbsp;&nbsp;</a><br/>(pdf de 8.98 Mo)&nbsp;&nbsp;&nbsp;&nbsp;</figcaption></figure><div class="clear"></br></div><br/><h2>Clip de l'édition 21<hr class="no-margin-up-down"></h2><iframe loading="lazy" src="https://player.vimeo.com/video/596834045?badge=0&autopause=0&player_id=0&app_id=58479&h=ab36cd2377" width="640" height="360" frameborder="0" allow="autoplay; fullscreen; picture-in-picture" allowfullscreen title="Annonce Vues d'en face 2021"></iframe><br /></p>
<div class="rubrique"><div class="rubrique-icone"><i class="fa  fa-lg"></i></div><div class="rubrique-texte">Quelques articles<br></div><hr></div><ul><li><a href="https://www.vuesdenface.com/web/edition/edition-21/">Rejoignez l'équipe Vues d'En Face!</a></li><li><a href="https://www.vuesdenface.com/web/edition/edition-21/">Prix du Public 2021</a></li><li><a href="https://www.vuesdenface.com/web/edition/edition-21/">Le Festival Vues d'en Face 2021 commence ce jeudi !</a></li><li><a href="https://www.vuesdenface.com/web/edition/edition-21/">Séances partenaires, découvrez les préludes de la 21e édition Vues d'En Face</a></li><li><a href="https://www.vuesdenface.com/web/edition/edition-21/">Programme, Bande-annonce Vues d'En Face vous dévoile le contenu de sa 21e édition</a></li><li><a href="https://www.vuesdenface.com/web/edition/edition-21/">Retour en image sur le forum des associations 2021</a></li></ul>
</div>
</div>
</div>
</div>
</div>
</div>
</div>
