{"id":13533,"date":"2022-09-02T19:12:15","date_gmt":"2022-09-02T18:12:15","guid":{"rendered":"https:\/\/www.vuesdenface.com\/web\/?page_id=13533"},"modified":"2022-09-02T19:16:12","modified_gmt":"2022-09-02T18:16:12","slug":"informations-pratique-2022","status":"publish","type":"page","link":"https:\/\/www.vuesdenface.com\/web\/edition\/edition-22\/informations-pratique-2022\/","title":{"rendered":"Informations pratiques 2022"},"content":{"rendered":"<iframe loading=\"lazy\" src=\"https:\/\/player.vimeo.com\/video\/746661983?h=12716cfa28&amp;title=0&amp;byline=0&amp;portrait=0&amp;speed=0&amp;badge=0&amp;autopause=0&amp;player_id=0&amp;app_id=58479\" width=\"1920\" height=\"1080\" frameborder=\"0\" allow=\"autoplay; fullscreen; picture-in-picture\" allowfullscreen title=\"Vues d&amp;#039;en face 2022\"><\/iframe>\n<div class=\"page\" title=\"Page 3\">\n<div class=\"layoutArea\">\n<div class=\"column\">\n<p><strong>BILLETTERIE<\/strong><\/p>\n<p>Les billets pour les s\u00e9ances du festival sont \u00e0 acheter directement en caisse du Cin\u00e9ma Le Club. LYON<br \/>\nLes s\u00e9ances aux Biblioth\u00e8ques Municipales sont gratuites.<br \/>\nLes places pour la s\u00e9ance en partenariat avec le Cin\u00e9 Club de Grenoble sont \u00e0 acheter Salle Juliet Berto au tarif Cin\u00e9-Club.<\/p>\n<p>Tarifs au cin\u00e9ma Le Club :<\/p>\n<p>Plein tarif : 7,80 \u20ac la s\u00e9ance.<br \/>\nTarif r\u00e9duit : 6,80 \u20ac la s\u00e9ance (sur pr\u00e9sentation d\u2019un justificatif). Abonnement 6 places : 36\u20ac (jusqu&rsquo;\u00e0 2 personnes par s\u00e9ance) Abonnement 12 places : 63\u20ac (jusqu&rsquo;\u00e0 4 personnes par s\u00e9ance)<\/p>\n<p>Pour les \u00e9v\u00e8nements hors cin\u00e9ma, voir les modalit\u00e9s sur les pages concern\u00e9es.<\/p>\n<\/div>\n<div class=\"page\" title=\"Page 3\">\n<div class=\"layoutArea\">\n<div class=\"column\">\n<p><strong>PRIX DU PUBLIC<\/strong><\/p>\n<p>Comme toutes les ann\u00e9es, vous pourrez donner votre avis sur les films \u00e0 l\u2019issue de chaque s\u00e9ance.<br \/>\nLes avis recueillis permettront de d\u00e9signer le<br \/>\nPrix du Public. Les r\u00e9sultats seront proclam\u00e9s lors de la <span style=\"font-size: revert;\">soir\u00e9e de cl\u00f4ture le 16 octobre.<\/span><\/p>\n<\/div>\n<\/div>\n<\/div>\n<\/div>\n<\/div>\n<hr \/>\n<div class=\"gridBox-title\">\u00c9dition 25<br><\/div><span class=\"majuscule sous-menu gras\">Le Festival<\/span><br><div class=\"boxes-container\"><ul><li class=\"page_item page-item-16424\"><a href=\"https:\/\/www.vuesdenface.com\/web\/edition\/edition-25\/edition-25\/\">Vues d&rsquo;en face, 25 ans d\u00e9j\u00e0 !<\/a><\/li>\n<li class=\"page_item page-item-15885\"><a href=\"https:\/\/www.vuesdenface.com\/web\/edition\/edition-25\/selection-films-2025\/\">S\u00e9lection Films 2025<\/a><\/li>\n<li class=\"page_item page-item-15886\"><a href=\"https:\/\/www.vuesdenface.com\/web\/edition\/edition-25\/evenements-festival-2025\/\">\u00c9v\u00e8nements Festival 2025<\/a><\/li>\n<li class=\"page_item page-item-15888\"><a href=\"https:\/\/www.vuesdenface.com\/web\/edition\/edition-25\/prix-jury-2025\/\">Prix du Jury 2025<\/a><\/li>\n<li class=\"page_item page-item-15887\"><a href=\"https:\/\/www.vuesdenface.com\/web\/edition\/edition-25\/prix-public-2025\/\">Prix du public 2025<\/a><\/li>\n<li class=\"page_item page-item-15889\"><a href=\"https:\/\/www.vuesdenface.com\/web\/edition\/edition-25\/bande-annonce-2025\/\">Bande annonce 2025<\/a><\/li>\n<li class=\"page_item page-item-15890\"><a href=\"https:\/\/www.vuesdenface.com\/web\/edition\/edition-25\/documents-2025\/\">Documents 2025<\/a><\/li>\n<li class=\"page_item page-item-15891\"><a href=\"https:\/\/www.vuesdenface.com\/web\/edition\/edition-25\/informations-pratique-2025\/\">Informations pratiques 2025<\/a><\/li>\n<li class=\"page_item page-item-15892\"><a href=\"https:\/\/www.vuesdenface.com\/web\/edition\/edition-25\/partenaires-2025\/\">Partenaires 2025<\/a><\/li>\n<li class=\"page_item page-item-15893\"><a href=\"https:\/\/www.vuesdenface.com\/web\/edition\/edition-25\/remerciements-2025\/\">Remerciements 2025<\/a><\/li>\n<li class=\"default-menu\"><a href=\"https:\/\/www.vuesdenface.com\/web\/\" title=\"Menu\">Menu<\/a><\/li><\/ul><\/div><span class=\"majuscule sous-menu gras\">Autour du Festival<\/span><br><div class=\"boxes-container\"><ul><li><a href=\"https:\/\/www.vuesdenface.com\/web\/fiche-event\/forum-des-assos-2025\/\">Forum des Assos 2025<\/a><\/li><li><a href=\"https:\/\/www.vuesdenface.com\/web\/fiche-event\/lheure-du-conte-drag\/\">L'Heure du conte Drag<\/a><\/li><li><a href=\"https:\/\/www.vuesdenface.com\/web\/fiche-event\/cabaret-queer\/\">Cabaret Queer<\/a><\/li><li><a href=\"https:\/\/www.vuesdenface.com\/web\/fiche-event\/hommage-a-lionel-soukaz\/\">Hommage \u00e0 Lionel Soukaz<\/a><\/li><li><a href=\"https:\/\/www.vuesdenface.com\/web\/fiche-event\/cine-habibi\/\">Cin\u00e9 HABIBI<\/a><\/li><li><a href=\"https:\/\/www.vuesdenface.com\/web\/fiche-event\/lachez-prise-soiree-de-cloture\/\">L\u00e2chez prise - Soir\u00e9e de Cl\u00f4ture<\/a><\/li><\/ul><\/div>\n","protected":false},"excerpt":{"rendered":"<p>ceci est un extrait <a class=\"readmore\" href=\"https:\/\/www.vuesdenface.com\/web\/edition\/edition-22\/informations-pratique-2022\/\">Continuer la lecture &rarr;<\/a><\/p>\n","protected":false},"author":1,"featured_media":0,"parent":13527,"menu_order":6,"comment_status":"closed","ping_status":"closed","template":"","meta":{"footnotes":""},"class_list":["post-13533","page","type-page","status-publish","hentry","numero_edition-edition-22"],"_links":{"self":[{"href":"https:\/\/www.vuesdenface.com\/web\/wp-json\/wp\/v2\/pages\/13533","targetHints":{"allow":["GET"]}}],"collection":[{"href":"https:\/\/www.vuesdenface.com\/web\/wp-json\/wp\/v2\/pages"}],"about":[{"href":"https:\/\/www.vuesdenface.com\/web\/wp-json\/wp\/v2\/types\/page"}],"author":[{"embeddable":true,"href":"https:\/\/www.vuesdenface.com\/web\/wp-json\/wp\/v2\/users\/1"}],"replies":[{"embeddable":true,"href":"https:\/\/www.vuesdenface.com\/web\/wp-json\/wp\/v2\/comments?post=13533"}],"version-history":[{"count":2,"href":"https:\/\/www.vuesdenface.com\/web\/wp-json\/wp\/v2\/pages\/13533\/revisions"}],"predecessor-version":[{"id":13788,"href":"https:\/\/www.vuesdenface.com\/web\/wp-json\/wp\/v2\/pages\/13533\/revisions\/13788"}],"up":[{"embeddable":true,"href":"https:\/\/www.vuesdenface.com\/web\/wp-json\/wp\/v2\/pages\/13527"}],"wp:attachment":[{"href":"https:\/\/www.vuesdenface.com\/web\/wp-json\/wp\/v2\/media?parent=13533"}],"curies":[{"name":"wp","href":"https:\/\/api.w.org\/{rel}","templated":true}]}}

<iframe loading="lazy" src="https://player.vimeo.com/video/746661983?h=12716cfa28&amp;title=0&amp;byline=0&amp;portrait=0&amp;speed=0&amp;badge=0&amp;autopause=0&amp;player_id=0&amp;app_id=58479" width="1920" height="1080" frameborder="0" allow="autoplay; fullscreen; picture-in-picture" allowfullscreen title="Vues d&amp;#039;en face 2022"></iframe>
<div class="page" title="Page 3">
<div class="layoutArea">
<div class="column">
<p><strong>BILLETTERIE</strong></p>
<p>Les billets pour les séances du festival sont à acheter directement en caisse du Cinéma Le Club. LYON<br />
Les séances aux Bibliothèques Municipales sont gratuites.<br />
Les places pour la séance en partenariat avec le Ciné Club de Grenoble sont à acheter Salle Juliet Berto au tarif Ciné-Club.</p>
<p>Tarifs au cinéma Le Club :</p>
<p>Plein tarif : 7,80 € la séance.<br />
Tarif réduit : 6,80 € la séance (sur présentation d’un justificatif). Abonnement 6 places : 36€ (jusqu&rsquo;à 2 personnes par séance) Abonnement 12 places : 63€ (jusqu&rsquo;à 4 personnes par séance)</p>
<p>Pour les évènements hors cinéma, voir les modalités sur les pages concernées.</p>
</div>
<div class="page" title="Page 3">
<div class="layoutArea">
<div class="column">
<p><strong>PRIX DU PUBLIC</strong></p>
<p>Comme toutes les années, vous pourrez donner votre avis sur les films à l’issue de chaque séance.<br />
Les avis recueillis permettront de désigner le<br />
Prix du Public. Les résultats seront proclamés lors de la <span style="font-size: revert;">soirée de clôture le 16 octobre.</span></p>
</div>
</div>
</div>
</div>
</div>
<hr />
<div class="gridBox-title">Édition 25<br></div><span class="majuscule sous-menu gras">Le Festival</span><br><div class="boxes-container"><ul><li class="page_item page-item-16424"><a href="https://www.vuesdenface.com/web/edition/edition-25/edition-25/">Vues d&rsquo;en face, 25 ans déjà !</a></li>
<li class="page_item page-item-15885"><a href="https://www.vuesdenface.com/web/edition/edition-25/selection-films-2025/">Sélection Films 2025</a></li>
<li class="page_item page-item-15886"><a href="https://www.vuesdenface.com/web/edition/edition-25/evenements-festival-2025/">Évènements Festival 2025</a></li>
<li class="page_item page-item-15888"><a href="https://www.vuesdenface.com/web/edition/edition-25/prix-jury-2025/">Prix du Jury 2025</a></li>
<li class="page_item page-item-15887"><a href="https://www.vuesdenface.com/web/edition/edition-25/prix-public-2025/">Prix du public 2025</a></li>
<li class="page_item page-item-15889"><a href="https://www.vuesdenface.com/web/edition/edition-25/bande-annonce-2025/">Bande annonce 2025</a></li>
<li class="page_item page-item-15890"><a href="https://www.vuesdenface.com/web/edition/edition-25/documents-2025/">Documents 2025</a></li>
<li class="page_item page-item-15891"><a href="https://www.vuesdenface.com/web/edition/edition-25/informations-pratique-2025/">Informations pratiques 2025</a></li>
<li class="page_item page-item-15892"><a href="https://www.vuesdenface.com/web/edition/edition-25/partenaires-2025/">Partenaires 2025</a></li>
<li class="page_item page-item-15893"><a href="https://www.vuesdenface.com/web/edition/edition-25/remerciements-2025/">Remerciements 2025</a></li>
<li class="default-menu"><a href="https://www.vuesdenface.com/web/" title="Menu">Menu</a></li></ul></div><span class="majuscule sous-menu gras">Autour du Festival</span><br><div class="boxes-container"><ul><li><a href="https://www.vuesdenface.com/web/fiche-event/forum-des-assos-2025/">Forum des Assos 2025</a></li><li><a href="https://www.vuesdenface.com/web/fiche-event/lheure-du-conte-drag/">L'Heure du conte Drag</a></li><li><a href="https://www.vuesdenface.com/web/fiche-event/cabaret-queer/">Cabaret Queer</a></li><li><a href="https://www.vuesdenface.com/web/fiche-event/hommage-a-lionel-soukaz/">Hommage à Lionel Soukaz</a></li><li><a href="https://www.vuesdenface.com/web/fiche-event/cine-habibi/">Ciné HABIBI</a></li><li><a href="https://www.vuesdenface.com/web/fiche-event/lachez-prise-soiree-de-cloture/">Lâchez prise - Soirée de Clôture</a></li></ul></div>
