{"id":13535,"date":"2022-09-02T19:12:48","date_gmt":"2022-09-02T18:12:48","guid":{"rendered":"https:\/\/www.vuesdenface.com\/web\/?page_id=13535"},"modified":"2022-09-02T19:32:05","modified_gmt":"2022-09-02T18:32:05","slug":"remerciements-2022","status":"publish","type":"page","link":"https:\/\/www.vuesdenface.com\/web\/edition\/edition-22\/remerciements-2022\/","title":{"rendered":"Remerciements 2022"},"content":{"rendered":"<div class=\"page\" title=\"Page 16\">\n<div class=\"section\">\n<div class=\"layoutArea\">\n<div class=\"column\">\n<p>L&rsquo;\u00e9quipe du Festival remercie :<\/p>\n<p>La Ville de Grenoble,<br \/>\nLa Direction des Affaires Culturelles, Le Service Communication,<br \/>\nLa mission \u00c9galit\u00e9 des droits,<\/p>\n<p>La Ville de Fontaine,<br \/>\nLe Service \u00c9galit\u00e9-Citoyennet\u00e9.<\/p>\n<p>Grenoble Alpes M\u00e9tropole, Le D\u00e9partement de l&rsquo;Is\u00e8re,<\/p>\n<p>Le Syndicat Mixte des Mobilit\u00e9s de l&rsquo;Aire Grenobloise,<\/p>\n<p>Le Cin\u00e9ma Le Club de Grenoble,<\/p>\n<p>Les Biblioth\u00e8ques Municipales de Grenoble, Centre-Ville et Kateb Yacine,<\/p>\n<p>La Cin\u00e9math\u00e8que de Grenoble, Le Cin\u00e9-Club de Grenoble,<br \/>\nLe Ciel, l&rsquo;association Plege,<\/p>\n<p>SUPCREA Grenoble,<br \/>\nLes \u00e9tudiants Design Graphique 2 pour les projets d&rsquo;affiches,<\/p>\n<p>Le Festival Connexion,<\/p>\n<p>Le centre LGBTI+, La Marche des Fiert\u00e9s, et les associations membres,<\/p>\n<p>Le Bistro coop\u00e9ratif Les Fringant.e.s,<\/p>\n<p>Le salon de coiffure 15 Bis, La boutique FAB,<br \/>\npour leur soutien historique,<\/p>\n<p>Didier Roth-Bettoni,<\/p>\n<p>Les invit\u00e9es, invit\u00e9s et artistes qui sont venus \u00e0 la rencontre du public de Vues d&rsquo;en face,<\/p>\n<p>Les artistes ayant particip\u00e9 \u00e0 nos diff\u00e9rents \u00e9v\u00e8nements,<\/p>\n<p>Tou.te.s les r\u00e9alisateurs et r\u00e9alisatrices, producteurs et productrices, festivals, distributeurs et distributrices, acteurs et actrices sans qui rien n\u2019aurait \u00e9t\u00e9 possible !<\/p>\n<\/div>\n<\/div>\n<\/div>\n<\/div>\n","protected":false},"excerpt":{"rendered":"<p>ceci est un extrait <a class=\"readmore\" href=\"https:\/\/www.vuesdenface.com\/web\/edition\/edition-22\/remerciements-2022\/\">Continuer la lecture &rarr;<\/a><\/p>\n","protected":false},"author":1,"featured_media":0,"parent":13527,"menu_order":8,"comment_status":"closed","ping_status":"closed","template":"","meta":{"footnotes":""},"class_list":["post-13535","page","type-page","status-publish","hentry","numero_edition-edition-22"],"_links":{"self":[{"href":"https:\/\/www.vuesdenface.com\/web\/wp-json\/wp\/v2\/pages\/13535","targetHints":{"allow":["GET"]}}],"collection":[{"href":"https:\/\/www.vuesdenface.com\/web\/wp-json\/wp\/v2\/pages"}],"about":[{"href":"https:\/\/www.vuesdenface.com\/web\/wp-json\/wp\/v2\/types\/page"}],"author":[{"embeddable":true,"href":"https:\/\/www.vuesdenface.com\/web\/wp-json\/wp\/v2\/users\/1"}],"replies":[{"embeddable":true,"href":"https:\/\/www.vuesdenface.com\/web\/wp-json\/wp\/v2\/comments?post=13535"}],"version-history":[{"count":4,"href":"https:\/\/www.vuesdenface.com\/web\/wp-json\/wp\/v2\/pages\/13535\/revisions"}],"predecessor-version":[{"id":13802,"href":"https:\/\/www.vuesdenface.com\/web\/wp-json\/wp\/v2\/pages\/13535\/revisions\/13802"}],"up":[{"embeddable":true,"href":"https:\/\/www.vuesdenface.com\/web\/wp-json\/wp\/v2\/pages\/13527"}],"wp:attachment":[{"href":"https:\/\/www.vuesdenface.com\/web\/wp-json\/wp\/v2\/media?parent=13535"}],"curies":[{"name":"wp","href":"https:\/\/api.w.org\/{rel}","templated":true}]}}

<div class="page" title="Page 16">
<div class="section">
<div class="layoutArea">
<div class="column">
<p>L&rsquo;équipe du Festival remercie :</p>
<p>La Ville de Grenoble,<br />
La Direction des Affaires Culturelles, Le Service Communication,<br />
La mission Égalité des droits,</p>
<p>La Ville de Fontaine,<br />
Le Service Égalité-Citoyenneté.</p>
<p>Grenoble Alpes Métropole, Le Département de l&rsquo;Isère,</p>
<p>Le Syndicat Mixte des Mobilités de l&rsquo;Aire Grenobloise,</p>
<p>Le Cinéma Le Club de Grenoble,</p>
<p>Les Bibliothèques Municipales de Grenoble, Centre-Ville et Kateb Yacine,</p>
<p>La Cinémathèque de Grenoble, Le Ciné-Club de Grenoble,<br />
Le Ciel, l&rsquo;association Plege,</p>
<p>SUPCREA Grenoble,<br />
Les étudiants Design Graphique 2 pour les projets d&rsquo;affiches,</p>
<p>Le Festival Connexion,</p>
<p>Le centre LGBTI+, La Marche des Fiertés, et les associations membres,</p>
<p>Le Bistro coopératif Les Fringant.e.s,</p>
<p>Le salon de coiffure 15 Bis, La boutique FAB,<br />
pour leur soutien historique,</p>
<p>Didier Roth-Bettoni,</p>
<p>Les invitées, invités et artistes qui sont venus à la rencontre du public de Vues d&rsquo;en face,</p>
<p>Les artistes ayant participé à nos différents évènements,</p>
<p>Tou.te.s les réalisateurs et réalisatrices, producteurs et productrices, festivals, distributeurs et distributrices, acteurs et actrices sans qui rien n’aurait été possible !</p>
</div>
</div>
</div>
</div>
