{"id":14022,"date":"2023-08-19T21:44:45","date_gmt":"2023-08-19T20:44:45","guid":{"rendered":"https:\/\/www.vuesdenface.com\/web\/?page_id=14022"},"modified":"2023-10-16T22:50:30","modified_gmt":"2023-10-16T21:50:30","slug":"prix-jury-public-2023","status":"publish","type":"page","link":"https:\/\/www.vuesdenface.com\/web\/edition\/edition-23\/prix-jury-public-2023\/","title":{"rendered":"Prix du Public 2023"},"content":{"rendered":"<p style=\"text-align: center;\">Vous avez \u00e9t\u00e9 tr\u00e8s nombreuses et nombreux \u00e0 participer aux votes pour d\u00e9signer le Prix du Public 2023, dont voici les r\u00e9sultats :<\/p>\n<p style=\"text-align: center;\"><br><p>Le prix du public n'a pas encore \u00e9t\u00e9 d\u00e9sign\u00e9.<br>Il sera annonc\u00e9 \u00e0 la fin du festival.<\/p><br>\n","protected":false},"excerpt":{"rendered":"<p>ceci est un extrait <a class=\"readmore\" href=\"https:\/\/www.vuesdenface.com\/web\/edition\/edition-23\/prix-jury-public-2023\/\">Continuer la lecture &rarr;<\/a><\/p>\n","protected":false},"author":1,"featured_media":0,"parent":14019,"menu_order":3,"comment_status":"closed","ping_status":"closed","template":"","meta":{"footnotes":""},"class_list":["post-14022","page","type-page","status-publish","hentry","numero_edition-edition-23"],"_links":{"self":[{"href":"https:\/\/www.vuesdenface.com\/web\/wp-json\/wp\/v2\/pages\/14022","targetHints":{"allow":["GET"]}}],"collection":[{"href":"https:\/\/www.vuesdenface.com\/web\/wp-json\/wp\/v2\/pages"}],"about":[{"href":"https:\/\/www.vuesdenface.com\/web\/wp-json\/wp\/v2\/types\/page"}],"author":[{"embeddable":true,"href":"https:\/\/www.vuesdenface.com\/web\/wp-json\/wp\/v2\/users\/1"}],"replies":[{"embeddable":true,"href":"https:\/\/www.vuesdenface.com\/web\/wp-json\/wp\/v2\/comments?post=14022"}],"version-history":[{"count":3,"href":"https:\/\/www.vuesdenface.com\/web\/wp-json\/wp\/v2\/pages\/14022\/revisions"}],"predecessor-version":[{"id":14953,"href":"https:\/\/www.vuesdenface.com\/web\/wp-json\/wp\/v2\/pages\/14022\/revisions\/14953"}],"up":[{"embeddable":true,"href":"https:\/\/www.vuesdenface.com\/web\/wp-json\/wp\/v2\/pages\/14019"}],"wp:attachment":[{"href":"https:\/\/www.vuesdenface.com\/web\/wp-json\/wp\/v2\/media?parent=14022"}],"curies":[{"name":"wp","href":"https:\/\/api.w.org\/{rel}","templated":true}]}}

<p style="text-align: center;">Vous avez été très nombreuses et nombreux à participer aux votes pour désigner le Prix du Public 2023, dont voici les résultats :</p>
<p style="text-align: center;"><br><p>Le prix du public n'a pas encore été désigné.<br>Il sera annoncé à la fin du festival.</p><br>
