{"id":15091,"date":"2024-09-03T21:51:33","date_gmt":"2024-09-03T20:51:33","guid":{"rendered":"https:\/\/www.vuesdenface.com\/web\/?page_id=15091"},"modified":"2024-09-03T21:51:33","modified_gmt":"2024-09-03T20:51:33","slug":"evenements-festival-2024","status":"publish","type":"page","link":"https:\/\/www.vuesdenface.com\/web\/edition\/edition-24\/evenements-festival-2024\/","title":{"rendered":"\u00c9v\u00e8nements Festival 2024"},"content":{"rendered":"Pas d'\u00e9v\u00e8nement trouv\u00e9\n","protected":false},"excerpt":{"rendered":"<p>ceci est un extrait <a class=\"readmore\" href=\"https:\/\/www.vuesdenface.com\/web\/edition\/edition-24\/evenements-festival-2024\/\">Continuer la lecture &rarr;<\/a><\/p>\n","protected":false},"author":1,"featured_media":0,"parent":15089,"menu_order":2,"comment_status":"closed","ping_status":"closed","template":"","meta":{"footnotes":""},"class_list":["post-15091","page","type-page","status-publish","hentry","numero_edition-edition-24"],"_links":{"self":[{"href":"https:\/\/www.vuesdenface.com\/web\/wp-json\/wp\/v2\/pages\/15091","targetHints":{"allow":["GET"]}}],"collection":[{"href":"https:\/\/www.vuesdenface.com\/web\/wp-json\/wp\/v2\/pages"}],"about":[{"href":"https:\/\/www.vuesdenface.com\/web\/wp-json\/wp\/v2\/types\/page"}],"author":[{"embeddable":true,"href":"https:\/\/www.vuesdenface.com\/web\/wp-json\/wp\/v2\/users\/1"}],"replies":[{"embeddable":true,"href":"https:\/\/www.vuesdenface.com\/web\/wp-json\/wp\/v2\/comments?post=15091"}],"version-history":[{"count":1,"href":"https:\/\/www.vuesdenface.com\/web\/wp-json\/wp\/v2\/pages\/15091\/revisions"}],"predecessor-version":[{"id":15599,"href":"https:\/\/www.vuesdenface.com\/web\/wp-json\/wp\/v2\/pages\/15091\/revisions\/15599"}],"up":[{"embeddable":true,"href":"https:\/\/www.vuesdenface.com\/web\/wp-json\/wp\/v2\/pages\/15089"}],"wp:attachment":[{"href":"https:\/\/www.vuesdenface.com\/web\/wp-json\/wp\/v2\/media?parent=15091"}],"curies":[{"name":"wp","href":"https:\/\/api.w.org\/{rel}","templated":true}]}}