{"id":15893,"date":"2025-09-05T22:01:14","date_gmt":"2025-09-05T21:01:14","guid":{"rendered":"https:\/\/www.vuesdenface.com\/web\/?page_id=15893"},"modified":"2025-09-05T22:31:38","modified_gmt":"2025-09-05T21:31:38","slug":"remerciements-2025","status":"publish","type":"page","link":"https:\/\/www.vuesdenface.com\/web\/edition\/edition-25\/remerciements-2025\/","title":{"rendered":"Remerciements 2025"},"content":{"rendered":"<div>L\u2019\u00e9quipe du Festival remercie :<\/div>\n<p>&nbsp;<\/p>\n<p>La Ville de Grenoble,<br \/>\nLa Direction des Affaires Culturelles,<br \/>\nLe Service Communication,<br \/>\nLa Mission \u00c9galit\u00e9 des droits,<\/p>\n<p>Le D\u00e9partement de l&rsquo;Is\u00e8re,<\/p>\n<p>La Ville de Seyssinet-Pariset,<\/p>\n<p>La Ville de Saint-Martin d&rsquo;H\u00e8res,<\/p>\n<p>La Ville de Fontaine,<\/p>\n<p>L&rsquo;Universit\u00e9 Grenoble Alpes,<br \/>\nLa commission \u00c9galit\u00e9,<br \/>\nLe service Culture &#8211; l&rsquo;Ouvre-Bo\u00eete,<br \/>\nEVE, Espace Vie \u00c9tudiante,<\/p>\n<p>Le Syndicat Mixte des Mobilit\u00e9s de l&rsquo;Aire Grenobloise,<\/p>\n<p>Le Cin\u00e9ma Le Club de Grenoble,<\/p>\n<p>Les Biblioth\u00e8ques Municipales de Grenoble, Centre-Ville, Kateb Yacine,<\/p>\n<p>Le Cin\u00e9-Club de Grenoble,<\/p>\n<p>La Cin\u00e9math\u00e8que de Grenoble,<\/p>\n<p>Le Cin\u00e9ma Mon Cin\u00e9 \u00e0 Saint-Martin d&rsquo;H\u00e8res,<\/p>\n<p>Le Ciel,<\/p>\n<p>Le Cin\u00e9-Club de Stendhal,<\/p>\n<p>STUDIO M Grenoble,<br \/>\nLes \u00e9tudiant\u00b7es Design Graphique 2 pour les projets d&rsquo;affiches,<\/p>\n<p>Peanut Butter Books,<\/p>\n<p>Festivals Connexion,<\/p>\n<p>La F\u00e9d\u00e9ration Fran\u00e7aise des Festivals de films LGBTQIA+,<\/p>\n<p>L&rsquo;Amp\u00e9rage, l&rsquo;Agence du lobby,<\/p>\n<p>La Bifurk,<\/p>\n<p>Le centre LGBTI, Grenoble Fiert\u00e9s,<br \/>\nles associations membres,<\/p>\n<p>Le Grand Salon, Jeux du monde,<\/p>\n<p>Intermarch\u00e9 Foch et Berriat,<\/p>\n<p>Les invit\u00e9\u00b7es et artistes qui sont venu\u00b7es \u00e0 la rencontre du public de Vues d&rsquo;en face,<\/p>\n<p>Les artistes ayant particip\u00e9 \u00e0 nos diff\u00e9rents \u00e9v\u00e9nements,<\/p>\n<p>Tous\u00b7tes les r\u00e9alisateurs et r\u00e9alisatrices, sc\u00e9naristes, producteurs et productrices, festivals, distributeurs et distributrices, acteurs et actrices,<\/p>\n<p>Didier Roth-Bettoni, pr\u00e9sident du Jury, Juliette Blacha-Descoing et Camille Regache, membres du Jury,<\/p>\n<p>Et vous, cher public, sans qui rien ne serait possible !<\/p>\n","protected":false},"excerpt":{"rendered":"<p>ceci est un extrait <a class=\"readmore\" href=\"https:\/\/www.vuesdenface.com\/web\/edition\/edition-25\/remerciements-2025\/\">Continuer la lecture &rarr;<\/a><\/p>\n","protected":false},"author":1,"featured_media":0,"parent":15884,"menu_order":8,"comment_status":"closed","ping_status":"closed","template":"","meta":{"footnotes":""},"class_list":["post-15893","page","type-page","status-publish","hentry","numero_edition-edition-25"],"_links":{"self":[{"href":"https:\/\/www.vuesdenface.com\/web\/wp-json\/wp\/v2\/pages\/15893","targetHints":{"allow":["GET"]}}],"collection":[{"href":"https:\/\/www.vuesdenface.com\/web\/wp-json\/wp\/v2\/pages"}],"about":[{"href":"https:\/\/www.vuesdenface.com\/web\/wp-json\/wp\/v2\/types\/page"}],"author":[{"embeddable":true,"href":"https:\/\/www.vuesdenface.com\/web\/wp-json\/wp\/v2\/users\/1"}],"replies":[{"embeddable":true,"href":"https:\/\/www.vuesdenface.com\/web\/wp-json\/wp\/v2\/comments?post=15893"}],"version-history":[{"count":2,"href":"https:\/\/www.vuesdenface.com\/web\/wp-json\/wp\/v2\/pages\/15893\/revisions"}],"predecessor-version":[{"id":16474,"href":"https:\/\/www.vuesdenface.com\/web\/wp-json\/wp\/v2\/pages\/15893\/revisions\/16474"}],"up":[{"embeddable":true,"href":"https:\/\/www.vuesdenface.com\/web\/wp-json\/wp\/v2\/pages\/15884"}],"wp:attachment":[{"href":"https:\/\/www.vuesdenface.com\/web\/wp-json\/wp\/v2\/media?parent=15893"}],"curies":[{"name":"wp","href":"https:\/\/api.w.org\/{rel}","templated":true}]}}