{"id":170,"date":"2013-11-01T17:10:05","date_gmt":"2013-11-01T16:10:05","guid":{"rendered":"http:\/\/www.vagalam.net\/?page_id=126"},"modified":"2023-01-14T09:08:47","modified_gmt":"2023-01-14T08:08:47","slug":"contact","status":"publish","type":"page","link":"https:\/\/www.vuesdenface.com\/web\/contact\/","title":{"rendered":"Contact"},"content":{"rendered":"<p style=\"text-align: justify;\"><strong>Utilisez le formulaire en bas de page<\/strong> pour contacter le bureau du Festival, l&rsquo;\u00e9quipe communication\/presse, l&rsquo;\u00e9quipe partenaires\/pub, l&rsquo;\u00e9quipe programmation ou le webmaster en pr\u00e9cisant votre adresse mail pour la r\u00e9ponse.<\/p>\n<p style=\"text-align: justify;\">Vous pouvez \u00e9galement nous contacter par les moyens suivants :<\/p>\n<ul style=\"text-align: justify;\">\n<li>Par courrier, en \u00e9crivant \u00e0 Festival International du Film LGBT de Grenoble<br \/>\n<strong>FIFGLG &#8211; 4 rue Hector Berlioz &#8211; 38000 Grenoble &#8211; FRANCE<\/strong><\/li>\n<li>Depuis notre page Facebook (liens en haut de cette page).<\/li>\n<\/ul>\n<p style=\"text-align: left;\"><strong>Abonnez-vous \u00e0 notre Newsletter<\/strong>, vous serez tenu inform\u00e9 de la pr\u00e9paration du Festival et recevrez les invitations \u00e0 nos \u00e9v\u00e9nements tout au long de l&rsquo;ann\u00e9e. Le rythme des messages est d\u2019environ un message par mois durant l\u2019ann\u00e9e et un par jour pendant la semaine du festival. Rendez-vous sur la <a title=\"Newsletter\" href=\"..\/newsletter\/\"><strong>page d&rsquo;inscription&#8230;<\/strong><\/a><\/p>\n<h3><\/h3>\n<h3 style=\"text-align: left;\">Formulaire de contact<\/h3>\n\n<div class=\"wpcf7 no-js\" id=\"wpcf7-f6486-o1\" lang=\"fr-FR\" dir=\"ltr\" data-wpcf7-id=\"6486\">\n<div class=\"screen-reader-response\"><p role=\"status\" aria-live=\"polite\" aria-atomic=\"true\"><\/p> <ul><\/ul><\/div>\n<form action=\"\/web\/wp-json\/wp\/v2\/pages\/170#wpcf7-f6486-o1\" method=\"post\" class=\"wpcf7-form init\" aria-label=\"Formulaire de contact\" novalidate=\"novalidate\" data-status=\"init\">\n<fieldset class=\"hidden-fields-container\"><input type=\"hidden\" name=\"_wpcf7\" value=\"6486\" \/><input type=\"hidden\" name=\"_wpcf7_version\" value=\"6.1.5\" \/><input type=\"hidden\" name=\"_wpcf7_locale\" value=\"fr_FR\" \/><input type=\"hidden\" name=\"_wpcf7_unit_tag\" value=\"wpcf7-f6486-o1\" \/><input type=\"hidden\" name=\"_wpcf7_container_post\" value=\"0\" \/><input type=\"hidden\" name=\"_wpcf7_posted_data_hash\" value=\"\" \/>\n<\/fieldset>\n<p>S\u00e9lectionnez un destinataire - Select a recipient<br \/>\n<span class=\"wpcf7-form-control-wrap\" data-name=\"destinataire\"><select class=\"wpcf7-form-control wpcf7-select wpcf7-validates-as-required\" aria-required=\"true\" aria-invalid=\"false\" name=\"destinataire\"><option value=\"Contacter l&#039;\u00e9quipe de programmation - Contact the film programming team\/ films\">Contacter l&#039;\u00e9quipe de programmation - Contact the film programming team\/ films<\/option><option value=\"Contacter le bureau de l&#039;association - contact the administartive manager\">Contacter le bureau de l&#039;association - contact the administartive manager<\/option><option value=\"Contacter l&#039;\u00e9quipe communication - Contact the communication team\/ presse\">Contacter l&#039;\u00e9quipe communication - Contact the communication team\/ presse<\/option><option value=\"Contacter l&#039;\u00e9quipe partenariat \/ publicit\u00e9 - Contact the partnership \/ advertising team\">Contacter l&#039;\u00e9quipe partenariat \/ publicit\u00e9 - Contact the partnership \/ advertising team<\/option><option value=\"Contacter le webmaster - Contact the webmaster\">Contacter le webmaster - Contact the webmaster<\/option><\/select><\/span>\n<\/p>\n<p>Votre nom (obligatoire)\n<\/p>\n<p><span class=\"wpcf7-form-control-wrap\" data-name=\"your-name\"><input size=\"40\" maxlength=\"400\" class=\"wpcf7-form-control wpcf7-text wpcf7-validates-as-required form-contact\" aria-required=\"true\" aria-invalid=\"false\" placeholder=\"votre nom et pr\u00e9nom \/ your name\" value=\"\" type=\"text\" name=\"your-name\" \/><\/span>\n<\/p>\n<p>Votre email (obligatoire)\n<\/p>\n<p><span class=\"wpcf7-form-control-wrap\" data-name=\"your-email\"><input size=\"40\" maxlength=\"400\" class=\"wpcf7-form-control wpcf7-email wpcf7-validates-as-required wpcf7-text wpcf7-validates-as-email form-contact\" aria-required=\"true\" aria-invalid=\"false\" placeholder=\"votre adresse e-mail \/ your mail\" value=\"\" type=\"email\" name=\"your-email\" \/><\/span>\n<\/p>\n<p>Sujet\n<\/p>\n<p><span class=\"wpcf7-form-control-wrap\" data-name=\"your-subject\"><input size=\"40\" maxlength=\"400\" class=\"wpcf7-form-control wpcf7-text wpcf7-validates-as-required form-contact\" aria-required=\"true\" aria-invalid=\"false\" placeholder=\"objet \/ object\" value=\"\" type=\"text\" name=\"your-subject\" \/><\/span>\n<\/p>\n<p>Votre message\n<\/p>\n<p><span class=\"wpcf7-form-control-wrap\" data-name=\"your-message\"><textarea cols=\"40\" rows=\"10\" maxlength=\"2000\" class=\"wpcf7-form-control wpcf7-textarea form-contact\" aria-invalid=\"false\" placeholder=\"\u00e9crivez votre message \/ your message\" name=\"your-message\"><\/textarea><\/span>\n<\/p>\n<p> Prouvez que vous \u00eates un \u00eatre humain en recopiant le capcha suivant :<br \/>\n<input type=\"hidden\" name=\"_wpcf7_captcha_challenge_captcha-contact\" value=\"2517034353\" \/><img loading=\"lazy\" decoding=\"async\" class=\"wpcf7-form-control wpcf7-captchac wpcf7-captcha-captcha-contact form-contact\" id=\"form-contact\" width=\"84\" height=\"28\" alt=\"captcha\" src=\"https:\/\/www.vuesdenface.com\/web\/wp-content\/uploads\/wpcf7_captcha\/2517034353.png\" \/>&nbsp;&nbsp;&nbsp;<span class=\"wpcf7-form-control-wrap\" data-name=\"captcha-contact\"><input size=\"10\" class=\"wpcf7-form-control wpcf7-captchar form-contact\" autocomplete=\"off\" aria-invalid=\"false\" value=\"\" type=\"text\" name=\"captcha-contact\" \/><\/span>&nbsp;<br \/>\n<input class=\"wpcf7-form-control wpcf7-submit has-spinner form-contact-envoyer\" type=\"submit\" value=\"&nbsp;&nbsp;Envoyer&nbsp;&nbsp;\" \/>\n<\/p>\n<p style=\"display: none !important;\" class=\"akismet-fields-container\" data-prefix=\"_wpcf7_ak_\"><label>&#916;<textarea name=\"_wpcf7_ak_hp_textarea\" cols=\"45\" rows=\"8\" maxlength=\"100\"><\/textarea><\/label><input type=\"hidden\" id=\"ak_js_1\" name=\"_wpcf7_ak_js\" value=\"77\"\/><script>document.getElementById( \"ak_js_1\" ).setAttribute( \"value\", ( new Date() ).getTime() );<\/script><\/p><div class=\"wpcf7-response-output\" aria-hidden=\"true\"><\/div>\n<\/form>\n<\/div>\n\n","protected":false},"excerpt":{"rendered":"<p>Utilisez le formulaire en bas de page pour contacter le bureau du Festival, l&rsquo;\u00e9quipe communication\/presse, l&rsquo;\u00e9quipe partenaires\/pub, l&rsquo;\u00e9quipe programmation ou le webmaster en pr\u00e9cisant votre adresse mail pour la r\u00e9ponse. Vous pouvez \u00e9galement nous contacter par les moyens suivants : Par courrier, en \u00e9crivant \u00e0 Festival International du Film LGBT de Grenoble FIFGLG &#8211; 4 &hellip; <a class=\"readmore\" href=\"https:\/\/www.vuesdenface.com\/web\/contact\/\">Continuer la lecture &rarr;<\/a><\/p>\n","protected":false},"author":1,"featured_media":4684,"parent":0,"menu_order":0,"comment_status":"closed","ping_status":"closed","template":"","meta":{"footnotes":""},"class_list":["post-170","page","type-page","status-publish","has-post-thumbnail","hentry"],"_links":{"self":[{"href":"https:\/\/www.vuesdenface.com\/web\/wp-json\/wp\/v2\/pages\/170","targetHints":{"allow":["GET"]}}],"collection":[{"href":"https:\/\/www.vuesdenface.com\/web\/wp-json\/wp\/v2\/pages"}],"about":[{"href":"https:\/\/www.vuesdenface.com\/web\/wp-json\/wp\/v2\/types\/page"}],"author":[{"embeddable":true,"href":"https:\/\/www.vuesdenface.com\/web\/wp-json\/wp\/v2\/users\/1"}],"replies":[{"embeddable":true,"href":"https:\/\/www.vuesdenface.com\/web\/wp-json\/wp\/v2\/comments?post=170"}],"version-history":[{"count":10,"href":"https:\/\/www.vuesdenface.com\/web\/wp-json\/wp\/v2\/pages\/170\/revisions"}],"predecessor-version":[{"id":13986,"href":"https:\/\/www.vuesdenface.com\/web\/wp-json\/wp\/v2\/pages\/170\/revisions\/13986"}],"wp:featuredmedia":[{"embeddable":true,"href":"https:\/\/www.vuesdenface.com\/web\/wp-json\/wp\/v2\/media\/4684"}],"wp:attachment":[{"href":"https:\/\/www.vuesdenface.com\/web\/wp-json\/wp\/v2\/media?parent=170"}],"curies":[{"name":"wp","href":"https:\/\/api.w.org\/{rel}","templated":true}]}}