{"id":1920,"date":"2013-12-28T22:55:42","date_gmt":"2013-12-28T21:55:42","guid":{"rendered":"http:\/\/www.vuesdenface.com\/web\/?page_id=1920"},"modified":"2014-03-12T19:09:20","modified_gmt":"2014-03-12T18:09:20","slug":"partenaires","status":"publish","type":"page","link":"https:\/\/www.vuesdenface.com\/web\/edition\/edition-13\/partenaires\/","title":{"rendered":"Partenaires"},"content":{"rendered":"<p>Le Festival Vues d&rsquo;en face remercie les partenaires qui ont permis de vous proposer cette 13\u00e8me \u00e9dition sp\u00e9cial vendredi 13 :<\/p>\n\n","protected":false},"excerpt":{"rendered":"<p>Le Festival Vues d&rsquo;en face remercie les partenaires qui ont permis de vous proposer cette 13\u00e8me \u00e9dition sp\u00e9cial vendredi 13 :<\/p>\n","protected":false},"author":1,"featured_media":0,"parent":221,"menu_order":5,"comment_status":"closed","ping_status":"closed","template":"","meta":{"footnotes":""},"class_list":["post-1920","page","type-page","status-publish","hentry"],"_links":{"self":[{"href":"https:\/\/www.vuesdenface.com\/web\/wp-json\/wp\/v2\/pages\/1920","targetHints":{"allow":["GET"]}}],"collection":[{"href":"https:\/\/www.vuesdenface.com\/web\/wp-json\/wp\/v2\/pages"}],"about":[{"href":"https:\/\/www.vuesdenface.com\/web\/wp-json\/wp\/v2\/types\/page"}],"author":[{"embeddable":true,"href":"https:\/\/www.vuesdenface.com\/web\/wp-json\/wp\/v2\/users\/1"}],"replies":[{"embeddable":true,"href":"https:\/\/www.vuesdenface.com\/web\/wp-json\/wp\/v2\/comments?post=1920"}],"version-history":[{"count":10,"href":"https:\/\/www.vuesdenface.com\/web\/wp-json\/wp\/v2\/pages\/1920\/revisions"}],"predecessor-version":[{"id":4672,"href":"https:\/\/www.vuesdenface.com\/web\/wp-json\/wp\/v2\/pages\/1920\/revisions\/4672"}],"up":[{"embeddable":true,"href":"https:\/\/www.vuesdenface.com\/web\/wp-json\/wp\/v2\/pages\/221"}],"wp:attachment":[{"href":"https:\/\/www.vuesdenface.com\/web\/wp-json\/wp\/v2\/media?parent=1920"}],"curies":[{"name":"wp","href":"https:\/\/api.w.org\/{rel}","templated":true}]}}

<p>Le Festival Vues d&rsquo;en face remercie les partenaires qui ont permis de vous proposer cette 13ème édition spécial vendredi 13 :</p>
