{"id":2114,"date":"2014-01-05T17:27:54","date_gmt":"2014-01-05T16:27:54","guid":{"rendered":"http:\/\/www.vuesdenface.com\/web\/edition\/edition-1\/editorial\/"},"modified":"2014-11-16T18:59:26","modified_gmt":"2014-11-16T17:59:26","slug":"edito-edition-1","status":"publish","type":"page","link":"https:\/\/www.vuesdenface.com\/web\/edition\/edition-1\/edito-edition-1\/","title":{"rendered":"\u00c9ditorial"},"content":{"rendered":"<h2 align=\"left\">Bienvenue<\/h2>\n<p style=\"text-align: justify;\">Nous sommes tr\u00e8s heureux de vous accueillir pour partager ensemble un \u00e9v\u00e9nement culturel exceptionnel. En effet, une \u00e9quipe de b\u00e9n\u00e9voles dynamique et motiv\u00e9e a \u0153uvr\u00e9 durant des mois pour proposer \u00e0 un large public <b>le premier Festival International du Film Gay et Lesbien de Grenoble<\/b>.<\/p>\n<p style=\"text-align: justify;\">Nous vous proposons d&rsquo;explorer la richesse et la diversit\u00e9 de la cr\u00e9ation cin\u00e9matographique li\u00e9e \u00e0 l&rsquo;homosexualit\u00e9. Confortablement install\u00e9s dans vos fauteuils, un long travelling sonore et visuel vous permettra de traverser, dans un premier temps, l&rsquo;Europe du Nord au Sud, de l&rsquo;Allemagne \u00e0 la Belgique, en passant par la Suisse, avant de filer vers l&rsquo;Espagne et la Turquie.<\/p>\n<p style=\"text-align: justify;\">Dans un deuxi\u00e8me temps, ce tour du monde en 8 jours, <b>18 longs et 9 courts-m\u00e9trages<\/b>, vous propulsera au-dessus de l&rsquo;Atlantique pour atteindre les rivages de l&rsquo;Am\u00e9rique du Nord, avant de rejoindre le pays du Soleil Levant, de tremper vos l\u00e8vres dans un verre de sak\u00e9, d&rsquo;\u00e9viter les vaches sacr\u00e9es et de tester, en avant-premi\u00e8re, les installations footballistiques de la prochaine coupe de monde, qui se d\u00e9roulera aussi en Cor\u00e9e du Sud; et c&rsquo;est dans le confort moderne de la poche d&rsquo;un kangourou que vous pourrez souffler un peu avant que d&rsquo;un bond, vous ne vous retrouviez \u00e0 nouveau en France, ravi, \u00e9bahi.<\/p>\n<p style=\"text-align: justify;\">L&rsquo;occasion vous sera alors donn\u00e9 de rencontrer des professionnels du cin\u00e9ma : acteur, r\u00e9alisateurs, directeur artistique, vous feront partager, le temps d&rsquo;un \u00e9change, leur passion du cin\u00e9ma et d\u00e9couvrir leur m\u00e9tier.<br \/>\nVous pourrez aussi voter tout au long de la semaine pour d\u00e9signer le Prix du Public.<\/p>\n<p style=\"text-align: justify;\">D\u00e9cid\u00e9ment ouvert sur le monde, les autres, l&rsquo;autre, le m\u00eame, les m\u00eames, le premier Festival International du Film Gay et Lesbien de Grenoble promet d&rsquo;\u00eatre un temps tout \u00e0 fait particulier dans la vie culturelle locale et r\u00e9gionale, manifestation d\u00e9sir\u00e9e festive mais \u00e9galement soucieuse de participer \u00e0 l&rsquo;\u00e9volution de la reconnaissance et du respect des diff\u00e9rences.<\/p>\n<p style=\"text-align: justify;\">La production internationale comprend un grand nombre de films gays et lesbiens, mais tr\u00e8s peu sont distribu\u00e9s en France. De plus, dans ce secteur de la distribution, la raret\u00e9 des films \u00e0 caract\u00e8re lesbien nous interroge. Dans ce contexte, l&rsquo;\u00e9quipe du festival a fait le maximum pour \u00e9quilibrer la programmation.<\/p>\n<p style=\"text-align: justify;\">Le Festival International du Film Gay et Lesbien de Grenoble se devait d&rsquo;avoir un titre : \u00a0\u00bb <b>Vues d&rsquo;en face<\/b> \u00ab\u00a0. Parce que chaque individu a son propre point de vue sur l&rsquo;homosexualit\u00e9 de par son v\u00e9cu, sa position dans la soci\u00e9t\u00e9 et parce que les soci\u00e9t\u00e9s ont aussi leur point de vue sur l&rsquo;homosexualit\u00e9, nous vous proposons un face \u00e0 face avec l&rsquo;\u00e9cran pour vous faire d\u00e9couvrir de nouveaux horizons.<\/p>\n<p>A toutes et tous, bon festival.<\/p>\n\n<p>Le Festival Vues d&rsquo;en face remercie chaleureusement les partenaires ci-dessous qui ont permis de vous proposer cette toute premi\u00e8re \u00e9dition du Festival International du film Gay et Lesbien de Grenoble.<\/p>\n<div id=\"rubrique-documents\">partenaires<hr class=\"no-margin-up-down\">\n<p>&nbsp;<\/p>\n<p>&nbsp;<\/p>\n<p>&nbsp;<\/p>\n","protected":false},"excerpt":{"rendered":"<p>Bienvenue Nous sommes tr\u00e8s heureux de vous accueillir pour partager ensemble un \u00e9v\u00e9nement culturel exceptionnel. En effet, une \u00e9quipe de b\u00e9n\u00e9voles dynamique et motiv\u00e9e a \u0153uvr\u00e9 durant des mois pour proposer \u00e0 un large public le premier Festival International du Film Gay et Lesbien de Grenoble. Nous vous proposons d&rsquo;explorer la richesse et la diversit\u00e9 &hellip; <a class=\"readmore\" href=\"https:\/\/www.vuesdenface.com\/web\/edition\/edition-1\/edito-edition-1\/\">Continuer la lecture &rarr;<\/a><\/p>\n","protected":false},"author":1,"featured_media":106,"parent":2110,"menu_order":0,"comment_status":"closed","ping_status":"closed","template":"","meta":{"footnotes":""},"class_list":["post-2114","page","type-page","status-publish","has-post-thumbnail","hentry","numero_edition-edition-1"],"_links":{"self":[{"href":"https:\/\/www.vuesdenface.com\/web\/wp-json\/wp\/v2\/pages\/2114","targetHints":{"allow":["GET"]}}],"collection":[{"href":"https:\/\/www.vuesdenface.com\/web\/wp-json\/wp\/v2\/pages"}],"about":[{"href":"https:\/\/www.vuesdenface.com\/web\/wp-json\/wp\/v2\/types\/page"}],"author":[{"embeddable":true,"href":"https:\/\/www.vuesdenface.com\/web\/wp-json\/wp\/v2\/users\/1"}],"replies":[{"embeddable":true,"href":"https:\/\/www.vuesdenface.com\/web\/wp-json\/wp\/v2\/comments?post=2114"}],"version-history":[{"count":4,"href":"https:\/\/www.vuesdenface.com\/web\/wp-json\/wp\/v2\/pages\/2114\/revisions"}],"predecessor-version":[{"id":6524,"href":"https:\/\/www.vuesdenface.com\/web\/wp-json\/wp\/v2\/pages\/2114\/revisions\/6524"}],"up":[{"embeddable":true,"href":"https:\/\/www.vuesdenface.com\/web\/wp-json\/wp\/v2\/pages\/2110"}],"wp:featuredmedia":[{"embeddable":true,"href":"https:\/\/www.vuesdenface.com\/web\/wp-json\/wp\/v2\/media\/106"}],"wp:attachment":[{"href":"https:\/\/www.vuesdenface.com\/web\/wp-json\/wp\/v2\/media?parent=2114"}],"curies":[{"name":"wp","href":"https:\/\/api.w.org\/{rel}","templated":true}]}}

Éditorial

<h2 align="left">Bienvenue</h2>
<p style="text-align: justify;">Nous sommes très heureux de vous accueillir pour partager ensemble un événement culturel exceptionnel. En effet, une équipe de bénévoles dynamique et motivée a œuvré durant des mois pour proposer à un large public <b>le premier Festival International du Film Gay et Lesbien de Grenoble</b>.</p>
<p style="text-align: justify;">Nous vous proposons d&rsquo;explorer la richesse et la diversité de la création cinématographique liée à l&rsquo;homosexualité. Confortablement installés dans vos fauteuils, un long travelling sonore et visuel vous permettra de traverser, dans un premier temps, l&rsquo;Europe du Nord au Sud, de l&rsquo;Allemagne à la Belgique, en passant par la Suisse, avant de filer vers l&rsquo;Espagne et la Turquie.</p>
<p style="text-align: justify;">Dans un deuxième temps, ce tour du monde en 8 jours, <b>18 longs et 9 courts-métrages</b>, vous propulsera au-dessus de l&rsquo;Atlantique pour atteindre les rivages de l&rsquo;Amérique du Nord, avant de rejoindre le pays du Soleil Levant, de tremper vos lèvres dans un verre de saké, d&rsquo;éviter les vaches sacrées et de tester, en avant-première, les installations footballistiques de la prochaine coupe de monde, qui se déroulera aussi en Corée du Sud; et c&rsquo;est dans le confort moderne de la poche d&rsquo;un kangourou que vous pourrez souffler un peu avant que d&rsquo;un bond, vous ne vous retrouviez à nouveau en France, ravi, ébahi.</p>
<p style="text-align: justify;">L&rsquo;occasion vous sera alors donné de rencontrer des professionnels du cinéma : acteur, réalisateurs, directeur artistique, vous feront partager, le temps d&rsquo;un échange, leur passion du cinéma et découvrir leur métier.<br />
Vous pourrez aussi voter tout au long de la semaine pour désigner le Prix du Public.</p>
<p style="text-align: justify;">Décidément ouvert sur le monde, les autres, l&rsquo;autre, le même, les mêmes, le premier Festival International du Film Gay et Lesbien de Grenoble promet d&rsquo;être un temps tout à fait particulier dans la vie culturelle locale et régionale, manifestation désirée festive mais également soucieuse de participer à l&rsquo;évolution de la reconnaissance et du respect des différences.</p>
<p style="text-align: justify;">La production internationale comprend un grand nombre de films gays et lesbiens, mais très peu sont distribués en France. De plus, dans ce secteur de la distribution, la rareté des films à caractère lesbien nous interroge. Dans ce contexte, l&rsquo;équipe du festival a fait le maximum pour équilibrer la programmation.</p>
<p style="text-align: justify;">Le Festival International du Film Gay et Lesbien de Grenoble se devait d&rsquo;avoir un titre :  » <b>Vues d&rsquo;en face</b> « . Parce que chaque individu a son propre point de vue sur l&rsquo;homosexualité de par son vécu, sa position dans la société et parce que les sociétés ont aussi leur point de vue sur l&rsquo;homosexualité, nous vous proposons un face à face avec l&rsquo;écran pour vous faire découvrir de nouveaux horizons.</p>
<p>A toutes et tous, bon festival.</p>

<p>Le Festival Vues d&rsquo;en face remercie chaleureusement les partenaires ci-dessous qui ont permis de vous proposer cette toute première édition du Festival International du film Gay et Lesbien de Grenoble.</p>
<div id="rubrique-documents">partenaires<hr class="no-margin-up-down">
<p>&nbsp;</p>
<p>&nbsp;</p>
<p>&nbsp;</p>

<p>Bienvenue Nous sommes très heureux de vous accueillir pour partager ensemble un événement culturel exceptionnel. En effet, une équipe de bénévoles dynamique et motivée a œuvré durant des mois pour proposer à un large public le premier Festival International du Film Gay et Lesbien de Grenoble. Nous vous proposons d&rsquo;explorer la richesse et la diversité &hellip; <a class="readmore" href="https://www.vuesdenface.com/web/edition/edition-1/edito-edition-1/">Continuer la lecture &rarr;</a></p>
