{"id":2269,"date":"2014-01-18T15:23:19","date_gmt":"2014-01-18T14:23:19","guid":{"rendered":"http:\/\/www.vuesdenface.com\/web\/edition\/edition-2\/concert\/"},"modified":"2014-03-07T22:05:09","modified_gmt":"2014-03-07T21:05:09","slug":"concert","status":"publish","type":"page","link":"https:\/\/www.vuesdenface.com\/web\/edition\/edition-11\/concert\/","title":{"rendered":"Concert"},"content":{"rendered":"<h1>Mirel Wagner et Comanechi en concert &#8211; mardi 27 mars 2012<\/h1>\n<p>Comme un bonheur n\u2019arrive jamais seul, le <strong>Festival Vues d\u2019en face<\/strong> s\u2019associe \u00e0 la <strong>R\u00e9gie 2C<\/strong> et <strong>Le Ciel <\/strong>pour vous faire d\u00e9couvrir dans le cadre du <a href=\"http:\/\/www.regie2c.fr\/regie2c\/sections\/public\/le_ciel\/concerts\/mirel_wagner__coman\/view\" target=\"_blank\"><strong>Festival Les Femmes S\u2019en M\u00ealent #15<\/strong><\/a>, <strong>le Mardi 27 Mars \u00e0 20h30<\/strong> : <strong>MIREL WAGNER<\/strong> (Folk\/Finlande) et <strong>COMANECHI <\/strong>(Rock\/Japon-UK)<\/p>\n<table border=\"0\">\n<tbody>\n<tr>\n<td valign=\"top\"><a href=\"http:\/\/www.vuesdenface.com\/web\/wp-content\/uploads\/2014\/03\/mirel-wagner.jpg\"><img loading=\"lazy\" decoding=\"async\" class=\"size-full wp-image-4845 alignleft\" style=\"margin-left: 10px; margin-right: 10px;\" alt=\"Mirel Wagner\" src=\"http:\/\/www.vuesdenface.com\/web\/wp-content\/uploads\/2014\/03\/mirel-wagner.jpg\" width=\"200\" height=\"222\" srcset=\"https:\/\/www.vuesdenface.com\/web\/wp-content\/uploads\/2014\/03\/mirel-wagner.jpg 200w, https:\/\/www.vuesdenface.com\/web\/wp-content\/uploads\/2014\/03\/mirel-wagner-189x210.jpg 189w\" sizes=\"auto, (max-width: 200px) 100vw, 200px\" \/><\/a>En ouverture du festival, <strong>MIREL WAGNER<\/strong> devrait placer d\u2019entr\u00e9e la barre tr\u00e8s haut. Le parti pris est radical : une guitare d\u00e9pouill\u00e9e, des tempi d\u2019une lenteur d\u00e9concertante, des ambiances mar\u00e9cageuses et une voix <em>\u00ab certes lumineuse, mais qui \u00e9claire davantage les tr\u00e9fonds de l\u2019\u00e2me que les espoirs de l\u2019humanit\u00e9 \u00bb &#8211; Mondomix<\/em>. Si l\u2019on pense au folk tortur\u00e9 de Leonard Cohen, le m\u00e9lange in\u00e9dit entre le blues des origines et l\u2019absence de lumi\u00e8re des interminables nuits de l\u2019hiver finlandais donnent \u00e0 ses compositions une puissance asc\u00e9tique, voire autistique, rarement atteinte.<\/td>\n<\/tr>\n<tr>\n<td valign=\"top\"><\/td>\n<td valign=\"top\"><\/td>\n<td valign=\"top\"><\/td>\n<\/tr>\n<tr>\n<td valign=\"top\"><a href=\"http:\/\/www.vuesdenface.com\/web\/wp-content\/uploads\/2014\/03\/comanechi-2.jpg\"><img loading=\"lazy\" decoding=\"async\" class=\"size-full wp-image-4844 alignleft\" style=\"margin-left: 10px; margin-right: 10px;\" alt=\"Comanechi\" src=\"http:\/\/www.vuesdenface.com\/web\/wp-content\/uploads\/2014\/03\/comanechi-2.jpg\" width=\"150\" height=\"229\" srcset=\"https:\/\/www.vuesdenface.com\/web\/wp-content\/uploads\/2014\/03\/comanechi-2.jpg 150w, https:\/\/www.vuesdenface.com\/web\/wp-content\/uploads\/2014\/03\/comanechi-2-138x210.jpg 138w\" sizes=\"auto, (max-width: 150px) 100vw, 150px\" \/><\/a>Impossible de vous laisser repartir d\u00e9prim\u00e9s pour une premi\u00e8re soir\u00e9e ! Les cultissimes COMANECHI compl\u00e9teront donc un plateau improbable. Riffs de guitares \u00e9normes, batterie sous acide, paroles (tr\u00e8s) suggestives cri\u00e9es dans les aigus : Comanechi envoie du lourd ! Nous avions peur qu\u2019Akiko, veritable ic\u00f4ne art punk aussi bien \u00e0 Tokyo qu\u2019\u00e0 Londres, ne d\u00e9laisse son projet apr\u00e8s une tourn\u00e9e mondiale en tant que batteuse de Big Pink, mais il n\u2019en est rien. Elle a m\u00eame choisi de ne plus \u00eatre cloisonn\u00e9e derri\u00e8re sa batterie, mais d\u2019assumer son r\u00f4le de leader charismatique en devant de sc\u00e8ne. Pour notre plus grand plaisir\u2026<\/td>\n<td valign=\"top\"><\/td>\n<td valign=\"top\"><\/td>\n<\/tr>\n<\/tbody>\n<\/table>\n\n<!-- template partenaire-simple--><div id=\"rubrique\" class=\"trailer\"><i class=\"fa fa-star-o\"><\/i>&nbsp;Partenaire<br><hr><\/div><\/br><p><table><tr><td  class=\"fiche-partenaire\"><div class=\"logo-centre-div\" width=\"62.5px\" height=\"125px\"><figure><a href=\"https:\/\/www.vuesdenface.com\/web\/partenaires\/le-ciel\/\"><img decoding=\"async\" src=\"https:\/\/www.vuesdenface.com\/web\/wp-content\/vignettes-vdef\/2024\/09\/62.5x125\/CIEL-logo-A-62.5x125.png\" width=\"62.5\" height=\"125\" class=\"logo-centre\" alt=\"Le Ciel\" title=\"Le Ciel\" rel=\"\"><\/a><figcaption><a href=\"https:\/\/www.vuesdenface.com\/web\/partenaires\/le-ciel\/\"><\/a><\/figcaption><\/figure><\/div><\/td><td class=\"fiche-partenaire\"><b>Le Ciel<\/b><br\/><i class=\"fa fa-envelope-o\"><\/i>&nbsp;&nbsp;2 rue du G\u00e9n\u00e9ral Marchand  38000 Grenoble<br\/><i class=\"fa fa-external-link\"><\/i>&nbsp;&nbsp;<em>Site Internet : <a href=\"http:\/\/le-ciel.fr\">le-ciel.fr<\/a><\/em><br\/><\/td><\/tr><\/table><\/p>\n","protected":false},"excerpt":{"rendered":"<p>Mirel Wagner et Comanechi en concert &#8211; mardi 27 mars 2012 Comme un bonheur n\u2019arrive jamais seul, le Festival Vues d\u2019en face s\u2019associe \u00e0 la R\u00e9gie 2C et Le Ciel pour vous faire d\u00e9couvrir dans le cadre du Festival Les Femmes S\u2019en M\u00ealent #15, le Mardi 27 Mars \u00e0 20h30 : MIREL WAGNER (Folk\/Finlande) et &hellip; <a class=\"readmore\" href=\"https:\/\/www.vuesdenface.com\/web\/edition\/edition-11\/concert\/\">Continuer la lecture &rarr;<\/a><\/p>\n","protected":false},"author":1,"featured_media":2354,"parent":2268,"menu_order":7,"comment_status":"closed","ping_status":"closed","template":"","meta":{"footnotes":""},"class_list":["post-2269","page","type-page","status-publish","has-post-thumbnail","hentry","numero_edition-edition-11"],"_links":{"self":[{"href":"https:\/\/www.vuesdenface.com\/web\/wp-json\/wp\/v2\/pages\/2269","targetHints":{"allow":["GET"]}}],"collection":[{"href":"https:\/\/www.vuesdenface.com\/web\/wp-json\/wp\/v2\/pages"}],"about":[{"href":"https:\/\/www.vuesdenface.com\/web\/wp-json\/wp\/v2\/types\/page"}],"author":[{"embeddable":true,"href":"https:\/\/www.vuesdenface.com\/web\/wp-json\/wp\/v2\/users\/1"}],"replies":[{"embeddable":true,"href":"https:\/\/www.vuesdenface.com\/web\/wp-json\/wp\/v2\/comments?post=2269"}],"version-history":[{"count":10,"href":"https:\/\/www.vuesdenface.com\/web\/wp-json\/wp\/v2\/pages\/2269\/revisions"}],"predecessor-version":[{"id":2318,"href":"https:\/\/www.vuesdenface.com\/web\/wp-json\/wp\/v2\/pages\/2269\/revisions\/2318"}],"up":[{"embeddable":true,"href":"https:\/\/www.vuesdenface.com\/web\/wp-json\/wp\/v2\/pages\/2268"}],"wp:featuredmedia":[{"embeddable":true,"href":"https:\/\/www.vuesdenface.com\/web\/wp-json\/wp\/v2\/media\/2354"}],"wp:attachment":[{"href":"https:\/\/www.vuesdenface.com\/web\/wp-json\/wp\/v2\/media?parent=2269"}],"curies":[{"name":"wp","href":"https:\/\/api.w.org\/{rel}","templated":true}]}}

<h1>Mirel Wagner et Comanechi en concert &#8211; mardi 27 mars 2012</h1>
<p>Comme un bonheur n’arrive jamais seul, le <strong>Festival Vues d’en face</strong> s’associe à la <strong>Régie 2C</strong> et <strong>Le Ciel </strong>pour vous faire découvrir dans le cadre du <a href="http://www.regie2c.fr/regie2c/sections/public/le_ciel/concerts/mirel_wagner__coman/view" target="_blank"><strong>Festival Les Femmes S’en Mêlent #15</strong></a>, <strong>le Mardi 27 Mars à 20h30</strong> : <strong>MIREL WAGNER</strong> (Folk/Finlande) et <strong>COMANECHI </strong>(Rock/Japon-UK)</p>
<table border="0">
<tbody>
<tr>
<td valign="top"><a href="http://www.vuesdenface.com/web/wp-content/uploads/2014/03/mirel-wagner.jpg"><img loading="lazy" decoding="async" class="size-full wp-image-4845 alignleft" style="margin-left: 10px; margin-right: 10px;" alt="Mirel Wagner" src="http://www.vuesdenface.com/web/wp-content/uploads/2014/03/mirel-wagner.jpg" width="200" height="222" srcset="https://www.vuesdenface.com/web/wp-content/uploads/2014/03/mirel-wagner.jpg 200w, https://www.vuesdenface.com/web/wp-content/uploads/2014/03/mirel-wagner-189x210.jpg 189w" sizes="auto, (max-width: 200px) 100vw, 200px" /></a>En ouverture du festival, <strong>MIREL WAGNER</strong> devrait placer d’entrée la barre très haut. Le parti pris est radical : une guitare dépouillée, des tempi d’une lenteur déconcertante, des ambiances marécageuses et une voix <em>« certes lumineuse, mais qui éclaire davantage les tréfonds de l’âme que les espoirs de l’humanité » &#8211; Mondomix</em>. Si l’on pense au folk torturé de Leonard Cohen, le mélange inédit entre le blues des origines et l’absence de lumière des interminables nuits de l’hiver finlandais donnent à ses compositions une puissance ascétique, voire autistique, rarement atteinte.</td>
</tr>
<tr>
<td valign="top"></td>
<td valign="top"></td>
<td valign="top"></td>
</tr>
<tr>
<td valign="top"><a href="http://www.vuesdenface.com/web/wp-content/uploads/2014/03/comanechi-2.jpg"><img loading="lazy" decoding="async" class="size-full wp-image-4844 alignleft" style="margin-left: 10px; margin-right: 10px;" alt="Comanechi" src="http://www.vuesdenface.com/web/wp-content/uploads/2014/03/comanechi-2.jpg" width="150" height="229" srcset="https://www.vuesdenface.com/web/wp-content/uploads/2014/03/comanechi-2.jpg 150w, https://www.vuesdenface.com/web/wp-content/uploads/2014/03/comanechi-2-138x210.jpg 138w" sizes="auto, (max-width: 150px) 100vw, 150px" /></a>Impossible de vous laisser repartir déprimés pour une première soirée ! Les cultissimes COMANECHI compléteront donc un plateau improbable. Riffs de guitares énormes, batterie sous acide, paroles (très) suggestives criées dans les aigus : Comanechi envoie du lourd ! Nous avions peur qu’Akiko, veritable icône art punk aussi bien à Tokyo qu’à Londres, ne délaisse son projet après une tournée mondiale en tant que batteuse de Big Pink, mais il n’en est rien. Elle a même choisi de ne plus être cloisonnée derrière sa batterie, mais d’assumer son rôle de leader charismatique en devant de scène. Pour notre plus grand plaisir…</td>
<td valign="top"></td>
<td valign="top"></td>
</tr>
</tbody>
</table>

<!-- template partenaire-simple--><div id="rubrique" class="trailer"><i class="fa fa-star-o"></i>&nbsp;Partenaire<br><hr></div></br><p><table><tr><td  class="fiche-partenaire"><div class="logo-centre-div" width="62.5px" height="125px"><figure><a href="https://www.vuesdenface.com/web/partenaires/le-ciel/"><img decoding="async" src="https://www.vuesdenface.com/web/wp-content/vignettes-vdef/2024/09/62.5x125/CIEL-logo-A-62.5x125.png" width="62.5" height="125" class="logo-centre" alt="Le Ciel" title="Le Ciel" rel=""></a><figcaption><a href="https://www.vuesdenface.com/web/partenaires/le-ciel/"></a></figcaption></figure></div></td><td class="fiche-partenaire"><b>Le Ciel</b><br/><i class="fa fa-envelope-o"></i>&nbsp;&nbsp;2 rue du Général Marchand  38000 Grenoble<br/><i class="fa fa-external-link"></i>&nbsp;&nbsp;<em>Site Internet : <a href="http://le-ciel.fr">le-ciel.fr</a></em><br/></td></tr></table></p>

<p>Mirel Wagner et Comanechi en concert &#8211; mardi 27 mars 2012 Comme un bonheur n’arrive jamais seul, le Festival Vues d’en face s’associe à la Régie 2C et Le Ciel pour vous faire découvrir dans le cadre du Festival Les Femmes S’en Mêlent #15, le Mardi 27 Mars à 20h30 : MIREL WAGNER (Folk/Finlande) et &hellip; <a class="readmore" href="https://www.vuesdenface.com/web/edition/edition-11/concert/">Continuer la lecture &rarr;</a></p>
