{"id":2270,"date":"2014-01-18T15:23:20","date_gmt":"2014-01-18T14:23:20","guid":{"rendered":"http:\/\/www.vuesdenface.com\/web\/edition\/edition-2\/editorial-2012\/"},"modified":"2014-11-16T18:59:38","modified_gmt":"2014-11-16T17:59:38","slug":"edito-edition-11","status":"publish","type":"page","link":"https:\/\/www.vuesdenface.com\/web\/edition\/edition-11\/edito-edition-11\/","title":{"rendered":"\u00c9ditorial"},"content":{"rendered":"<p>Vues d\u2019en face est fier de vous pr\u00e9senter son programme 2012 : Convivialit\u00e9 des \u00e9changes, films de qualit\u00e9 et plaisir de partager ensemble !<\/p>\n<p>Ne soyez pas Absent, ne prenez pas La Cl\u00e9 des champs\u2026 Engagez-vous plut\u00f4t \u00e0 nos c\u00f4t\u00e9s, pas de Plan V ni de Querelle, nos engagements de campagne sont respect\u00e9s ! Un partenariat nouveau avec Play Grenoble &#8211; pas pour a Room in Rome, mais des packs s\u00e9jours bien grenoblois \u2013 une Ronde de nuit pour une derni\u00e8re soir\u00e9e d\u00e9jant\u00e9e, suivie en fin de Weekend de la prise de la Bastille pour un pique-nique festif\u2026<br \/>\nAlors votez pour nous !<\/p>\n<p>Venez partager la Parade des meilleurs films LGBT de l\u2019ann\u00e9e. Courts, longs ou docus, nous les avons faits venir des 4 coins du monde pour satisfaire votre curiosit\u00e9 et votre soif de d\u00e9couverte\u2026 Parions qu\u2019ils sauront faire vibrer vos cordes sensibles, aiguiser vos sens, gagner votre respect. Ils et elles seront tous et toutes l\u00e0 : August, Edouard II (en personne live !), Joe + Belle, Judas et J\u00e9sus (si, si ! m\u00eame eux), Mary Lou, Mel and Jenny et aussi Romeos !<br \/>\nEt s\u2019il en manque, nous ferons revenir Lucia de son Voyage et irons rechercher Simon s\u2019il le faut.<\/p>\n<p>Souhaitons-nous un avril de folie, L\u2019Amour fou, et Quatre ann\u00e9es de plus pour en profitez encore longtemps\u2026<br \/>\nKyss mig and Welcome !<\/p>\n<p><strong>L\u2019\u00e9quipe du Festival<\/strong><\/p>\n<div id=\"attachment_2363\" style=\"width: 510px\" class=\"wp-caption aligncenter\"><a href=\"http:\/\/www.vuesdenface.com\/web\/wp-content\/uploads\/2014\/01\/equipe-2012.jpg\"><img loading=\"lazy\" decoding=\"async\" aria-describedby=\"caption-attachment-2363\" class=\"size-full wp-image-2363\" title=\"Equipe Vues d'en face 2012\" src=\"http:\/\/www.vuesdenface.com\/web\/wp-content\/uploads\/2014\/01\/equipe-2012.jpg\" alt=\"\u00e9quipe 2012\" width=\"500\" height=\"258\" srcset=\"https:\/\/www.vuesdenface.com\/web\/wp-content\/uploads\/2014\/01\/equipe-2012.jpg 500w, https:\/\/www.vuesdenface.com\/web\/wp-content\/uploads\/2014\/01\/equipe-2012-300x155.jpg 300w, https:\/\/www.vuesdenface.com\/web\/wp-content\/uploads\/2014\/01\/equipe-2012-210x108.jpg 210w\" sizes=\"auto, (max-width: 500px) 100vw, 500px\" \/><\/a><p id=\"caption-attachment-2363\" class=\"wp-caption-text\">\u00e9quipe 2012<\/p><\/div>\n<div class=\"rubrique\"><div class=\"rubrique-icone\"><i class=\"fa  fa-lg\"><\/i><\/div><div class=\"rubrique-texte\">Quelques articles<br><\/div><hr><\/div><ul><li><a href=\"https:\/\/www.vuesdenface.com\/web\/edition\/edition-11\/edito-edition-11\/\">Exposition Les Condamn\u00e9s \/ Documentaire Cameroun, sortir du Nkuta - mardi 15 mai 2012<\/a><\/li><li><a href=\"https:\/\/www.vuesdenface.com\/web\/edition\/edition-11\/edito-edition-11\/\">Clip Vues d'en face 2012<\/a><\/li><li><a href=\"https:\/\/www.vuesdenface.com\/web\/edition\/edition-11\/edito-edition-11\/\">Gilles Leroy, \u00e9crivain - Photos de la rencontre<\/a><\/li><li><a href=\"https:\/\/www.vuesdenface.com\/web\/edition\/edition-11\/edito-edition-11\/\">Horacio Franco, soliste - Photos du concert<\/a><\/li><li><a href=\"https:\/\/www.vuesdenface.com\/web\/edition\/edition-11\/edito-edition-11\/\">Old Joy - vendredi 23 mars 2012<\/a><\/li><li><a href=\"https:\/\/www.vuesdenface.com\/web\/edition\/edition-11\/edito-edition-11\/\">Vues d\u2019en face engage sa campagne 2012 !<\/a><\/li><\/ul>\n<br\/><h2>Clip de l'\u00e9dition 11<hr class=\"no-margin-up-down\"><\/h2>\n<iframe loading=\"lazy\" width=\"560\" height=\"315\" src=\"\/\/www.youtube.com\/embed\/SYmbNxkJank\" frameborder=\"0\" allowfullscreen><\/iframe>\n<br\/><h2>Catalogue de l'\u00e9dition 11<hr class=\"no-margin-up-down\"><\/h2>\n<figure class=\"grille-vignettes\"><a href=\"https:\/\/www.vuesdenface.com\/web\/wp-content\/uploads\/2013\/12\/catalogue-edition-11.pdf\"><img loading=\"lazy\" decoding=\"async\" src=\"https:\/\/www.vuesdenface.com\/web\/wp-content\/vignettes-vdef\/2013\/12\/100x150\/catalogue-edition-11-100x150.jpg\" width=\"100\" height=\"150\" class=\"photo-film\" alt=\"\" rel=\"\" title=\"\u00c9ditorial\"><\/a><figcaption><a href=\"https:\/\/www.vuesdenface.com\/web\/wp-content\/uploads\/2013\/12\/catalogue-edition-11.pdf\">\u00c9ditorial&nbsp;&nbsp;&nbsp;&nbsp;&nbsp;<\/a><br\/>(pdf de 9.28 Mo)&nbsp;&nbsp;&nbsp;&nbsp;<\/figcaption><\/figure><div class=\"clear\"><\/br><\/div>\n","protected":false},"excerpt":{"rendered":"<p>Vues d\u2019en face est fier de vous pr\u00e9senter son programme 2012 : Convivialit\u00e9 des \u00e9changes, films de qualit\u00e9 et plaisir de partager ensemble ! Ne soyez pas Absent, ne prenez pas La Cl\u00e9 des champs\u2026 Engagez-vous plut\u00f4t \u00e0 nos c\u00f4t\u00e9s, pas de Plan V ni de Querelle, nos engagements de campagne sont respect\u00e9s ! Un &hellip; <a class=\"readmore\" href=\"https:\/\/www.vuesdenface.com\/web\/edition\/edition-11\/edito-edition-11\/\">Continuer la lecture &rarr;<\/a><\/p>\n","protected":false},"author":1,"featured_media":116,"parent":2268,"menu_order":0,"comment_status":"closed","ping_status":"closed","template":"","meta":{"footnotes":""},"class_list":["post-2270","page","type-page","status-publish","has-post-thumbnail","hentry","numero_edition-edition-11"],"_links":{"self":[{"href":"https:\/\/www.vuesdenface.com\/web\/wp-json\/wp\/v2\/pages\/2270","targetHints":{"allow":["GET"]}}],"collection":[{"href":"https:\/\/www.vuesdenface.com\/web\/wp-json\/wp\/v2\/pages"}],"about":[{"href":"https:\/\/www.vuesdenface.com\/web\/wp-json\/wp\/v2\/types\/page"}],"author":[{"embeddable":true,"href":"https:\/\/www.vuesdenface.com\/web\/wp-json\/wp\/v2\/users\/1"}],"replies":[{"embeddable":true,"href":"https:\/\/www.vuesdenface.com\/web\/wp-json\/wp\/v2\/comments?post=2270"}],"version-history":[{"count":7,"href":"https:\/\/www.vuesdenface.com\/web\/wp-json\/wp\/v2\/pages\/2270\/revisions"}],"predecessor-version":[{"id":6526,"href":"https:\/\/www.vuesdenface.com\/web\/wp-json\/wp\/v2\/pages\/2270\/revisions\/6526"}],"up":[{"embeddable":true,"href":"https:\/\/www.vuesdenface.com\/web\/wp-json\/wp\/v2\/pages\/2268"}],"wp:featuredmedia":[{"embeddable":true,"href":"https:\/\/www.vuesdenface.com\/web\/wp-json\/wp\/v2\/media\/116"}],"wp:attachment":[{"href":"https:\/\/www.vuesdenface.com\/web\/wp-json\/wp\/v2\/media?parent=2270"}],"curies":[{"name":"wp","href":"https:\/\/api.w.org\/{rel}","templated":true}]}}