{"id":2272,"date":"2014-01-18T15:23:20","date_gmt":"2014-01-18T14:23:20","guid":{"rendered":"http:\/\/www.vuesdenface.com\/web\/edition\/edition-2\/litterature\/"},"modified":"2014-03-07T22:36:49","modified_gmt":"2014-03-07T21:36:49","slug":"litterature","status":"publish","type":"page","link":"https:\/\/www.vuesdenface.com\/web\/edition\/edition-11\/litterature\/","title":{"rendered":"Litt\u00e9rature"},"content":{"rendered":"<h1>Rencontre avec Gilles Leroy \/ Pr\u00e9vente &#8211; vendredi 6 avril 2012<\/h1>\n<p><strong>Vendredi 6 avril \u00e0 18h30<\/strong>, Le Square accueille <strong>Gilles Leroy<\/strong> (<em>prix Goncourt en 2007 avec \u00ab\u00a0Alabama Song\u00a0\u00bb<\/em>) pour son livre <strong><em>\u00ab\u00a0Dormir aupr\u00e8s de ceux qu\u2019on aime\u00a0\u00bb<\/em><\/strong>, \u00e9dit\u00e9 au Mercure de France.<\/p>\n<p>C\u2019est la rencontre improbable du narrateur avec un jeune libraire roumain. Une difficile et miraculeuse relation soumise aux al\u00e9as des fr\u00e9quents d\u00e9placements de l\u2019\u00e9crivain autour du monde. Un roman tendre et grave qui dit aussi l\u2019histoire souvent singuli\u00e8re et douloureuse des pays travers\u00e9s. Errance et questionnement, manque et doute sont entrecoup\u00e9s d\u2019instants de bonheur incomparables.<\/p>\n<p>Cette rencontre est organis\u00e9e en partenariat avec le Festival international du film gay et lesbien \u00ab\u00a0Vues d\u2019en face\u00a0\u00bb.<\/p>\n<p>Pr\u00e9sentation du festival, <strong>pr\u00e9ventes de places<\/strong> et pot amical cl\u00f4tureront cette rencontre.<\/p>\n<p><strong><em>Attention rendez-vous \u00e0 la Salle des rencontres de la Librairie Le Square,<br \/>\nsitu\u00e9e \u00e0 quelques pas au 20 rue de Sault<\/em><\/strong><\/p>\n\n<!-- template partenaire-simple--><div id=\"rubrique\" class=\"trailer\"><i class=\"fa fa-star-o\"><\/i>&nbsp;Partenaire<br><hr><\/div><\/br><p><table><tr><td  class=\"fiche-partenaire\"><div class=\"logo-centre-div\" width=\"125px\" height=\"62.5px\"><figure><a href=\"https:\/\/www.vuesdenface.com\/web\/partenaires\/le-square\/\"><img decoding=\"async\" src=\"https:\/\/www.vuesdenface.com\/web\/wp-content\/vignettes-vdef\/2014\/01\/125x62.5\/Square-125x62.5.png\" width=\"125\" height=\"62.5\" class=\"logo-centre\" alt=\"Le Square\" title=\"Le Square\" rel=\"\"><\/a><figcaption><a href=\"https:\/\/www.vuesdenface.com\/web\/partenaires\/le-square\/\"><\/a><\/figcaption><\/figure><\/div><\/td><td class=\"fiche-partenaire\"><b>Le Square<\/b><br\/><i class=\"fa fa-envelope-o\"><\/i>&nbsp;&nbsp;2 place Dr L\u00e9on Martin, 38000 Grenoble<br\/><i class=\"fa fa-phone\"><\/i>&nbsp;&nbsp;T\u00e9l\u00e9phone : 04 76 46 61 63<br\/><i class=\"fa fa-external-link\"><\/i>&nbsp;&nbsp;<em>Site Internet : <a href=\"http:\/\/www.librairielesquare.fr\">www.librairielesquare.fr<\/a><\/em><br\/><\/td><\/tr><\/table><\/p>\n<div id=\"attachment_2310\" style=\"width: 215px\" class=\"wp-caption alignleft\"><a href=\"http:\/\/www.vuesdenface.com\/web\/wp-content\/uploads\/2014\/01\/Livre-Dormir-Avec.jpg\"><img loading=\"lazy\" decoding=\"async\" aria-describedby=\"caption-attachment-2310\" class=\"size-medium wp-image-2310 \" alt=\"Livre Dormir Avec de Gilles LEROY\" src=\"http:\/\/www.vuesdenface.com\/web\/wp-content\/uploads\/2014\/01\/Livre-Dormir-Avec-205x300.jpg\" width=\"205\" height=\"300\" \/><\/a><p id=\"caption-attachment-2310\" class=\"wp-caption-text\">Livre Dormir Avec de Gilles LEROY<\/p><\/div>\n","protected":false},"excerpt":{"rendered":"<p>Rencontre avec Gilles Leroy \/ Pr\u00e9vente &#8211; vendredi 6 avril 2012 Vendredi 6 avril \u00e0 18h30, Le Square accueille Gilles Leroy (prix Goncourt en 2007 avec \u00ab\u00a0Alabama Song\u00a0\u00bb) pour son livre \u00ab\u00a0Dormir aupr\u00e8s de ceux qu\u2019on aime\u00a0\u00bb, \u00e9dit\u00e9 au Mercure de France. C\u2019est la rencontre improbable du narrateur avec un jeune libraire roumain. Une difficile &hellip; <a class=\"readmore\" href=\"https:\/\/www.vuesdenface.com\/web\/edition\/edition-11\/litterature\/\">Continuer la lecture &rarr;<\/a><\/p>\n","protected":false},"author":1,"featured_media":2309,"parent":2268,"menu_order":5,"comment_status":"closed","ping_status":"closed","template":"","meta":{"footnotes":""},"class_list":["post-2272","page","type-page","status-publish","has-post-thumbnail","hentry","numero_edition-edition-11"],"_links":{"self":[{"href":"https:\/\/www.vuesdenface.com\/web\/wp-json\/wp\/v2\/pages\/2272","targetHints":{"allow":["GET"]}}],"collection":[{"href":"https:\/\/www.vuesdenface.com\/web\/wp-json\/wp\/v2\/pages"}],"about":[{"href":"https:\/\/www.vuesdenface.com\/web\/wp-json\/wp\/v2\/types\/page"}],"author":[{"embeddable":true,"href":"https:\/\/www.vuesdenface.com\/web\/wp-json\/wp\/v2\/users\/1"}],"replies":[{"embeddable":true,"href":"https:\/\/www.vuesdenface.com\/web\/wp-json\/wp\/v2\/comments?post=2272"}],"version-history":[{"count":8,"href":"https:\/\/www.vuesdenface.com\/web\/wp-json\/wp\/v2\/pages\/2272\/revisions"}],"predecessor-version":[{"id":4808,"href":"https:\/\/www.vuesdenface.com\/web\/wp-json\/wp\/v2\/pages\/2272\/revisions\/4808"}],"up":[{"embeddable":true,"href":"https:\/\/www.vuesdenface.com\/web\/wp-json\/wp\/v2\/pages\/2268"}],"wp:featuredmedia":[{"embeddable":true,"href":"https:\/\/www.vuesdenface.com\/web\/wp-json\/wp\/v2\/media\/2309"}],"wp:attachment":[{"href":"https:\/\/www.vuesdenface.com\/web\/wp-json\/wp\/v2\/media?parent=2272"}],"curies":[{"name":"wp","href":"https:\/\/api.w.org\/{rel}","templated":true}]}}