{"id":2274,"date":"2014-01-18T15:23:20","date_gmt":"2014-01-18T14:23:20","guid":{"rendered":"http:\/\/www.vuesdenface.com\/web\/edition\/edition-2\/pique-nique\/"},"modified":"2014-03-07T22:36:16","modified_gmt":"2014-03-07T21:36:16","slug":"pique-nique","status":"publish","type":"page","link":"https:\/\/www.vuesdenface.com\/web\/edition\/edition-11\/pique-nique\/","title":{"rendered":"Pique-nique"},"content":{"rendered":"<div>\n<div>\n<div>\n<h2>Un pique-nique citoyen \u00e0 la Bastille se d\u00e9roulera en cl\u00f4ture du Festival, le dimanche22 avril 2012 \u00e0 13h.<\/h2>\n<p>Profitons du rayon de soleil de ce dimanche matin \ud83d\ude42 L&rsquo;\u00e9quipe de Vues d&rsquo;en face monte \u00e0 la Bastille, et vous ?<\/p>\n<p>\u00c0 partir de midi, le dimanche 22 avril 2012, rendez-vous d\u00e8s 13h sur la pelouse du <strong>fort de la Bastille<\/strong> de Grenoble, apportez votre panier de pique nique et participez aux d\u00e9bats qui seront lanc\u00e9s. Animations, bonne ambiance, bonne humeur, petits et grands citoyens, venez pique-niquer en toute libert\u00e9 !<\/p>\n<p>Le Festival International du Film Gay et Lesbien de Grenoble est soutenu par la Ville depuis sa cr\u00e9ation. Le Festival est reconnu \u00e0 l\u2019international il a comme ambition cette ann\u00e9e de se \u00ab d\u00e9cloisonner \u00bb et s\u2019ouvrir \u00e0 un public plus large.<\/p>\n<p>L\u2019<strong>Office de Tourisme<\/strong> apporte un soutien logitique au Festival pour la conception et la mise en vente de WE packag\u00e9, ainsi qu\u2019un relais de communication et d\u2019information au centre ville vers tous les publics.<\/p>\n<p>Le site de la Bastille : <a href=\"http:\/\/www.bastille-grenoble.fr\/\"><strong>www.bastille-grenoble.fr<\/strong><\/a><\/p>\n<div id=\"attachment_2359\" style=\"width: 1010px\" class=\"wp-caption aligncenter\"><a href=\"http:\/\/www.vuesdenface.com\/web\/wp-content\/uploads\/2014\/01\/pique-nique-edition-11.png\"><img loading=\"lazy\" decoding=\"async\" aria-describedby=\"caption-attachment-2359\" class=\"size-full wp-image-2359\" alt=\"pique nique edition 11\" src=\"http:\/\/www.vuesdenface.com\/web\/wp-content\/uploads\/2014\/01\/pique-nique-edition-11.png\" width=\"1000\" height=\"1414\" srcset=\"https:\/\/www.vuesdenface.com\/web\/wp-content\/uploads\/2014\/01\/pique-nique-edition-11.png 1000w, https:\/\/www.vuesdenface.com\/web\/wp-content\/uploads\/2014\/01\/pique-nique-edition-11-223x315.png 223w, https:\/\/www.vuesdenface.com\/web\/wp-content\/uploads\/2014\/01\/pique-nique-edition-11-212x300.png 212w, https:\/\/www.vuesdenface.com\/web\/wp-content\/uploads\/2014\/01\/pique-nique-edition-11-724x1024.png 724w, https:\/\/www.vuesdenface.com\/web\/wp-content\/uploads\/2014\/01\/pique-nique-edition-11-149x210.png 149w\" sizes=\"auto, (max-width: 1000px) 100vw, 1000px\" \/><\/a><p id=\"caption-attachment-2359\" class=\"wp-caption-text\">pique nique edition 11<\/p><\/div>\n<\/div>\n<\/div>\n<\/div>\n","protected":false},"excerpt":{"rendered":"<p>Un pique-nique citoyen \u00e0 la Bastille se d\u00e9roulera en cl\u00f4ture du Festival, le dimanche22 avril 2012 \u00e0 13h. Profitons du rayon de soleil de ce dimanche matin \ud83d\ude42 L&rsquo;\u00e9quipe de Vues d&rsquo;en face monte \u00e0 la Bastille, et vous ? \u00c0 partir de midi, le dimanche 22 avril 2012, rendez-vous d\u00e8s 13h sur la pelouse &hellip; <a class=\"readmore\" href=\"https:\/\/www.vuesdenface.com\/web\/edition\/edition-11\/pique-nique\/\">Continuer la lecture &rarr;<\/a><\/p>\n","protected":false},"author":1,"featured_media":2357,"parent":2268,"menu_order":10,"comment_status":"closed","ping_status":"closed","template":"","meta":{"footnotes":""},"class_list":["post-2274","page","type-page","status-publish","has-post-thumbnail","hentry","numero_edition-edition-11"],"_links":{"self":[{"href":"https:\/\/www.vuesdenface.com\/web\/wp-json\/wp\/v2\/pages\/2274","targetHints":{"allow":["GET"]}}],"collection":[{"href":"https:\/\/www.vuesdenface.com\/web\/wp-json\/wp\/v2\/pages"}],"about":[{"href":"https:\/\/www.vuesdenface.com\/web\/wp-json\/wp\/v2\/types\/page"}],"author":[{"embeddable":true,"href":"https:\/\/www.vuesdenface.com\/web\/wp-json\/wp\/v2\/users\/1"}],"replies":[{"embeddable":true,"href":"https:\/\/www.vuesdenface.com\/web\/wp-json\/wp\/v2\/comments?post=2274"}],"version-history":[{"count":5,"href":"https:\/\/www.vuesdenface.com\/web\/wp-json\/wp\/v2\/pages\/2274\/revisions"}],"predecessor-version":[{"id":2361,"href":"https:\/\/www.vuesdenface.com\/web\/wp-json\/wp\/v2\/pages\/2274\/revisions\/2361"}],"up":[{"embeddable":true,"href":"https:\/\/www.vuesdenface.com\/web\/wp-json\/wp\/v2\/pages\/2268"}],"wp:featuredmedia":[{"embeddable":true,"href":"https:\/\/www.vuesdenface.com\/web\/wp-json\/wp\/v2\/media\/2357"}],"wp:attachment":[{"href":"https:\/\/www.vuesdenface.com\/web\/wp-json\/wp\/v2\/media?parent=2274"}],"curies":[{"name":"wp","href":"https:\/\/api.w.org\/{rel}","templated":true}]}}

<div>
<div>
<div>
<h2>Un pique-nique citoyen à la Bastille se déroulera en clôture du Festival, le dimanche22 avril 2012 à 13h.</h2>
<p>Profitons du rayon de soleil de ce dimanche matin 🙂 L&rsquo;équipe de Vues d&rsquo;en face monte à la Bastille, et vous ?</p>
<p>À partir de midi, le dimanche 22 avril 2012, rendez-vous dès 13h sur la pelouse du <strong>fort de la Bastille</strong> de Grenoble, apportez votre panier de pique nique et participez aux débats qui seront lancés. Animations, bonne ambiance, bonne humeur, petits et grands citoyens, venez pique-niquer en toute liberté !</p>
<p>Le Festival International du Film Gay et Lesbien de Grenoble est soutenu par la Ville depuis sa création. Le Festival est reconnu à l’international il a comme ambition cette année de se « décloisonner » et s’ouvrir à un public plus large.</p>
<p>L’<strong>Office de Tourisme</strong> apporte un soutien logitique au Festival pour la conception et la mise en vente de WE packagé, ainsi qu’un relais de communication et d’information au centre ville vers tous les publics.</p>
<p>Le site de la Bastille : <a href="http://www.bastille-grenoble.fr/"><strong>www.bastille-grenoble.fr</strong></a></p>
<div id="attachment_2359" style="width: 1010px" class="wp-caption aligncenter"><a href="http://www.vuesdenface.com/web/wp-content/uploads/2014/01/pique-nique-edition-11.png"><img loading="lazy" decoding="async" aria-describedby="caption-attachment-2359" class="size-full wp-image-2359" alt="pique nique edition 11" src="http://www.vuesdenface.com/web/wp-content/uploads/2014/01/pique-nique-edition-11.png" width="1000" height="1414" srcset="https://www.vuesdenface.com/web/wp-content/uploads/2014/01/pique-nique-edition-11.png 1000w, https://www.vuesdenface.com/web/wp-content/uploads/2014/01/pique-nique-edition-11-223x315.png 223w, https://www.vuesdenface.com/web/wp-content/uploads/2014/01/pique-nique-edition-11-212x300.png 212w, https://www.vuesdenface.com/web/wp-content/uploads/2014/01/pique-nique-edition-11-724x1024.png 724w, https://www.vuesdenface.com/web/wp-content/uploads/2014/01/pique-nique-edition-11-149x210.png 149w" sizes="auto, (max-width: 1000px) 100vw, 1000px" /></a><p id="caption-attachment-2359" class="wp-caption-text">pique nique edition 11</p></div>
</div>
</div>
</div>

<p>Un pique-nique citoyen à la Bastille se déroulera en clôture du Festival, le dimanche22 avril 2012 à 13h. Profitons du rayon de soleil de ce dimanche matin 🙂 L&rsquo;équipe de Vues d&rsquo;en face monte à la Bastille, et vous ? À partir de midi, le dimanche 22 avril 2012, rendez-vous dès 13h sur la pelouse &hellip; <a class="readmore" href="https://www.vuesdenface.com/web/edition/edition-11/pique-nique/">Continuer la lecture &rarr;</a></p>
