{"id":2275,"date":"2014-01-18T15:23:21","date_gmt":"2014-01-18T14:23:21","guid":{"rendered":"http:\/\/www.vuesdenface.com\/web\/edition\/edition-2\/prix-du-public-2012\/"},"modified":"2015-04-21T19:02:16","modified_gmt":"2015-04-21T18:02:16","slug":"prix-du-public-edition-11","status":"publish","type":"page","link":"https:\/\/www.vuesdenface.com\/web\/edition\/edition-11\/prix-du-public-edition-11\/","title":{"rendered":"Prix du Public"},"content":{"rendered":"<p><span style=\"font-family: Trebuchet MS;\">Ils \u00e9taient 21 longs m\u00e9trages et 11 courts m\u00e9trages soumis \u00e0 vos votes pour le Prix du Public de Vues d&rsquo;en Face 2012 !<\/span><\/p>\n<p>Les r\u00e9sultats \u00e9taient serr\u00e9s cette ann\u00e9e et nous avons souhait\u00e9 mettre en avant plusieurs longs m\u00e9trages que vous avez appr\u00e9ci\u00e9s :<\/p>\n<p>Tout d&rsquo;abord le film lesbien su\u00e9dois <b>KYSS MIG<\/b> de <i>Alexandra-Therese Keining<\/i> que vous avez pu voir en version sous titr\u00e9e par nos soins.<\/p>\n<p>Vous avez \u00e9galement pl\u00e9biscit\u00e9 le film gay anglais <b>WEEKEND<\/b> de <i>Andrew Haigh<\/i> qui rencontre un succ\u00e8s en salle et que vous pourrez voir ou revoir au Cin\u00e9ma Le Club \u00e0 partir de mercredi.<\/p>\n<p>Dans la cat\u00e9gorie des courts m\u00e9trages, vous avez toutes et tous succomb\u00e9 au charme du film br\u00e9silien <b>JE NE VEUX PAS RENTRER SEUL<\/b> (Eu n\u00e3o quero voltar sozinho) de <i>Daniel Ribeiro<\/i>.<\/p>\n<p>Pour la premi\u00e8re fois Vues d&rsquo;en face vous a propos\u00e9 des s\u00e9ries dans sa programmation et c&rsquo;est la s\u00e9rie musicale isra\u00e9lienne en 4 \u00e9pisodes <b>MARY LOU<\/b> de <i>Eytan Fox<\/i> que vous avez pr\u00e9f\u00e9r\u00e9 sans \u00e9quivoque et malgr\u00e9 une s\u00e9ance \u00e9pique en rebondissements techniques !<\/p>\n<p>Enfin, le film serbe <b>LA PARADE<\/b> de <i>Sr\u0111an Dragojevi\u0107 <\/i>projet\u00e9 en premi\u00e8re diffusion fran\u00e7aise et en cl\u00f4ture de cette semaine de festival bien que ne faisant pas parti des votes pour le Prix du Public a rencontr\u00e9 un \u00e9norme succ\u00e8s et nous lui souhaitons d\u00e8s maintenant une tr\u00e8s belle carri\u00e8re lors de la sortie nationale en d\u00e9cembre 2012 !<\/p>\n<br><p>Le prix du public n'a pas encore \u00e9t\u00e9 d\u00e9sign\u00e9.<br>Il sera annonc\u00e9 \u00e0 la fin du festival.<\/p><br>\n","protected":false},"excerpt":{"rendered":"<p>Ils \u00e9taient 21 longs m\u00e9trages et 11 courts m\u00e9trages soumis \u00e0 vos votes pour le Prix du Public de Vues d&rsquo;en Face 2012 ! Les r\u00e9sultats \u00e9taient serr\u00e9s cette ann\u00e9e et nous avons souhait\u00e9 mettre en avant plusieurs longs m\u00e9trages que vous avez appr\u00e9ci\u00e9s : Tout d&rsquo;abord le film lesbien su\u00e9dois KYSS MIG de Alexandra-Therese &hellip; <a class=\"readmore\" href=\"https:\/\/www.vuesdenface.com\/web\/edition\/edition-11\/prix-du-public-edition-11\/\">Continuer la lecture &rarr;<\/a><\/p>\n","protected":false},"author":1,"featured_media":0,"parent":2268,"menu_order":3,"comment_status":"closed","ping_status":"closed","template":"","meta":{"footnotes":""},"class_list":["post-2275","page","type-page","status-publish","hentry","numero_edition-edition-11"],"_links":{"self":[{"href":"https:\/\/www.vuesdenface.com\/web\/wp-json\/wp\/v2\/pages\/2275","targetHints":{"allow":["GET"]}}],"collection":[{"href":"https:\/\/www.vuesdenface.com\/web\/wp-json\/wp\/v2\/pages"}],"about":[{"href":"https:\/\/www.vuesdenface.com\/web\/wp-json\/wp\/v2\/types\/page"}],"author":[{"embeddable":true,"href":"https:\/\/www.vuesdenface.com\/web\/wp-json\/wp\/v2\/users\/1"}],"replies":[{"embeddable":true,"href":"https:\/\/www.vuesdenface.com\/web\/wp-json\/wp\/v2\/comments?post=2275"}],"version-history":[{"count":8,"href":"https:\/\/www.vuesdenface.com\/web\/wp-json\/wp\/v2\/pages\/2275\/revisions"}],"predecessor-version":[{"id":8474,"href":"https:\/\/www.vuesdenface.com\/web\/wp-json\/wp\/v2\/pages\/2275\/revisions\/8474"}],"up":[{"embeddable":true,"href":"https:\/\/www.vuesdenface.com\/web\/wp-json\/wp\/v2\/pages\/2268"}],"wp:attachment":[{"href":"https:\/\/www.vuesdenface.com\/web\/wp-json\/wp\/v2\/media?parent=2275"}],"curies":[{"name":"wp","href":"https:\/\/api.w.org\/{rel}","templated":true}]}}

<p><span style="font-family: Trebuchet MS;">Ils étaient 21 longs métrages et 11 courts métrages soumis à vos votes pour le Prix du Public de Vues d&rsquo;en Face 2012 !</span></p>
<p>Les résultats étaient serrés cette année et nous avons souhaité mettre en avant plusieurs longs métrages que vous avez appréciés :</p>
<p>Tout d&rsquo;abord le film lesbien suédois <b>KYSS MIG</b> de <i>Alexandra-Therese Keining</i> que vous avez pu voir en version sous titrée par nos soins.</p>
<p>Vous avez également plébiscité le film gay anglais <b>WEEKEND</b> de <i>Andrew Haigh</i> qui rencontre un succès en salle et que vous pourrez voir ou revoir au Cinéma Le Club à partir de mercredi.</p>
<p>Dans la catégorie des courts métrages, vous avez toutes et tous succombé au charme du film brésilien <b>JE NE VEUX PAS RENTRER SEUL</b> (Eu não quero voltar sozinho) de <i>Daniel Ribeiro</i>.</p>
<p>Pour la première fois Vues d&rsquo;en face vous a proposé des séries dans sa programmation et c&rsquo;est la série musicale israélienne en 4 épisodes <b>MARY LOU</b> de <i>Eytan Fox</i> que vous avez préféré sans équivoque et malgré une séance épique en rebondissements techniques !</p>
<p>Enfin, le film serbe <b>LA PARADE</b> de <i>Srđan Dragojević </i>projeté en première diffusion française et en clôture de cette semaine de festival bien que ne faisant pas parti des votes pour le Prix du Public a rencontré un énorme succès et nous lui souhaitons dès maintenant une très belle carrière lors de la sortie nationale en décembre 2012 !</p>
<br><p>Le prix du public n'a pas encore été désigné.<br>Il sera annoncé à la fin du festival.</p><br>

<p>Ils étaient 21 longs métrages et 11 courts métrages soumis à vos votes pour le Prix du Public de Vues d&rsquo;en Face 2012 ! Les résultats étaient serrés cette année et nous avons souhaité mettre en avant plusieurs longs métrages que vous avez appréciés : Tout d&rsquo;abord le film lesbien suédois KYSS MIG de Alexandra-Therese &hellip; <a class="readmore" href="https://www.vuesdenface.com/web/edition/edition-11/prix-du-public-edition-11/">Continuer la lecture &rarr;</a></p>
