{"id":2445,"date":"2014-01-19T16:22:53","date_gmt":"2014-01-19T15:22:53","guid":{"rendered":"http:\/\/www.vuesdenface.com\/web\/edition\/a-edition-11\/a-exposition\/"},"modified":"2014-01-19T20:43:46","modified_gmt":"2014-01-19T19:43:46","slug":"exposition","status":"publish","type":"page","link":"https:\/\/www.vuesdenface.com\/web\/edition\/edition-10\/exposition\/","title":{"rendered":"Exposition"},"content":{"rendered":"<h1 align=\"left\">Exposition \u00ab\u00a0St\u00e9r\u00e9otypes\u00a0\u00bb \u00e0 l&rsquo;Atelier du 8<\/h1>\n<p>Venez d\u00e9couvrir l&rsquo;exposition \u00ab\u00a0St\u00e9r\u00e9otypes \u00e0 l&rsquo;Atelier du 8 du 12 au 19 avril 2011.<\/p>\n\n","protected":false},"excerpt":{"rendered":"<p>Exposition \u00ab\u00a0St\u00e9r\u00e9otypes\u00a0\u00bb \u00e0 l&rsquo;Atelier du 8 Venez d\u00e9couvrir l&rsquo;exposition \u00ab\u00a0St\u00e9r\u00e9otypes \u00e0 l&rsquo;Atelier du 8 du 12 au 19 avril 2011.<\/p>\n","protected":false},"author":1,"featured_media":2521,"parent":2429,"menu_order":6,"comment_status":"closed","ping_status":"closed","template":"","meta":{"footnotes":""},"class_list":["post-2445","page","type-page","status-publish","has-post-thumbnail","hentry"],"_links":{"self":[{"href":"https:\/\/www.vuesdenface.com\/web\/wp-json\/wp\/v2\/pages\/2445","targetHints":{"allow":["GET"]}}],"collection":[{"href":"https:\/\/www.vuesdenface.com\/web\/wp-json\/wp\/v2\/pages"}],"about":[{"href":"https:\/\/www.vuesdenface.com\/web\/wp-json\/wp\/v2\/types\/page"}],"author":[{"embeddable":true,"href":"https:\/\/www.vuesdenface.com\/web\/wp-json\/wp\/v2\/users\/1"}],"replies":[{"embeddable":true,"href":"https:\/\/www.vuesdenface.com\/web\/wp-json\/wp\/v2\/comments?post=2445"}],"version-history":[{"count":8,"href":"https:\/\/www.vuesdenface.com\/web\/wp-json\/wp\/v2\/pages\/2445\/revisions"}],"predecessor-version":[{"id":2542,"href":"https:\/\/www.vuesdenface.com\/web\/wp-json\/wp\/v2\/pages\/2445\/revisions\/2542"}],"up":[{"embeddable":true,"href":"https:\/\/www.vuesdenface.com\/web\/wp-json\/wp\/v2\/pages\/2429"}],"wp:featuredmedia":[{"embeddable":true,"href":"https:\/\/www.vuesdenface.com\/web\/wp-json\/wp\/v2\/media\/2521"}],"wp:attachment":[{"href":"https:\/\/www.vuesdenface.com\/web\/wp-json\/wp\/v2\/media?parent=2445"}],"curies":[{"name":"wp","href":"https:\/\/api.w.org\/{rel}","templated":true}]}}

<h1 align="left">Exposition « Stéréotypes » à l&rsquo;Atelier du 8</h1>
<p>Venez découvrir l&rsquo;exposition « Stéréotypes à l&rsquo;Atelier du 8 du 12 au 19 avril 2011.</p>

<p>Exposition « Stéréotypes » à l&rsquo;Atelier du 8 Venez découvrir l&rsquo;exposition « Stéréotypes à l&rsquo;Atelier du 8 du 12 au 19 avril 2011.</p>
