{"id":5110,"date":"2014-03-12T13:55:47","date_gmt":"2014-03-12T12:55:47","guid":{"rendered":"http:\/\/www.vuesdenface.com\/web\/?page_id=5110"},"modified":"2014-03-23T08:39:14","modified_gmt":"2014-03-23T07:39:14","slug":"remerciements","status":"publish","type":"page","link":"https:\/\/www.vuesdenface.com\/web\/edition\/edition-14\/remerciements\/","title":{"rendered":"Remerciements"},"content":{"rendered":"<div>\n<p>L\u2019\u00e9quipe du Festival remercie :<\/p>\n<\/div>\n<div>\n<p>Jean-Jack Queyranne, Pr\u00e9sident du Conseil R\u00e9gional Rh\u00f4ne-Alpes,<\/p>\n<p>J\u00e9r\u00f4me Safar, Conseiller R\u00e9gional,<\/p>\n<p>Andr\u00e9 Vallini, Pr\u00e9sident du Conseil G\u00e9n\u00e9ral de l\u2019Is\u00e8re,<\/p>\n<p>Pascal Payen, Vice-pr\u00e9sident charg\u00e9\u00a0de la Culture,<\/p>\n<p>Christine Crifo, Conseill\u00e8re G\u00e9n\u00e9rale, Commission Culture,<\/p>\n<p>Michel Destot, D\u00e9put\u00e9-Maire de la Ville de Grenoble,<\/p>\n<p>\u00c9liane Baracetti, Adjointe au Maire charg\u00e9e de la Culture,<\/p>\n<p>Linda El Haddad, Conseill\u00e8re municipale d\u00e9l\u00e9gu\u00e9e \u00e0 la Lutte contre les discriminations,<\/p>\n<p>La Direction des Affaires Culturelles,<\/p>\n<p>Le Service Patrimoine Associatif,<\/p>\n<p>Le Service Communication,<\/p>\n<p>Marc Ba\u00efetto, Pr\u00e9sident de la Communaut\u00e9 d\u2019agglom\u00e9ration de Grenoble Alpes M\u00e9tropole (Metro),<\/p>\n<p>Patrick Ort\u00e9ga et tout le personnel du Cin\u00e9ma Le Club de Grenoble,<\/p>\n<p>Le personnel des Biblioth\u00e8ques Municipales de Grenoble,<\/p>\n<p>La Cin\u00e9math\u00e8que de Grenoble, Nicolas Tixier, Guillaume Poulet et toute l&rsquo;\u00e9quipe,<\/p>\n<p>Le Centre Culturel Cin\u00e9matographique, Christophe Berthelot et toute son \u00e9quipe,<\/p>\n<p>L&rsquo;Office du Tourisme de Grenoble,<\/p>\n<p>Yves Exbrayat, Elise Bureau,<\/p>\n<p>Grenoble Universit\u00e9, Bertrand Vignon et toute l\u2019\u00e9quipe d\u2019un Tramway Nomm\u00e9 Culture,<\/p>\n<p>Le Printemps du Livre, Carine D&rsquo;Inca, pour le partenariat sur les films Violette Leduc, Bambi et Opium,<\/p>\n<p>Le Petit Bulletin, Aur\u00e9lien Martinez, Christophe Chabert et Renaud Goubet,<\/p>\n<p>L&rsquo;Atelier du 8, J\u00e9r\u00f4me Briaud, pour l&rsquo;exposition de photos,<\/p>\n<p>Les copains d&rsquo;abord, Karine et Lionel et l&rsquo;As de Pique, Philippe,<\/p>\n<p>l\u2019ESAD, Ecole Sup\u00e9rieure d\u2019Art et Design,<\/p>\n<p>Inge Linger-Gaillard pour la s\u00e9ance Sebastiane,<\/p>\n<p>Le Festival Cineffable pour le sous-titrage de Difficult Love et Polaro\u00efd Girl.<\/p>\n<p>Le Festival Face \u00e0 Face de Saint-\u00c9tienne, pour le sous titrage de It&rsquo;s consuming me,<\/p>\n<p>Le Drak-Art, Amine, tous les artistes pour la soir\u00e9e de cl\u00f4ture,<\/p>\n<p>La R\u00e9gie 2C, la Bobine, Imp\u00e9rial et le Festival Les Femmes S\u2019en M\u00ealent, et les artistes accueillies pour ce concert,<\/p>\n<p>SUPCREA Grenoble, Sophie Colas,<\/p>\n<p>Gwena\u00eblle Abgrall-Ballain, les enseignants et les \u00e9tudiants Design Graphique 2 pour les projets d&rsquo;affiches,<\/p>\n<p>Les commer\u00e7ants et annonceurs, partenaires du Festival,<\/p>\n<p>Les invit\u00e9es et invit\u00e9s qui sont venus \u00e0 la rencontre du public de Vues d&rsquo;en face,<\/p>\n<p>Tous les r\u00e9alisateurs, producteurs, traducteurs, sous-titreurs, festivals et distributeurs sans qui rien n\u2019aurait \u00e9t\u00e9 possible.<\/p>\n<p>&nbsp;<\/p>\n\n<\/div>\n","protected":false},"excerpt":{"rendered":"<p>L\u2019\u00e9quipe du Festival remercie : Jean-Jack Queyranne, Pr\u00e9sident du Conseil R\u00e9gional Rh\u00f4ne-Alpes, J\u00e9r\u00f4me Safar, Conseiller R\u00e9gional, Andr\u00e9 Vallini, Pr\u00e9sident du Conseil G\u00e9n\u00e9ral de l\u2019Is\u00e8re, Pascal Payen, Vice-pr\u00e9sident charg\u00e9\u00a0de la Culture, Christine Crifo, Conseill\u00e8re G\u00e9n\u00e9rale, Commission Culture, Michel Destot, D\u00e9put\u00e9-Maire de la Ville de Grenoble, \u00c9liane Baracetti, Adjointe au Maire charg\u00e9e de la Culture, Linda El &hellip; <a class=\"readmore\" href=\"https:\/\/www.vuesdenface.com\/web\/edition\/edition-14\/remerciements\/\">Continuer la lecture &rarr;<\/a><\/p>\n","protected":false},"author":1,"featured_media":0,"parent":4749,"menu_order":50,"comment_status":"closed","ping_status":"open","template":"","meta":{"footnotes":""},"class_list":["post-5110","page","type-page","status-publish","hentry","numero_edition-edition-14"],"_links":{"self":[{"href":"https:\/\/www.vuesdenface.com\/web\/wp-json\/wp\/v2\/pages\/5110","targetHints":{"allow":["GET"]}}],"collection":[{"href":"https:\/\/www.vuesdenface.com\/web\/wp-json\/wp\/v2\/pages"}],"about":[{"href":"https:\/\/www.vuesdenface.com\/web\/wp-json\/wp\/v2\/types\/page"}],"author":[{"embeddable":true,"href":"https:\/\/www.vuesdenface.com\/web\/wp-json\/wp\/v2\/users\/1"}],"replies":[{"embeddable":true,"href":"https:\/\/www.vuesdenface.com\/web\/wp-json\/wp\/v2\/comments?post=5110"}],"version-history":[{"count":4,"href":"https:\/\/www.vuesdenface.com\/web\/wp-json\/wp\/v2\/pages\/5110\/revisions"}],"predecessor-version":[{"id":5718,"href":"https:\/\/www.vuesdenface.com\/web\/wp-json\/wp\/v2\/pages\/5110\/revisions\/5718"}],"up":[{"embeddable":true,"href":"https:\/\/www.vuesdenface.com\/web\/wp-json\/wp\/v2\/pages\/4749"}],"wp:attachment":[{"href":"https:\/\/www.vuesdenface.com\/web\/wp-json\/wp\/v2\/media?parent=5110"}],"curies":[{"name":"wp","href":"https:\/\/api.w.org\/{rel}","templated":true}]}}

<div>
<p>L’équipe du Festival remercie :</p>
</div>
<div>
<p>Jean-Jack Queyranne, Président du Conseil Régional Rhône-Alpes,</p>
<p>Jérôme Safar, Conseiller Régional,</p>
<p>André Vallini, Président du Conseil Général de l’Isère,</p>
<p>Pascal Payen, Vice-président chargé de la Culture,</p>
<p>Christine Crifo, Conseillère Générale, Commission Culture,</p>
<p>Michel Destot, Député-Maire de la Ville de Grenoble,</p>
<p>Éliane Baracetti, Adjointe au Maire chargée de la Culture,</p>
<p>Linda El Haddad, Conseillère municipale déléguée à la Lutte contre les discriminations,</p>
<p>La Direction des Affaires Culturelles,</p>
<p>Le Service Patrimoine Associatif,</p>
<p>Le Service Communication,</p>
<p>Marc Baïetto, Président de la Communauté d’agglomération de Grenoble Alpes Métropole (Metro),</p>
<p>Patrick Ortéga et tout le personnel du Cinéma Le Club de Grenoble,</p>
<p>Le personnel des Bibliothèques Municipales de Grenoble,</p>
<p>La Cinémathèque de Grenoble, Nicolas Tixier, Guillaume Poulet et toute l&rsquo;équipe,</p>
<p>Le Centre Culturel Cinématographique, Christophe Berthelot et toute son équipe,</p>
<p>L&rsquo;Office du Tourisme de Grenoble,</p>
<p>Yves Exbrayat, Elise Bureau,</p>
<p>Grenoble Université, Bertrand Vignon et toute l’équipe d’un Tramway Nommé Culture,</p>
<p>Le Printemps du Livre, Carine D&rsquo;Inca, pour le partenariat sur les films Violette Leduc, Bambi et Opium,</p>
<p>Le Petit Bulletin, Aurélien Martinez, Christophe Chabert et Renaud Goubet,</p>
<p>L&rsquo;Atelier du 8, Jérôme Briaud, pour l&rsquo;exposition de photos,</p>
<p>Les copains d&rsquo;abord, Karine et Lionel et l&rsquo;As de Pique, Philippe,</p>
<p>l’ESAD, Ecole Supérieure d’Art et Design,</p>
<p>Inge Linger-Gaillard pour la séance Sebastiane,</p>
<p>Le Festival Cineffable pour le sous-titrage de Difficult Love et Polaroïd Girl.</p>
<p>Le Festival Face à Face de Saint-Étienne, pour le sous titrage de It&rsquo;s consuming me,</p>
<p>Le Drak-Art, Amine, tous les artistes pour la soirée de clôture,</p>
<p>La Régie 2C, la Bobine, Impérial et le Festival Les Femmes S’en Mêlent, et les artistes accueillies pour ce concert,</p>
<p>SUPCREA Grenoble, Sophie Colas,</p>
<p>Gwenaëlle Abgrall-Ballain, les enseignants et les étudiants Design Graphique 2 pour les projets d&rsquo;affiches,</p>
<p>Les commerçants et annonceurs, partenaires du Festival,</p>
<p>Les invitées et invités qui sont venus à la rencontre du public de Vues d&rsquo;en face,</p>
<p>Tous les réalisateurs, producteurs, traducteurs, sous-titreurs, festivals et distributeurs sans qui rien n’aurait été possible.</p>
<p>&nbsp;</p>

</div>

<p>L’équipe du Festival remercie : Jean-Jack Queyranne, Président du Conseil Régional Rhône-Alpes, Jérôme Safar, Conseiller Régional, André Vallini, Président du Conseil Général de l’Isère, Pascal Payen, Vice-président chargé de la Culture, Christine Crifo, Conseillère Générale, Commission Culture, Michel Destot, Député-Maire de la Ville de Grenoble, Éliane Baracetti, Adjointe au Maire chargée de la Culture, Linda El &hellip; <a class="readmore" href="https://www.vuesdenface.com/web/edition/edition-14/remerciements/">Continuer la lecture &rarr;</a></p>
