{"id":5491,"date":"2014-03-17T16:39:32","date_gmt":"2014-03-17T15:39:32","guid":{"rendered":"http:\/\/www.vuesdenface.com\/web\/?page_id=5491"},"modified":"2014-04-20T20:25:44","modified_gmt":"2014-04-20T19:25:44","slug":"soiree-de-cloture","status":"publish","type":"page","link":"https:\/\/www.vuesdenface.com\/web\/edition\/edition-14\/soiree-de-cloture\/","title":{"rendered":"Soir\u00e9e de Cl\u00f4ture"},"content":{"rendered":"<h4>samedi 19 avril &#8211; 23h \/ 6h<\/h4>\n<h3>Le Festival International\u00a0du Film Gay et Lesbien de Grenoble et le Drak-Art pr\u00e9sentent<\/h3>\n<ul>\n<li><strong>Gangs of Majorque aka Manny Ricardo &amp; guests&#8230;<br \/>\n<\/strong>MANNY RICARDO est m\u00e9langeur sonore.<br \/>\nSes sets musicaux se r\u00e9sument en deux mots : Genres &amp; Th\u00e9ories.<\/li>\n<li><span style=\"line-height: 1.5em;\">Grand activiste chez Micropop records, <strong>OMARIA<\/strong> s\u2019attache \u00e0 proposer des sets surprenants et recherch\u00e9s. Influenc\u00e9 par des artistes tels que Remain, Headman, Green Velvet et la techno latine de Com\u00e8ne, il compose une techno fantomatique o\u00f9 rythmes obss\u00e9dants et bizarreries disco occupent une place de choix.<\/span><\/li>\n<li><span style=\"line-height: 1.5em;\">Les mixs \u00e9clectiques de <strong>FRISSON<\/strong> servent un double objectif : faire danser bien s\u00fbr, mais aussi cr\u00e9er une exp\u00e9rience collective o\u00f9 DJ et public ne font plus qu\u2019un.<\/span><\/li>\n<\/ul>\n<div>\n<h3 style=\"text-align: center;\">Entr\u00e9e 3\u20ac avec un billet du festival \u2022 Plein tarif : 6\u20ac<\/h3>\n\n<hr \/>\n<p>&nbsp;<\/p>\n<div class=\"su-custom-gallery su-custom-gallery-align-left su-custom-gallery-title-hover\"><div class=\"su-custom-gallery-slide\" style=\"width:200px;height:200px\"><a href=\"https:\/\/www.vuesdenface.com\/web\/wp-content\/uploads\/2014\/04\/2014-04-19-soiree-officielle-04.jpg\" title=\"Soir\u00e9e au Drak Art\"><img loading=\"lazy\" decoding=\"async\" src=\"https:\/\/www.vuesdenface.com\/web\/wp-content\/uploads\/2014\/04\/2014-04-19-soiree-officielle-04-200x200.jpg\" alt=\"Soir\u00e9e au Drak Art\" width=\"200\" height=\"200\" \/><span class=\"su-custom-gallery-title\">Soir\u00e9e au Drak Art<\/span><\/a><\/div><div class=\"su-custom-gallery-slide\" style=\"width:200px;height:200px\"><a href=\"https:\/\/www.vuesdenface.com\/web\/wp-content\/uploads\/2014\/04\/2014-04-19-soiree-officielle-05.jpg\" title=\"Soir\u00e9e au Drak Art\"><img loading=\"lazy\" decoding=\"async\" src=\"https:\/\/www.vuesdenface.com\/web\/wp-content\/uploads\/2014\/04\/2014-04-19-soiree-officielle-05-200x200.jpg\" alt=\"Soir\u00e9e au Drak Art\" width=\"200\" height=\"200\" \/><span class=\"su-custom-gallery-title\">Soir\u00e9e au Drak Art<\/span><\/a><\/div><div class=\"su-clear\"><\/div><\/div>\n<\/div>\n","protected":false},"excerpt":{"rendered":"<p>samedi 19 avril &#8211; 23h \/ 6h Le Festival International\u00a0du Film Gay et Lesbien de Grenoble et le Drak-Art pr\u00e9sentent Gangs of Majorque aka Manny Ricardo &amp; guests&#8230; MANNY RICARDO est m\u00e9langeur sonore. Ses sets musicaux se r\u00e9sument en deux mots : Genres &amp; Th\u00e9ories. Grand activiste chez Micropop records, OMARIA s\u2019attache \u00e0 proposer des &hellip; <a class=\"readmore\" href=\"https:\/\/www.vuesdenface.com\/web\/edition\/edition-14\/soiree-de-cloture\/\">Continuer la lecture &rarr;<\/a><\/p>\n","protected":false},"author":1,"featured_media":5571,"parent":4749,"menu_order":38,"comment_status":"closed","ping_status":"open","template":"","meta":{"footnotes":""},"class_list":["post-5491","page","type-page","status-publish","has-post-thumbnail","hentry","numero_edition-edition-14"],"_links":{"self":[{"href":"https:\/\/www.vuesdenface.com\/web\/wp-json\/wp\/v2\/pages\/5491","targetHints":{"allow":["GET"]}}],"collection":[{"href":"https:\/\/www.vuesdenface.com\/web\/wp-json\/wp\/v2\/pages"}],"about":[{"href":"https:\/\/www.vuesdenface.com\/web\/wp-json\/wp\/v2\/types\/page"}],"author":[{"embeddable":true,"href":"https:\/\/www.vuesdenface.com\/web\/wp-json\/wp\/v2\/users\/1"}],"replies":[{"embeddable":true,"href":"https:\/\/www.vuesdenface.com\/web\/wp-json\/wp\/v2\/comments?post=5491"}],"version-history":[{"count":10,"href":"https:\/\/www.vuesdenface.com\/web\/wp-json\/wp\/v2\/pages\/5491\/revisions"}],"predecessor-version":[{"id":6356,"href":"https:\/\/www.vuesdenface.com\/web\/wp-json\/wp\/v2\/pages\/5491\/revisions\/6356"}],"up":[{"embeddable":true,"href":"https:\/\/www.vuesdenface.com\/web\/wp-json\/wp\/v2\/pages\/4749"}],"wp:featuredmedia":[{"embeddable":true,"href":"https:\/\/www.vuesdenface.com\/web\/wp-json\/wp\/v2\/media\/5571"}],"wp:attachment":[{"href":"https:\/\/www.vuesdenface.com\/web\/wp-json\/wp\/v2\/media?parent=5491"}],"curies":[{"name":"wp","href":"https:\/\/api.w.org\/{rel}","templated":true}]}}

Soirée de Clôture

<h4>samedi 19 avril &#8211; 23h / 6h</h4>
<h3>Le Festival International du Film Gay et Lesbien de Grenoble et le Drak-Art présentent</h3>
<ul>
<li><strong>Gangs of Majorque aka Manny Ricardo &amp; guests&#8230;<br />
</strong>MANNY RICARDO est mélangeur sonore.<br />
Ses sets musicaux se résument en deux mots : Genres &amp; Théories.</li>
<li><span style="line-height: 1.5em;">Grand activiste chez Micropop records, <strong>OMARIA</strong> s’attache à proposer des sets surprenants et recherchés. Influencé par des artistes tels que Remain, Headman, Green Velvet et la techno latine de Comène, il compose une techno fantomatique où rythmes obssédants et bizarreries disco occupent une place de choix.</span></li>
<li><span style="line-height: 1.5em;">Les mixs éclectiques de <strong>FRISSON</strong> servent un double objectif : faire danser bien sûr, mais aussi créer une expérience collective où DJ et public ne font plus qu’un.</span></li>
</ul>
<div>
<h3 style="text-align: center;">Entrée 3€ avec un billet du festival • Plein tarif : 6€</h3>

<hr />
<p>&nbsp;</p>
<div class="su-custom-gallery su-custom-gallery-align-left su-custom-gallery-title-hover"><div class="su-custom-gallery-slide" style="width:200px;height:200px"><a href="https://www.vuesdenface.com/web/wp-content/uploads/2014/04/2014-04-19-soiree-officielle-04.jpg" title="Soirée au Drak Art"><img loading="lazy" decoding="async" src="https://www.vuesdenface.com/web/wp-content/uploads/2014/04/2014-04-19-soiree-officielle-04-200x200.jpg" alt="Soirée au Drak Art" width="200" height="200" /><span class="su-custom-gallery-title">Soirée au Drak Art</span></a></div><div class="su-custom-gallery-slide" style="width:200px;height:200px"><a href="https://www.vuesdenface.com/web/wp-content/uploads/2014/04/2014-04-19-soiree-officielle-05.jpg" title="Soirée au Drak Art"><img loading="lazy" decoding="async" src="https://www.vuesdenface.com/web/wp-content/uploads/2014/04/2014-04-19-soiree-officielle-05-200x200.jpg" alt="Soirée au Drak Art" width="200" height="200" /><span class="su-custom-gallery-title">Soirée au Drak Art</span></a></div><div class="su-clear"></div></div>
</div>

<p>samedi 19 avril &#8211; 23h / 6h Le Festival International du Film Gay et Lesbien de Grenoble et le Drak-Art présentent Gangs of Majorque aka Manny Ricardo &amp; guests&#8230; MANNY RICARDO est mélangeur sonore. Ses sets musicaux se résument en deux mots : Genres &amp; Théories. Grand activiste chez Micropop records, OMARIA s’attache à proposer des &hellip; <a class="readmore" href="https://www.vuesdenface.com/web/edition/edition-14/soiree-de-cloture/">Continuer la lecture &rarr;</a></p>
