{"id":5618,"date":"2014-03-20T00:02:43","date_gmt":"2014-03-19T23:02:43","guid":{"rendered":"http:\/\/www.vuesdenface.com\/web\/?page_id=5618"},"modified":"2015-01-25T16:32:55","modified_gmt":"2015-01-25T15:32:55","slug":"conference-debat","status":"publish","type":"page","link":"https:\/\/www.vuesdenface.com\/web\/edition\/edition-14\/conference-debat\/","title":{"rendered":"Conf\u00e9rence d\u00e9bat"},"content":{"rendered":"<h2>\u00ab\u00a0<strong>L&rsquo;image de l&rsquo;homosexualit\u00e9 au cin\u00e9ma<\/strong>\u00ab\u00a0<\/h2>\n<p style=\"text-align: center;\">Conf\u00e9rence anim\u00e9e par <strong>Didier Roth-Bettoni<\/strong>.<br \/>\nRendez-vous \u00e0 l&rsquo;amphith\u00e9atre de <strong>l&rsquo;Office de Tourisme de Grenoble<br \/>\nSamedi 19 avril 2014 \u00e0 11h<\/strong><\/p>\n<p style=\"text-align: center;\"><strong>Entr\u00e9e gratuite<\/strong><\/p>\n<p>Didier Roth-Bettoni a \u00e9t\u00e9 durant vingt ans journaliste \u00e0 la fois dans la presse cin\u00e9ma (Premi\u00e8re, Muze, La Revue du Cin\u00e9ma\u2026) et dans la presse gay mais pas que (H\u00e9t\u00e9roclite). Il a dirig\u00e9 la r\u00e9daction de plusieurs magazines (Illico, Le Mensuel du Cin\u00e9ma, Ex \u00e6quo\u2026). Il a \u00e9galement dirig\u00e9 les \u00e9ditions 2008-2009 du festival de films LGBT Ch\u00e9ries-Ch\u00e9ris de Paris et a \u00e9t\u00e9 libraire dans le Morbihan.<\/p>\n<div class=\"su-custom-gallery su-custom-gallery-align-left su-custom-gallery-title-hover\"><div class=\"su-custom-gallery-slide\" style=\"width:200px;height:200px\"><a href=\"https:\/\/www.vuesdenface.com\/web\/wp-content\/uploads\/2014\/03\/2014-04-19-conference-histoire-cinema-gay-01.jpg\" title=\"Conf\u00e9rence  de Didier Roth-Bettoni : \u00ab\u00a0Histoire de l&rsquo;Homosexualit\u00e9 au Cin\u00e9ma\"><img loading=\"lazy\" decoding=\"async\" src=\"https:\/\/www.vuesdenface.com\/web\/wp-content\/uploads\/2014\/03\/2014-04-19-conference-histoire-cinema-gay-01-200x200.jpg\" alt=\"Conf\u00e9rence  de Didier Roth-Bettoni : \u00ab\u00a0Histoire de l&rsquo;Homosexualit\u00e9 au Cin\u00e9ma\" width=\"200\" height=\"200\" \/><span class=\"su-custom-gallery-title\">Conf\u00e9rence  de Didier Roth-Bettoni : \u00ab\u00a0Histoire de l&rsquo;Homosexualit\u00e9 au Cin\u00e9ma<\/span><\/a><\/div><div class=\"su-custom-gallery-slide\" style=\"width:200px;height:200px\"><a href=\"https:\/\/www.vuesdenface.com\/web\/wp-content\/uploads\/2014\/03\/2014-04-19-conference-histoire-cinema-gay-02.jpg\" title=\"Conf\u00e9rence  de Didier Roth-Bettoni : \u00ab\u00a0Histoire de l&rsquo;Homosexualit\u00e9 au Cin\u00e9ma\"><img loading=\"lazy\" decoding=\"async\" src=\"https:\/\/www.vuesdenface.com\/web\/wp-content\/uploads\/2014\/03\/2014-04-19-conference-histoire-cinema-gay-02-200x200.jpg\" alt=\"Conf\u00e9rence  de Didier Roth-Bettoni : \u00ab\u00a0Histoire de l&rsquo;Homosexualit\u00e9 au Cin\u00e9ma\" width=\"200\" height=\"200\" \/><span class=\"su-custom-gallery-title\">Conf\u00e9rence  de Didier Roth-Bettoni : \u00ab\u00a0Histoire de l&rsquo;Homosexualit\u00e9 au Cin\u00e9ma<\/span><\/a><\/div><div class=\"su-custom-gallery-slide\" style=\"width:200px;height:200px\"><a href=\"https:\/\/www.vuesdenface.com\/web\/wp-content\/uploads\/2014\/03\/2014-04-19-conference-histoire-cinema-gay-04.jpg\" title=\"Conf\u00e9rence  de Didier Roth-Bettoni : \u00ab\u00a0Histoire de l&rsquo;Homosexualit\u00e9 au Cin\u00e9ma\"><img loading=\"lazy\" decoding=\"async\" src=\"https:\/\/www.vuesdenface.com\/web\/wp-content\/uploads\/2014\/03\/2014-04-19-conference-histoire-cinema-gay-04-200x200.jpg\" alt=\"Conf\u00e9rence  de Didier Roth-Bettoni : \u00ab\u00a0Histoire de l&rsquo;Homosexualit\u00e9 au Cin\u00e9ma\" width=\"200\" height=\"200\" \/><span class=\"su-custom-gallery-title\">Conf\u00e9rence  de Didier Roth-Bettoni : \u00ab\u00a0Histoire de l&rsquo;Homosexualit\u00e9 au Cin\u00e9ma<\/span><\/a><\/div><div class=\"su-clear\"><\/div><\/div>\n\n<p style=\"text-align: center;\"><strong>A noter \u00e9galement la projection gratuite de <a href=\"..\/..\/..\/films\/sebastiane\">Sebastiane<br \/>\n<\/a>\u00e0 L\u2019ESAD (\u00c9cole Sup\u00e9rieure d\u2019Art et Design)<br \/>\njeudi 17 avril \u00e0 18h.<\/strong><\/p>\n\n<!-- template extrait_fiche_post --><div id=\"rubrique\" class=\"trailer\"><i class=\"fa fa-film\"><\/i>&nbsp;Fiche film<br><hr><\/div><table class=\"extrait-film\"><tr><td width=\"100\"><div class=\"vignette-affiche-extrait\" width=\"100px\" height=\"150px\"><figure><a href=\"https:\/\/www.vuesdenface.com\/web\/film\/sebastiane\/\"><img loading=\"lazy\" decoding=\"async\" src=\"https:\/\/www.vuesdenface.com\/web\/wp-content\/vignettes-vdef\/2014\/03\/100x150\/sebastiane-07-100x150.jpg\" width=\"100\" height=\"150\" class=\"vignette-affiche-extrait\" alt=\"Sebastiane\" title=\"Sebastiane\" rel=\"\"><\/a><figcaption><a href=\"https:\/\/www.vuesdenface.com\/web\/film\/sebastiane\/\"><\/a><\/figcaption><\/figure><\/div><\/td><td><article class=\"post-extrait\"><header class=\"extrait-header\"><span class=\"titre-film-h1\"><a rel=\"bookmark\" href=\"https:\/\/www.vuesdenface.com\/web\/film\/sebastiane\/\">Sebastiane<\/a><\/span><\/header><i>Drame&nbsp;&bull;&nbsp;Allemagne&nbsp;&bull;&nbsp;1976&nbsp;&bull;&nbsp;86 minutes&nbsp;&bull;&nbsp;VOSTF<\/i><br\/><span> Quelques l\u00e9gionnaires, au IVe si\u00e8cle apr\u00e8s J.C., en garnison sous le soleil, sur un promontoire perdu juste avant la mer. Parmi eux, Sebastianus, un soldat chr\u00e9tien radieux comme un ange m\u00e9ridional, brun aux cheveux courts, qui ne se donne qu\u2019\u00e0 Dieu, et un tribun militaire pa\u00efen, d\u2019une blondeur de ...<\/span><a class=\"readmore\" href=\"https:\/\/www.vuesdenface.com\/web\/film\/sebastiane\/\">    Continuer la lecture \u2192<\/a><\/td><\/tr><\/table>\n<div class=\"su-custom-gallery su-custom-gallery-align-left su-custom-gallery-title-hover\"><div class=\"su-custom-gallery-slide\" style=\"width:200px;height:200px\"><a href=\"https:\/\/www.vuesdenface.com\/web\/wp-content\/uploads\/2014\/04\/2014-04-13-sebastiane-01.jpg\" title=\"Projection Sebastiane \u00e0 l&rsquo;ESAD\"><img loading=\"lazy\" decoding=\"async\" src=\"https:\/\/www.vuesdenface.com\/web\/wp-content\/uploads\/2014\/04\/2014-04-13-sebastiane-01-200x200.jpg\" alt=\"Projection Sebastiane \u00e0 l&rsquo;ESAD\" width=\"200\" height=\"200\" \/><span class=\"su-custom-gallery-title\">Projection Sebastiane \u00e0 l&rsquo;ESAD<\/span><\/a><\/div><div class=\"su-custom-gallery-slide\" style=\"width:200px;height:200px\"><a href=\"https:\/\/www.vuesdenface.com\/web\/wp-content\/uploads\/2014\/04\/2014-04-13-sebastiane-02.jpg\" title=\"Projection Sebastiane \u00e0 l&rsquo;ESAD\"><img loading=\"lazy\" decoding=\"async\" src=\"https:\/\/www.vuesdenface.com\/web\/wp-content\/uploads\/2014\/04\/2014-04-13-sebastiane-02-200x200.jpg\" alt=\"Projection Sebastiane \u00e0 l&rsquo;ESAD\" width=\"200\" height=\"200\" \/><span class=\"su-custom-gallery-title\">Projection Sebastiane \u00e0 l&rsquo;ESAD<\/span><\/a><\/div><div class=\"su-custom-gallery-slide\" style=\"width:200px;height:200px\"><a href=\"https:\/\/www.vuesdenface.com\/web\/wp-content\/uploads\/2014\/04\/2014-04-13-sebastiane-03.jpg\" title=\"Projection Sebastiane \u00e0 l&rsquo;ESAD\"><img loading=\"lazy\" decoding=\"async\" src=\"https:\/\/www.vuesdenface.com\/web\/wp-content\/uploads\/2014\/04\/2014-04-13-sebastiane-03-200x200.jpg\" alt=\"Projection Sebastiane \u00e0 l&rsquo;ESAD\" width=\"200\" height=\"200\" \/><span class=\"su-custom-gallery-title\">Projection Sebastiane \u00e0 l&rsquo;ESAD<\/span><\/a><\/div><div class=\"su-custom-gallery-slide\" style=\"width:200px;height:200px\"><a href=\"https:\/\/www.vuesdenface.com\/web\/wp-content\/uploads\/2014\/04\/2014-04-13-sebastiane-07.jpg\" title=\"Intervention de Didier Roth-Bettoni\"><img loading=\"lazy\" decoding=\"async\" src=\"https:\/\/www.vuesdenface.com\/web\/wp-content\/uploads\/2014\/04\/2014-04-13-sebastiane-07-200x200.jpg\" alt=\"Intervention de Didier Roth-Bettoni\" width=\"200\" height=\"200\" \/><span class=\"su-custom-gallery-title\">Intervention de Didier Roth-Bettoni<\/span><\/a><\/div><div class=\"su-custom-gallery-slide\" style=\"width:200px;height:200px\"><a href=\"https:\/\/www.vuesdenface.com\/web\/wp-content\/uploads\/2014\/04\/2014-04-13-sebastiane-10.jpg\" title=\"Projection Sebastiane \u00e0 l&rsquo;ESAD\"><img loading=\"lazy\" decoding=\"async\" src=\"https:\/\/www.vuesdenface.com\/web\/wp-content\/uploads\/2014\/04\/2014-04-13-sebastiane-10-200x200.jpg\" alt=\"Projection Sebastiane \u00e0 l&rsquo;ESAD\" width=\"200\" height=\"200\" \/><span class=\"su-custom-gallery-title\">Projection Sebastiane \u00e0 l&rsquo;ESAD<\/span><\/a><\/div><div class=\"su-custom-gallery-slide\" style=\"width:200px;height:200px\"><a href=\"https:\/\/www.vuesdenface.com\/web\/wp-content\/uploads\/2014\/04\/2014-04-13-sebastiane-05.jpg\" title=\"Projection Sebastiane \u00e0 l&rsquo;ESAD\"><img loading=\"lazy\" decoding=\"async\" src=\"https:\/\/www.vuesdenface.com\/web\/wp-content\/uploads\/2014\/04\/2014-04-13-sebastiane-05-200x200.jpg\" alt=\"Projection Sebastiane \u00e0 l&rsquo;ESAD\" width=\"200\" height=\"200\" \/><span class=\"su-custom-gallery-title\">Projection Sebastiane \u00e0 l&rsquo;ESAD<\/span><\/a><\/div><div class=\"su-custom-gallery-slide\" style=\"width:200px;height:200px\"><a href=\"https:\/\/www.vuesdenface.com\/web\/wp-content\/uploads\/2014\/04\/2014-04-13-sebastiane-11.jpg\" title=\"Projection Sebastiane \u00e0 l&rsquo;ESAD\"><img loading=\"lazy\" decoding=\"async\" src=\"https:\/\/www.vuesdenface.com\/web\/wp-content\/uploads\/2014\/04\/2014-04-13-sebastiane-11-200x200.jpg\" alt=\"Projection Sebastiane \u00e0 l&rsquo;ESAD\" width=\"200\" height=\"200\" \/><span class=\"su-custom-gallery-title\">Projection Sebastiane \u00e0 l&rsquo;ESAD<\/span><\/a><\/div><div class=\"su-custom-gallery-slide\" style=\"width:200px;height:200px\"><a href=\"https:\/\/www.vuesdenface.com\/web\/wp-content\/uploads\/2014\/04\/2014-04-13-sebastiane-13.jpg\" title=\"Projection Sebastiane \u00e0 l&rsquo;ESAD\"><img loading=\"lazy\" decoding=\"async\" src=\"https:\/\/www.vuesdenface.com\/web\/wp-content\/uploads\/2014\/04\/2014-04-13-sebastiane-13-200x200.jpg\" alt=\"Projection Sebastiane \u00e0 l&rsquo;ESAD\" width=\"200\" height=\"200\" \/><span class=\"su-custom-gallery-title\">Projection Sebastiane \u00e0 l&rsquo;ESAD<\/span><\/a><\/div><div class=\"su-clear\"><\/div><\/div>\n\n","protected":false},"excerpt":{"rendered":"<p>\u00ab\u00a0L&rsquo;image de l&rsquo;homosexualit\u00e9 au cin\u00e9ma\u00ab\u00a0 Conf\u00e9rence anim\u00e9e par Didier Roth-Bettoni. Rendez-vous \u00e0 l&rsquo;amphith\u00e9atre de l&rsquo;Office de Tourisme de Grenoble Samedi 19 avril 2014 \u00e0 11h Entr\u00e9e gratuite Didier Roth-Bettoni a \u00e9t\u00e9 durant vingt ans journaliste \u00e0 la fois dans la presse cin\u00e9ma (Premi\u00e8re, Muze, La Revue du Cin\u00e9ma\u2026) et dans la presse gay mais pas &hellip; <a class=\"readmore\" href=\"https:\/\/www.vuesdenface.com\/web\/edition\/edition-14\/conference-debat\/\">Continuer la lecture &rarr;<\/a><\/p>\n","protected":false},"author":1,"featured_media":6231,"parent":4749,"menu_order":20,"comment_status":"closed","ping_status":"open","template":"","meta":{"footnotes":""},"class_list":["post-5618","page","type-page","status-publish","has-post-thumbnail","hentry","numero_edition-edition-14"],"_links":{"self":[{"href":"https:\/\/www.vuesdenface.com\/web\/wp-json\/wp\/v2\/pages\/5618","targetHints":{"allow":["GET"]}}],"collection":[{"href":"https:\/\/www.vuesdenface.com\/web\/wp-json\/wp\/v2\/pages"}],"about":[{"href":"https:\/\/www.vuesdenface.com\/web\/wp-json\/wp\/v2\/types\/page"}],"author":[{"embeddable":true,"href":"https:\/\/www.vuesdenface.com\/web\/wp-json\/wp\/v2\/users\/1"}],"replies":[{"embeddable":true,"href":"https:\/\/www.vuesdenface.com\/web\/wp-json\/wp\/v2\/comments?post=5618"}],"version-history":[{"count":9,"href":"https:\/\/www.vuesdenface.com\/web\/wp-json\/wp\/v2\/pages\/5618\/revisions"}],"predecessor-version":[{"id":6335,"href":"https:\/\/www.vuesdenface.com\/web\/wp-json\/wp\/v2\/pages\/5618\/revisions\/6335"}],"up":[{"embeddable":true,"href":"https:\/\/www.vuesdenface.com\/web\/wp-json\/wp\/v2\/pages\/4749"}],"wp:featuredmedia":[{"embeddable":true,"href":"https:\/\/www.vuesdenface.com\/web\/wp-json\/wp\/v2\/media\/6231"}],"wp:attachment":[{"href":"https:\/\/www.vuesdenface.com\/web\/wp-json\/wp\/v2\/media?parent=5618"}],"curies":[{"name":"wp","href":"https:\/\/api.w.org\/{rel}","templated":true}]}}

Conférence débat

<h2>« <strong>L&rsquo;image de l&rsquo;homosexualité au cinéma</strong>« </h2>
<p style="text-align: center;">Conférence animée par <strong>Didier Roth-Bettoni</strong>.<br />
Rendez-vous à l&rsquo;amphithéatre de <strong>l&rsquo;Office de Tourisme de Grenoble<br />
Samedi 19 avril 2014 à 11h</strong></p>
<p style="text-align: center;"><strong>Entrée gratuite</strong></p>
<p>Didier Roth-Bettoni a été durant vingt ans journaliste à la fois dans la presse cinéma (Première, Muze, La Revue du Cinéma…) et dans la presse gay mais pas que (Hétéroclite). Il a dirigé la rédaction de plusieurs magazines (Illico, Le Mensuel du Cinéma, Ex æquo…). Il a également dirigé les éditions 2008-2009 du festival de films LGBT Chéries-Chéris de Paris et a été libraire dans le Morbihan.</p>
<div class="su-custom-gallery su-custom-gallery-align-left su-custom-gallery-title-hover"><div class="su-custom-gallery-slide" style="width:200px;height:200px"><a href="https://www.vuesdenface.com/web/wp-content/uploads/2014/03/2014-04-19-conference-histoire-cinema-gay-01.jpg" title="Conférence  de Didier Roth-Bettoni : « Histoire de l&rsquo;Homosexualité au Cinéma"><img loading="lazy" decoding="async" src="https://www.vuesdenface.com/web/wp-content/uploads/2014/03/2014-04-19-conference-histoire-cinema-gay-01-200x200.jpg" alt="Conférence  de Didier Roth-Bettoni : « Histoire de l&rsquo;Homosexualité au Cinéma" width="200" height="200" /><span class="su-custom-gallery-title">Conférence  de Didier Roth-Bettoni : « Histoire de l&rsquo;Homosexualité au Cinéma</span></a></div><div class="su-custom-gallery-slide" style="width:200px;height:200px"><a href="https://www.vuesdenface.com/web/wp-content/uploads/2014/03/2014-04-19-conference-histoire-cinema-gay-02.jpg" title="Conférence  de Didier Roth-Bettoni : « Histoire de l&rsquo;Homosexualité au Cinéma"><img loading="lazy" decoding="async" src="https://www.vuesdenface.com/web/wp-content/uploads/2014/03/2014-04-19-conference-histoire-cinema-gay-02-200x200.jpg" alt="Conférence  de Didier Roth-Bettoni : « Histoire de l&rsquo;Homosexualité au Cinéma" width="200" height="200" /><span class="su-custom-gallery-title">Conférence  de Didier Roth-Bettoni : « Histoire de l&rsquo;Homosexualité au Cinéma</span></a></div><div class="su-custom-gallery-slide" style="width:200px;height:200px"><a href="https://www.vuesdenface.com/web/wp-content/uploads/2014/03/2014-04-19-conference-histoire-cinema-gay-04.jpg" title="Conférence  de Didier Roth-Bettoni : « Histoire de l&rsquo;Homosexualité au Cinéma"><img loading="lazy" decoding="async" src="https://www.vuesdenface.com/web/wp-content/uploads/2014/03/2014-04-19-conference-histoire-cinema-gay-04-200x200.jpg" alt="Conférence  de Didier Roth-Bettoni : « Histoire de l&rsquo;Homosexualité au Cinéma" width="200" height="200" /><span class="su-custom-gallery-title">Conférence  de Didier Roth-Bettoni : « Histoire de l&rsquo;Homosexualité au Cinéma</span></a></div><div class="su-clear"></div></div>

<p style="text-align: center;"><strong>A noter également la projection gratuite de <a href="../../../films/sebastiane">Sebastiane<br />
</a>à L’ESAD (École Supérieure d’Art et Design)<br />
jeudi 17 avril à 18h.</strong></p>

<!-- template extrait_fiche_post --><div id="rubrique" class="trailer"><i class="fa fa-film"></i>&nbsp;Fiche film<br><hr></div><table class="extrait-film"><tr><td width="100"><div class="vignette-affiche-extrait" width="100px" height="150px"><figure><a href="https://www.vuesdenface.com/web/film/sebastiane/"><img loading="lazy" decoding="async" src="https://www.vuesdenface.com/web/wp-content/vignettes-vdef/2014/03/100x150/sebastiane-07-100x150.jpg" width="100" height="150" class="vignette-affiche-extrait" alt="Sebastiane" title="Sebastiane" rel=""></a><figcaption><a href="https://www.vuesdenface.com/web/film/sebastiane/"></a></figcaption></figure></div></td><td><article class="post-extrait"><header class="extrait-header"><span class="titre-film-h1"><a rel="bookmark" href="https://www.vuesdenface.com/web/film/sebastiane/">Sebastiane</a></span></header><i>Drame&nbsp;&bull;&nbsp;Allemagne&nbsp;&bull;&nbsp;1976&nbsp;&bull;&nbsp;86 minutes&nbsp;&bull;&nbsp;VOSTF</i><br/><span> Quelques légionnaires, au IVe siècle après J.C., en garnison sous le soleil, sur un promontoire perdu juste avant la mer. Parmi eux, Sebastianus, un soldat chrétien radieux comme un ange méridional, brun aux cheveux courts, qui ne se donne qu’à Dieu, et un tribun militaire païen, d’une blondeur de ...</span><a class="readmore" href="https://www.vuesdenface.com/web/film/sebastiane/">    Continuer la lecture →</a></td></tr></table>
<div class="su-custom-gallery su-custom-gallery-align-left su-custom-gallery-title-hover"><div class="su-custom-gallery-slide" style="width:200px;height:200px"><a href="https://www.vuesdenface.com/web/wp-content/uploads/2014/04/2014-04-13-sebastiane-01.jpg" title="Projection Sebastiane à l&rsquo;ESAD"><img loading="lazy" decoding="async" src="https://www.vuesdenface.com/web/wp-content/uploads/2014/04/2014-04-13-sebastiane-01-200x200.jpg" alt="Projection Sebastiane à l&rsquo;ESAD" width="200" height="200" /><span class="su-custom-gallery-title">Projection Sebastiane à l&rsquo;ESAD</span></a></div><div class="su-custom-gallery-slide" style="width:200px;height:200px"><a href="https://www.vuesdenface.com/web/wp-content/uploads/2014/04/2014-04-13-sebastiane-02.jpg" title="Projection Sebastiane à l&rsquo;ESAD"><img loading="lazy" decoding="async" src="https://www.vuesdenface.com/web/wp-content/uploads/2014/04/2014-04-13-sebastiane-02-200x200.jpg" alt="Projection Sebastiane à l&rsquo;ESAD" width="200" height="200" /><span class="su-custom-gallery-title">Projection Sebastiane à l&rsquo;ESAD</span></a></div><div class="su-custom-gallery-slide" style="width:200px;height:200px"><a href="https://www.vuesdenface.com/web/wp-content/uploads/2014/04/2014-04-13-sebastiane-03.jpg" title="Projection Sebastiane à l&rsquo;ESAD"><img loading="lazy" decoding="async" src="https://www.vuesdenface.com/web/wp-content/uploads/2014/04/2014-04-13-sebastiane-03-200x200.jpg" alt="Projection Sebastiane à l&rsquo;ESAD" width="200" height="200" /><span class="su-custom-gallery-title">Projection Sebastiane à l&rsquo;ESAD</span></a></div><div class="su-custom-gallery-slide" style="width:200px;height:200px"><a href="https://www.vuesdenface.com/web/wp-content/uploads/2014/04/2014-04-13-sebastiane-07.jpg" title="Intervention de Didier Roth-Bettoni"><img loading="lazy" decoding="async" src="https://www.vuesdenface.com/web/wp-content/uploads/2014/04/2014-04-13-sebastiane-07-200x200.jpg" alt="Intervention de Didier Roth-Bettoni" width="200" height="200" /><span class="su-custom-gallery-title">Intervention de Didier Roth-Bettoni</span></a></div><div class="su-custom-gallery-slide" style="width:200px;height:200px"><a href="https://www.vuesdenface.com/web/wp-content/uploads/2014/04/2014-04-13-sebastiane-10.jpg" title="Projection Sebastiane à l&rsquo;ESAD"><img loading="lazy" decoding="async" src="https://www.vuesdenface.com/web/wp-content/uploads/2014/04/2014-04-13-sebastiane-10-200x200.jpg" alt="Projection Sebastiane à l&rsquo;ESAD" width="200" height="200" /><span class="su-custom-gallery-title">Projection Sebastiane à l&rsquo;ESAD</span></a></div><div class="su-custom-gallery-slide" style="width:200px;height:200px"><a href="https://www.vuesdenface.com/web/wp-content/uploads/2014/04/2014-04-13-sebastiane-05.jpg" title="Projection Sebastiane à l&rsquo;ESAD"><img loading="lazy" decoding="async" src="https://www.vuesdenface.com/web/wp-content/uploads/2014/04/2014-04-13-sebastiane-05-200x200.jpg" alt="Projection Sebastiane à l&rsquo;ESAD" width="200" height="200" /><span class="su-custom-gallery-title">Projection Sebastiane à l&rsquo;ESAD</span></a></div><div class="su-custom-gallery-slide" style="width:200px;height:200px"><a href="https://www.vuesdenface.com/web/wp-content/uploads/2014/04/2014-04-13-sebastiane-11.jpg" title="Projection Sebastiane à l&rsquo;ESAD"><img loading="lazy" decoding="async" src="https://www.vuesdenface.com/web/wp-content/uploads/2014/04/2014-04-13-sebastiane-11-200x200.jpg" alt="Projection Sebastiane à l&rsquo;ESAD" width="200" height="200" /><span class="su-custom-gallery-title">Projection Sebastiane à l&rsquo;ESAD</span></a></div><div class="su-custom-gallery-slide" style="width:200px;height:200px"><a href="https://www.vuesdenface.com/web/wp-content/uploads/2014/04/2014-04-13-sebastiane-13.jpg" title="Projection Sebastiane à l&rsquo;ESAD"><img loading="lazy" decoding="async" src="https://www.vuesdenface.com/web/wp-content/uploads/2014/04/2014-04-13-sebastiane-13-200x200.jpg" alt="Projection Sebastiane à l&rsquo;ESAD" width="200" height="200" /><span class="su-custom-gallery-title">Projection Sebastiane à l&rsquo;ESAD</span></a></div><div class="su-clear"></div></div>

<p>« L&rsquo;image de l&rsquo;homosexualité au cinéma«  Conférence animée par Didier Roth-Bettoni. Rendez-vous à l&rsquo;amphithéatre de l&rsquo;Office de Tourisme de Grenoble Samedi 19 avril 2014 à 11h Entrée gratuite Didier Roth-Bettoni a été durant vingt ans journaliste à la fois dans la presse cinéma (Première, Muze, La Revue du Cinéma…) et dans la presse gay mais pas &hellip; <a class="readmore" href="https://www.vuesdenface.com/web/edition/edition-14/conference-debat/">Continuer la lecture &rarr;</a></p>
