{"id":6376,"date":"2014-04-21T21:39:32","date_gmt":"2014-04-21T20:39:32","guid":{"rendered":"http:\/\/www.vuesdenface.com\/web\/?page_id=6376"},"modified":"2014-11-16T18:23:06","modified_gmt":"2014-11-16T17:23:06","slug":"prix-du-public-edition-14","status":"publish","type":"page","link":"https:\/\/www.vuesdenface.com\/web\/edition\/edition-14\/prix-du-public-edition-14\/","title":{"rendered":"Prix du Public"},"content":{"rendered":"<p style=\"text-align: center;\">Vous avez \u00e9t\u00e9 tr\u00e8s nombreuses et nombreux \u00e0 participer aux votes pour d\u00e9signer<br \/>\nle Prix du Public 2014, dont voici les r\u00e9sultats :<\/p>\n<p style=\"text-align: center;\"><br><p>Le prix du public n'a pas encore \u00e9t\u00e9 d\u00e9sign\u00e9.<br>Il sera annonc\u00e9 \u00e0 la fin du festival.<\/p><br>\n","protected":false},"excerpt":{"rendered":"<p>Vous avez \u00e9t\u00e9 tr\u00e8s nombreuses et nombreux \u00e0 participer aux votes pour d\u00e9signer le Prix du Public 2014, dont voici les r\u00e9sultats :<\/p>\n","protected":false},"author":1,"featured_media":0,"parent":4749,"menu_order":2,"comment_status":"closed","ping_status":"closed","template":"","meta":{"footnotes":""},"class_list":["post-6376","page","type-page","status-publish","hentry"],"_links":{"self":[{"href":"https:\/\/www.vuesdenface.com\/web\/wp-json\/wp\/v2\/pages\/6376","targetHints":{"allow":["GET"]}}],"collection":[{"href":"https:\/\/www.vuesdenface.com\/web\/wp-json\/wp\/v2\/pages"}],"about":[{"href":"https:\/\/www.vuesdenface.com\/web\/wp-json\/wp\/v2\/types\/page"}],"author":[{"embeddable":true,"href":"https:\/\/www.vuesdenface.com\/web\/wp-json\/wp\/v2\/users\/1"}],"replies":[{"embeddable":true,"href":"https:\/\/www.vuesdenface.com\/web\/wp-json\/wp\/v2\/comments?post=6376"}],"version-history":[{"count":1,"href":"https:\/\/www.vuesdenface.com\/web\/wp-json\/wp\/v2\/pages\/6376\/revisions"}],"predecessor-version":[{"id":6377,"href":"https:\/\/www.vuesdenface.com\/web\/wp-json\/wp\/v2\/pages\/6376\/revisions\/6377"}],"up":[{"embeddable":true,"href":"https:\/\/www.vuesdenface.com\/web\/wp-json\/wp\/v2\/pages\/4749"}],"wp:attachment":[{"href":"https:\/\/www.vuesdenface.com\/web\/wp-json\/wp\/v2\/media?parent=6376"}],"curies":[{"name":"wp","href":"https:\/\/api.w.org\/{rel}","templated":true}]}}

<p style="text-align: center;">Vous avez été très nombreuses et nombreux à participer aux votes pour désigner<br />
le Prix du Public 2014, dont voici les résultats :</p>
<p style="text-align: center;"><br><p>Le prix du public n'a pas encore été désigné.<br>Il sera annoncé à la fin du festival.</p><br>

<p>Vous avez été très nombreuses et nombreux à participer aux votes pour désigner le Prix du Public 2014, dont voici les résultats :</p>
