{"id":648,"date":"2013-11-03T16:21:17","date_gmt":"2013-11-03T15:21:17","guid":{"rendered":"http:\/\/www.vagalam.net\/?page_id=648"},"modified":"2025-05-22T09:44:23","modified_gmt":"2025-05-22T08:44:23","slug":"partenaires","status":"publish","type":"page","link":"https:\/\/www.vuesdenface.com\/web\/partenaires\/","title":{"rendered":"Partenariats"},"content":{"rendered":"<p><span style=\"line-height: 1.5em;\">Depuis 2002, le Festival a enregistr\u00e9 <strong>chaque ann\u00e9e pr\u00e8s de 2500 entr\u00e9es<\/strong> pour assister aux s\u00e9ances de projections de longs et courts m\u00e9trages. Le public (les publics !), s\u00e9duit(s) par la vari\u00e9t\u00e9 g\u00e9ographique et culturelle des \u0153uvres projet\u00e9es, s\u2019est montr\u00e9 enthousiaste et \u00e0 fait preuve d\u2019une <strong>fid\u00e9lit\u00e9 sans cesse renouvel\u00e9e<\/strong>.<\/span><\/p>\n<p>En plus des nombreux retours positifs recueillis par les organisateur.rice.s et les encouragements d\u00e9pos\u00e9s sur le site Internet, les festivalier.\u00e8re.s ont pu voter et ont attribu\u00e9 chaque ann\u00e9e le Prix du Public.<\/p>\n<p><strong>Vous \u00eates un.e particulier.\u00e8re ou une entreprise<\/strong> et vous souhaitez associer votre image \u00e0 l&rsquo;organisation de la future \u00e9dition du Festival ou contribuer \u00e0 sa p\u00e9rennisation ?<\/p>\n<hr \/>\n<p><strong>Utilisez <a title=\"Contact\" href=\"..\/contact\/\">notre formulaire de contact<\/a> afin que nous puissions \u00e9tudier ensemble des solutions de partenariat pour la future \u00e9dition.<br \/>\n<\/strong><\/p>\n<hr \/>\n<h3 style=\"text-align: center;\"><strong>Merci pour leur soutien !<\/strong><\/h3>\n<table border=\"0\" cellspacing=\"50\" cellpadding=\"20\" align=\"center\">\n<tbody>\n<tr>\n<td><\/td>\n<td><\/td>\n<td><\/td>\n<\/tr>\n<tr>\n<td><\/td>\n<td><\/td>\n<td><\/td>\n<td><\/td>\n<\/tr>\n<tr>\n<td><\/td>\n<td><\/td>\n<td><\/td>\n<td><\/td>\n<\/tr>\n<tr>\n<td><\/td>\n<td><\/td>\n<td><\/td>\n<td><\/td>\n<\/tr>\n<\/tbody>\n<\/table>\n","protected":false},"excerpt":{"rendered":"<p>Depuis 2002, le Festival a enregistr\u00e9 chaque ann\u00e9e pr\u00e8s de 2500 entr\u00e9es pour assister aux s\u00e9ances de projections de longs et courts m\u00e9trages. Le public (les publics !), s\u00e9duit(s) par la vari\u00e9t\u00e9 g\u00e9ographique et culturelle des \u0153uvres projet\u00e9es, s\u2019est montr\u00e9 enthousiaste et \u00e0 fait preuve d\u2019une fid\u00e9lit\u00e9 sans cesse renouvel\u00e9e. En plus des nombreux retours &hellip; <a class=\"readmore\" href=\"https:\/\/www.vuesdenface.com\/web\/partenaires\/\">Continuer la lecture &rarr;<\/a><\/p>\n","protected":false},"author":1,"featured_media":0,"parent":0,"menu_order":0,"comment_status":"closed","ping_status":"closed","template":"","meta":{"footnotes":""},"class_list":["post-648","page","type-page","status-publish","hentry"],"_links":{"self":[{"href":"https:\/\/www.vuesdenface.com\/web\/wp-json\/wp\/v2\/pages\/648","targetHints":{"allow":["GET"]}}],"collection":[{"href":"https:\/\/www.vuesdenface.com\/web\/wp-json\/wp\/v2\/pages"}],"about":[{"href":"https:\/\/www.vuesdenface.com\/web\/wp-json\/wp\/v2\/types\/page"}],"author":[{"embeddable":true,"href":"https:\/\/www.vuesdenface.com\/web\/wp-json\/wp\/v2\/users\/1"}],"replies":[{"embeddable":true,"href":"https:\/\/www.vuesdenface.com\/web\/wp-json\/wp\/v2\/comments?post=648"}],"version-history":[{"count":10,"href":"https:\/\/www.vuesdenface.com\/web\/wp-json\/wp\/v2\/pages\/648\/revisions"}],"predecessor-version":[{"id":15855,"href":"https:\/\/www.vuesdenface.com\/web\/wp-json\/wp\/v2\/pages\/648\/revisions\/15855"}],"wp:attachment":[{"href":"https:\/\/www.vuesdenface.com\/web\/wp-json\/wp\/v2\/media?parent=648"}],"curies":[{"name":"wp","href":"https:\/\/api.w.org\/{rel}","templated":true}]}}