{"id":6720,"date":"2015-01-29T20:52:24","date_gmt":"2015-01-29T19:52:24","guid":{"rendered":"http:\/\/www.vuesdenface.com\/web\/?page_id=6720"},"modified":"2024-10-03T23:20:46","modified_gmt":"2024-10-03T22:20:46","slug":"documents-edition-14","status":"publish","type":"page","link":"https:\/\/www.vuesdenface.com\/web\/edition\/edition-14\/documents-edition-14\/","title":{"rendered":"Documents"},"content":{"rendered":"<p>Vous trouverez ci-dessous les liens pour t\u00e9l\u00e9charger les divers documents relatifs \u00e0 l&rsquo;\u00e9dition 14 du festival Vues d&rsquo;en face.<br \/>\n\n","protected":false},"excerpt":{"rendered":"<p>Vous trouverez ci-dessous les liens pour t\u00e9l\u00e9charger les divers documents relatifs \u00e0 l&rsquo;\u00e9dition 14 du festival Vues d&rsquo;en face.<\/p>\n","protected":false},"author":1,"featured_media":0,"parent":4749,"menu_order":10,"comment_status":"closed","ping_status":"closed","template":"","meta":{"footnotes":""},"class_list":["post-6720","page","type-page","status-publish","hentry","numero_edition-edition-14"],"_links":{"self":[{"href":"https:\/\/www.vuesdenface.com\/web\/wp-json\/wp\/v2\/pages\/6720","targetHints":{"allow":["GET"]}}],"collection":[{"href":"https:\/\/www.vuesdenface.com\/web\/wp-json\/wp\/v2\/pages"}],"about":[{"href":"https:\/\/www.vuesdenface.com\/web\/wp-json\/wp\/v2\/types\/page"}],"author":[{"embeddable":true,"href":"https:\/\/www.vuesdenface.com\/web\/wp-json\/wp\/v2\/users\/1"}],"replies":[{"embeddable":true,"href":"https:\/\/www.vuesdenface.com\/web\/wp-json\/wp\/v2\/comments?post=6720"}],"version-history":[{"count":4,"href":"https:\/\/www.vuesdenface.com\/web\/wp-json\/wp\/v2\/pages\/6720\/revisions"}],"predecessor-version":[{"id":15742,"href":"https:\/\/www.vuesdenface.com\/web\/wp-json\/wp\/v2\/pages\/6720\/revisions\/15742"}],"up":[{"embeddable":true,"href":"https:\/\/www.vuesdenface.com\/web\/wp-json\/wp\/v2\/pages\/4749"}],"wp:attachment":[{"href":"https:\/\/www.vuesdenface.com\/web\/wp-json\/wp\/v2\/media?parent=6720"}],"curies":[{"name":"wp","href":"https:\/\/api.w.org\/{rel}","templated":true}]}}