{"id":7232,"date":"2015-02-22T11:09:07","date_gmt":"2015-02-22T10:09:07","guid":{"rendered":"http:\/\/www.vuesdenface.com\/web\/?page_id=7232"},"modified":"2024-10-03T23:21:46","modified_gmt":"2024-10-03T22:21:46","slug":"documents-edition-2","status":"publish","type":"page","link":"https:\/\/www.vuesdenface.com\/web\/edition\/edition-2\/documents-edition-2\/","title":{"rendered":"Documents"},"content":{"rendered":"<p>Vous trouverez ci-dessous les liens pour t\u00e9l\u00e9charger les divers document relatif \u00e0 la deuxi\u00e8me \u00e9dition du festival Vues d&rsquo;en face.<\/p>\n\n","protected":false},"excerpt":{"rendered":"<p>Vous trouverez ci-dessous les liens pour t\u00e9l\u00e9charger les divers document relatif \u00e0 la deuxi\u00e8me \u00e9dition du festival Vues d&rsquo;en face.<\/p>\n","protected":false},"author":1,"featured_media":0,"parent":6835,"menu_order":2,"comment_status":"closed","ping_status":"closed","template":"","meta":{"footnotes":""},"class_list":["post-7232","page","type-page","status-publish","hentry"],"_links":{"self":[{"href":"https:\/\/www.vuesdenface.com\/web\/wp-json\/wp\/v2\/pages\/7232","targetHints":{"allow":["GET"]}}],"collection":[{"href":"https:\/\/www.vuesdenface.com\/web\/wp-json\/wp\/v2\/pages"}],"about":[{"href":"https:\/\/www.vuesdenface.com\/web\/wp-json\/wp\/v2\/types\/page"}],"author":[{"embeddable":true,"href":"https:\/\/www.vuesdenface.com\/web\/wp-json\/wp\/v2\/users\/1"}],"replies":[{"embeddable":true,"href":"https:\/\/www.vuesdenface.com\/web\/wp-json\/wp\/v2\/comments?post=7232"}],"version-history":[{"count":2,"href":"https:\/\/www.vuesdenface.com\/web\/wp-json\/wp\/v2\/pages\/7232\/revisions"}],"predecessor-version":[{"id":15720,"href":"https:\/\/www.vuesdenface.com\/web\/wp-json\/wp\/v2\/pages\/7232\/revisions\/15720"}],"up":[{"embeddable":true,"href":"https:\/\/www.vuesdenface.com\/web\/wp-json\/wp\/v2\/pages\/6835"}],"wp:attachment":[{"href":"https:\/\/www.vuesdenface.com\/web\/wp-json\/wp\/v2\/media?parent=7232"}],"curies":[{"name":"wp","href":"https:\/\/api.w.org\/{rel}","templated":true}]}}