{"id":874,"date":"2013-11-09T22:24:50","date_gmt":"2013-11-09T21:24:50","guid":{"rendered":"http:\/\/www.vagalam.net\/?page_id=874"},"modified":"2013-11-09T22:24:50","modified_gmt":"2013-11-09T21:24:50","slug":"dedicace","status":"publish","type":"page","link":"https:\/\/www.vuesdenface.com\/web\/edition\/edition-12\/dedicace\/","title":{"rendered":"D\u00e9dicace"},"content":{"rendered":"<h4>Les Chroniques Mauves &#8211; 13 et 14 avril 2013<\/h4>\n<div id=\"block-system-main\"><strong>Catherine Feunteun<\/strong>, sc\u00e9nariste du projet Les Chroniques Mauves sera pr\u00e9sente les <strong>13 et 14 avril 2013<\/strong> pour les s\u00e9ances de d\u00e9dicace.<\/div>\n<div>&nbsp;<\/div>\n<div><em><span>Site internet : <a title=\"SiteLes chroniques mauves\" href=\"http:\/\/www.leschroniquesmauves.com\" target=\"_blank\"><span>http:\/\/www.leschroniquesmauves.com<\/span><\/a><\/span><\/em><\/div>\n<div>&nbsp;<\/div>\n<div><a href=\"http:\/\/www.vagalam.net\/wp-content\/uploads\/2013\/11\/chronique-mauve-2013.jpg\" rel=\"lightbox[2]\"><img loading=\"lazy\" decoding=\"async\" class=\"alignnone size-full wp-image-1009\" alt=\"chronique-mauve-2013\" src=\"http:\/\/www.vagalam.net\/wp-content\/uploads\/2013\/11\/chronique-mauve-2013.jpg\" width=\"450\" height=\"324\" \/><\/a><\/div>\n<div>&nbsp;<\/div>\n<div>Pr\u00e9sentation vid\u00e9o de la Bande Dessin\u00e9e :<\/div>\n<div>&nbsp;<\/div>\n<div><iframe loading=\"lazy\" src=\"\/\/www.youtube.com\/embed\/L1uRfWwPVIY\" height=\"315\" width=\"560\" allowfullscreen=\"\" frameborder=\"0\"><\/iframe><\/div>\n<div>&nbsp;<\/div>\n","protected":false},"excerpt":{"rendered":"<p>Les Chroniques Mauves &#8211; 13 et 14 avril 2013 Catherine Feunteun, sc\u00e9nariste du projet Les Chroniques Mauves sera pr\u00e9sente les 13 et 14 avril 2013 pour les s\u00e9ances de d\u00e9dicace. &nbsp; Site internet : http:\/\/www.leschroniquesmauves.com &nbsp; &nbsp; Pr\u00e9sentation vid\u00e9o de la Bande Dessin\u00e9e : &nbsp; &nbsp;<\/p>\n","protected":false},"author":1,"featured_media":0,"parent":859,"menu_order":18,"comment_status":"closed","ping_status":"closed","template":"","meta":{"footnotes":""},"class_list":["post-874","page","type-page","status-publish","hentry","numero_edition-edition-12"],"_links":{"self":[{"href":"https:\/\/www.vuesdenface.com\/web\/wp-json\/wp\/v2\/pages\/874","targetHints":{"allow":["GET"]}}],"collection":[{"href":"https:\/\/www.vuesdenface.com\/web\/wp-json\/wp\/v2\/pages"}],"about":[{"href":"https:\/\/www.vuesdenface.com\/web\/wp-json\/wp\/v2\/types\/page"}],"author":[{"embeddable":true,"href":"https:\/\/www.vuesdenface.com\/web\/wp-json\/wp\/v2\/users\/1"}],"replies":[{"embeddable":true,"href":"https:\/\/www.vuesdenface.com\/web\/wp-json\/wp\/v2\/comments?post=874"}],"version-history":[{"count":1,"href":"https:\/\/www.vuesdenface.com\/web\/wp-json\/wp\/v2\/pages\/874\/revisions"}],"predecessor-version":[{"id":2081,"href":"https:\/\/www.vuesdenface.com\/web\/wp-json\/wp\/v2\/pages\/874\/revisions\/2081"}],"up":[{"embeddable":true,"href":"https:\/\/www.vuesdenface.com\/web\/wp-json\/wp\/v2\/pages\/859"}],"wp:attachment":[{"href":"https:\/\/www.vuesdenface.com\/web\/wp-json\/wp\/v2\/media?parent=874"}],"curies":[{"name":"wp","href":"https:\/\/api.w.org\/{rel}","templated":true}]}}

Dédicace

<h4>Les Chroniques Mauves &#8211; 13 et 14 avril 2013</h4>
<div id="block-system-main"><strong>Catherine Feunteun</strong>, scénariste du projet Les Chroniques Mauves sera présente les <strong>13 et 14 avril 2013</strong> pour les séances de dédicace.</div>
<div>&nbsp;</div>
<div><em><span>Site internet : <a title="SiteLes chroniques mauves" href="http://www.leschroniquesmauves.com" target="_blank"><span>http://www.leschroniquesmauves.com</span></a></span></em></div>
<div>&nbsp;</div>
<div><a href="http://www.vagalam.net/wp-content/uploads/2013/11/chronique-mauve-2013.jpg" rel="lightbox[2]"><img loading="lazy" decoding="async" class="alignnone size-full wp-image-1009" alt="chronique-mauve-2013" src="http://www.vagalam.net/wp-content/uploads/2013/11/chronique-mauve-2013.jpg" width="450" height="324" /></a></div>
<div>&nbsp;</div>
<div>Présentation vidéo de la Bande Dessinée :</div>
<div>&nbsp;</div>
<div><iframe loading="lazy" src="//www.youtube.com/embed/L1uRfWwPVIY" height="315" width="560" allowfullscreen="" frameborder="0"></iframe></div>
<div>&nbsp;</div>

<p>Les Chroniques Mauves &#8211; 13 et 14 avril 2013 Catherine Feunteun, scénariste du projet Les Chroniques Mauves sera présente les 13 et 14 avril 2013 pour les séances de dédicace. &nbsp; Site internet : http://www.leschroniquesmauves.com &nbsp; &nbsp; Présentation vidéo de la Bande Dessinée : &nbsp; &nbsp;</p>
