{"id":878,"date":"2013-11-09T22:34:26","date_gmt":"2013-11-09T21:34:26","guid":{"rendered":"http:\/\/www.vagalam.net\/?page_id=878"},"modified":"2014-03-07T22:33:15","modified_gmt":"2014-03-07T21:33:15","slug":"soiree-de-cloture","status":"publish","type":"page","link":"https:\/\/www.vuesdenface.com\/web\/edition\/edition-12\/soiree-de-cloture\/","title":{"rendered":"Soir\u00e9e de Cl\u00f4ture"},"content":{"rendered":"<h4>Soir\u00e9e de Cl\u00f4ture &#8211; samedi 20 avril 2013 de 23h \u00e0 5h<\/h4>\n<p>Le Festival International du Film Gay et Lesbien de Grenoble et le <strong>Drak-Art<\/strong> pr\u00e9sentent la soir\u00e9e de cl\u00f4ture de Vues d&rsquo;en Face<\/p>\n<p><strong>Samedi 20 avril &#8211; 23h &#8211; 5h<\/strong><br \/>\nLe Drak-Art, 163 cours Berriat, Grenoble<br \/>\nPAF : 3\/6 euros<\/p>\n<div><\/div>\n<div> <strong>Villeneuve &amp; guests<br \/>\n<\/strong>Villeneuve est un m\u00e9langeur sonore. Ses sets musicaux se r\u00e9sument en deux mots : honneur et famille.<\/div>\n<p><strong>FRISSON<\/strong><br \/>\nLes mixs \u00e9clectiques de FRISSON servent un double objectif : faire danser bien s\u00fbr, mais aussi cr\u00e9er une exp\u00e9rience collective ou DJ et public ne font qu&rsquo;un.<\/p>\n<p><strong>RDV<\/strong><br \/>\nRDV est un collectif qui exp\u00e9rimente les possibilit\u00e9s offertes par l&rsquo;image, le son \u00e0 travers de micro-architectures \u00e9ph\u00e9m\u00e8res vou\u00e9es \u00e0 cr\u00e9er le rassemblement par l&rsquo;\u00e9v\u00e9nement.<\/p>\n<div><\/div>\n<div>\n<div id=\"attachment_1865\" style=\"width: 652px\" class=\"wp-caption aligncenter\"><a href=\"http:\/\/www.vuesdenface.com\/web\/wp-content\/uploads\/2013\/12\/flyer-soiree-edition-12.png\"><img loading=\"lazy\" decoding=\"async\" aria-describedby=\"caption-attachment-1865\" class=\"size-large wp-image-1865\" alt=\"Flyer soir\u00e9e \u00e9dition 12\" src=\"http:\/\/www.vuesdenface.com\/web\/wp-content\/uploads\/2013\/12\/flyer-soiree-edition-12-683x1024.png\" width=\"642\" height=\"962\" srcset=\"https:\/\/www.vuesdenface.com\/web\/wp-content\/uploads\/2013\/12\/flyer-soiree-edition-12-683x1024.png 683w, https:\/\/www.vuesdenface.com\/web\/wp-content\/uploads\/2013\/12\/flyer-soiree-edition-12-210x315.png 210w, https:\/\/www.vuesdenface.com\/web\/wp-content\/uploads\/2013\/12\/flyer-soiree-edition-12-200x300.png 200w, https:\/\/www.vuesdenface.com\/web\/wp-content\/uploads\/2013\/12\/flyer-soiree-edition-12-140x210.png 140w, https:\/\/www.vuesdenface.com\/web\/wp-content\/uploads\/2013\/12\/flyer-soiree-edition-12.png 1182w\" sizes=\"auto, (max-width: 642px) 100vw, 642px\" \/><\/a><p id=\"caption-attachment-1865\" class=\"wp-caption-text\">Flyer soir\u00e9e \u00e9dition 12<\/p><\/div>\n<\/div>\n<div><\/div>\n<p>&nbsp;<\/p>\n<div><\/div>\n","protected":false},"excerpt":{"rendered":"<p>Soir\u00e9e de Cl\u00f4ture &#8211; samedi 20 avril 2013 de 23h \u00e0 5h Le Festival International du Film Gay et Lesbien de Grenoble et le Drak-Art pr\u00e9sentent la soir\u00e9e de cl\u00f4ture de Vues d&rsquo;en Face Samedi 20 avril &#8211; 23h &#8211; 5h Le Drak-Art, 163 cours Berriat, Grenoble PAF : 3\/6 euros Villeneuve &amp; guests Villeneuve &hellip; <a class=\"readmore\" href=\"https:\/\/www.vuesdenface.com\/web\/edition\/edition-12\/soiree-de-cloture\/\">Continuer la lecture &rarr;<\/a><\/p>\n","protected":false},"author":1,"featured_media":0,"parent":859,"menu_order":20,"comment_status":"closed","ping_status":"closed","template":"","meta":{"footnotes":""},"class_list":["post-878","page","type-page","status-publish","hentry","numero_edition-edition-12"],"_links":{"self":[{"href":"https:\/\/www.vuesdenface.com\/web\/wp-json\/wp\/v2\/pages\/878","targetHints":{"allow":["GET"]}}],"collection":[{"href":"https:\/\/www.vuesdenface.com\/web\/wp-json\/wp\/v2\/pages"}],"about":[{"href":"https:\/\/www.vuesdenface.com\/web\/wp-json\/wp\/v2\/types\/page"}],"author":[{"embeddable":true,"href":"https:\/\/www.vuesdenface.com\/web\/wp-json\/wp\/v2\/users\/1"}],"replies":[{"embeddable":true,"href":"https:\/\/www.vuesdenface.com\/web\/wp-json\/wp\/v2\/comments?post=878"}],"version-history":[{"count":2,"href":"https:\/\/www.vuesdenface.com\/web\/wp-json\/wp\/v2\/pages\/878\/revisions"}],"predecessor-version":[{"id":2086,"href":"https:\/\/www.vuesdenface.com\/web\/wp-json\/wp\/v2\/pages\/878\/revisions\/2086"}],"up":[{"embeddable":true,"href":"https:\/\/www.vuesdenface.com\/web\/wp-json\/wp\/v2\/pages\/859"}],"wp:attachment":[{"href":"https:\/\/www.vuesdenface.com\/web\/wp-json\/wp\/v2\/media?parent=878"}],"curies":[{"name":"wp","href":"https:\/\/api.w.org\/{rel}","templated":true}]}}

Soirée de Clôture

<h4>Soirée de Clôture &#8211; samedi 20 avril 2013 de 23h à 5h</h4>
<p>Le Festival International du Film Gay et Lesbien de Grenoble et le <strong>Drak-Art</strong> présentent la soirée de clôture de Vues d&rsquo;en Face</p>
<p><strong>Samedi 20 avril &#8211; 23h &#8211; 5h</strong><br />
Le Drak-Art, 163 cours Berriat, Grenoble<br />
PAF : 3/6 euros</p>
<div></div>
<div> <strong>Villeneuve &amp; guests<br />
</strong>Villeneuve est un mélangeur sonore. Ses sets musicaux se résument en deux mots : honneur et famille.</div>
<p><strong>FRISSON</strong><br />
Les mixs éclectiques de FRISSON servent un double objectif : faire danser bien sûr, mais aussi créer une expérience collective ou DJ et public ne font qu&rsquo;un.</p>
<p><strong>RDV</strong><br />
RDV est un collectif qui expérimente les possibilités offertes par l&rsquo;image, le son à travers de micro-architectures éphémères vouées à créer le rassemblement par l&rsquo;événement.</p>
<div></div>
<div>
<div id="attachment_1865" style="width: 652px" class="wp-caption aligncenter"><a href="http://www.vuesdenface.com/web/wp-content/uploads/2013/12/flyer-soiree-edition-12.png"><img loading="lazy" decoding="async" aria-describedby="caption-attachment-1865" class="size-large wp-image-1865" alt="Flyer soirée édition 12" src="http://www.vuesdenface.com/web/wp-content/uploads/2013/12/flyer-soiree-edition-12-683x1024.png" width="642" height="962" srcset="https://www.vuesdenface.com/web/wp-content/uploads/2013/12/flyer-soiree-edition-12-683x1024.png 683w, https://www.vuesdenface.com/web/wp-content/uploads/2013/12/flyer-soiree-edition-12-210x315.png 210w, https://www.vuesdenface.com/web/wp-content/uploads/2013/12/flyer-soiree-edition-12-200x300.png 200w, https://www.vuesdenface.com/web/wp-content/uploads/2013/12/flyer-soiree-edition-12-140x210.png 140w, https://www.vuesdenface.com/web/wp-content/uploads/2013/12/flyer-soiree-edition-12.png 1182w" sizes="auto, (max-width: 642px) 100vw, 642px" /></a><p id="caption-attachment-1865" class="wp-caption-text">Flyer soirée édition 12</p></div>
</div>
<div></div>
<p>&nbsp;</p>
<div></div>

<p>Soirée de Clôture &#8211; samedi 20 avril 2013 de 23h à 5h Le Festival International du Film Gay et Lesbien de Grenoble et le Drak-Art présentent la soirée de clôture de Vues d&rsquo;en Face Samedi 20 avril &#8211; 23h &#8211; 5h Le Drak-Art, 163 cours Berriat, Grenoble PAF : 3/6 euros Villeneuve &amp; guests Villeneuve &hellip; <a class="readmore" href="https://www.vuesdenface.com/web/edition/edition-12/soiree-de-cloture/">Continuer la lecture &rarr;</a></p>
