{"id":8935,"date":"2016-02-20T08:03:09","date_gmt":"2016-02-20T07:03:09","guid":{"rendered":"http:\/\/www.vuesdenface.com\/web\/?page_id=8935"},"modified":"2024-10-03T23:21:21","modified_gmt":"2024-10-03T22:21:21","slug":"documents-edition-16","status":"publish","type":"page","link":"https:\/\/www.vuesdenface.com\/web\/edition\/edition-16\/documents-edition-16\/","title":{"rendered":"Documents"},"content":{"rendered":"<p>Vous trouverez ci-dessous les liens pour t\u00e9l\u00e9charger les divers documents relatifs \u00e0 l&rsquo;\u00e9dition 16 du festival Vues d&rsquo;en face.<br \/>\n\n","protected":false},"excerpt":{"rendered":"<p>Vous trouverez ci-dessous les liens pour t\u00e9l\u00e9charger les divers documents relatifs \u00e0 l&rsquo;\u00e9dition 16 du festival Vues d&rsquo;en face.<\/p>\n","protected":false},"author":1,"featured_media":0,"parent":8934,"menu_order":50,"comment_status":"closed","ping_status":"closed","template":"","meta":{"footnotes":""},"class_list":["post-8935","page","type-page","status-publish","hentry"],"_links":{"self":[{"href":"https:\/\/www.vuesdenface.com\/web\/wp-json\/wp\/v2\/pages\/8935","targetHints":{"allow":["GET"]}}],"collection":[{"href":"https:\/\/www.vuesdenface.com\/web\/wp-json\/wp\/v2\/pages"}],"about":[{"href":"https:\/\/www.vuesdenface.com\/web\/wp-json\/wp\/v2\/types\/page"}],"author":[{"embeddable":true,"href":"https:\/\/www.vuesdenface.com\/web\/wp-json\/wp\/v2\/users\/1"}],"replies":[{"embeddable":true,"href":"https:\/\/www.vuesdenface.com\/web\/wp-json\/wp\/v2\/comments?post=8935"}],"version-history":[{"count":5,"href":"https:\/\/www.vuesdenface.com\/web\/wp-json\/wp\/v2\/pages\/8935\/revisions"}],"predecessor-version":[{"id":15745,"href":"https:\/\/www.vuesdenface.com\/web\/wp-json\/wp\/v2\/pages\/8935\/revisions\/15745"}],"up":[{"embeddable":true,"href":"https:\/\/www.vuesdenface.com\/web\/wp-json\/wp\/v2\/pages\/8934"}],"wp:attachment":[{"href":"https:\/\/www.vuesdenface.com\/web\/wp-json\/wp\/v2\/media?parent=8935"}],"curies":[{"name":"wp","href":"https:\/\/api.w.org\/{rel}","templated":true}]}}